-- https://www.phpmyadmin.net/
--

START TRANSACTION;



--
-- Database: `topland`
--

-- --------------------------------------------------------

--
-- Table structure for table `about_us`
--

CREATE TABLE IF NOT EXISTS `about_us` (
  `id` bigint UNSIGNED NOT NULL AUTO_INCREMENT,
  `about_us` longtext CHARACTER SET utf8mb4 COLLATE utf8mb4_unicode_ci NOT NULL,
  `image` varchar(255) CHARACTER SET utf8mb4 COLLATE utf8mb4_unicode_ci NOT NULL,
  `status` tinyint DEFAULT NULL,
  `created_at` timestamp NULL DEFAULT NULL,
  `updated_at` timestamp NULL DEFAULT NULL,
  `service` text CHARACTER SET utf8mb4 COLLATE utf8mb4_unicode_ci,
  `team_title` varchar(255) CHARACTER SET utf8mb4 COLLATE utf8mb4_unicode_ci DEFAULT NULL,
  `team_description` text CHARACTER SET utf8mb4 COLLATE utf8mb4_unicode_ci,
  `history` text CHARACTER SET utf8mb4 COLLATE utf8mb4_unicode_ci,
  `team_visibility` int NOT NULL DEFAULT '1',
  PRIMARY KEY (`id`)
) ENGINE=InnoDB AUTO_INCREMENT=2 DEFAULT CHARSET=utf8mb4 COLLATE=utf8mb4_unicode_ci;

--
-- Dumping data for table `about_us`
--

INSERT INTO `about_us` (`id`, `about_us`, `image`, `status`, `created_at`, `updated_at`, `service`, `team_title`, `team_description`, `history`, `team_visibility`) VALUES
(1, '<p>Lorem ipsum dolor sit amet, consectetur adipisicing elit, sed do por incididunt ut labore et dolore magna aliqua. Ut enim ad minim iam, qstrud exercitation ullamco laboris nisi ut aliquip ex ea commodo consequat. Duis aute irure dolor in reprehenderit in voluptate velit esse cillum dolore eu fugiat nulla pariatur. Lorem ipsum dolor sit amet, consectetur adipisicing elit, sed do por incididunt ut labore et dolore magna aliqua. Ut enim ad minim iam, qstrud exercitation ullamco laboris nisi ut aliquip ex ea commodo consequat.</p>\r\n\r\n<p>dolore magna aliqua. Ut enim ad minim iam, qstrud exercitation ullamco laboris nisi ut aliquip ex ea commodo consequat. Duis aute irure dolor in reprehenderit in voluptate velit</p>', 'uploads/custom-images/about-us-2022-10-25-11-52-25-2319.jpg', NULL, '2022-09-20 08:21:31', '2022-11-01 06:45:50', '<p>Pri tempor appareat no, eruditi repudiandae vix at. Eos at brute omnesque voluptaria, facer putent intellegam eu pri. Mei debitis ullamcorper eu, at quo idque mundi. Vis in suas porro consequat, nec ad dolor adversarium, ut praesent cotidieque sit. Veniam civibus omittantur duo ut, te his alterum complectitur. Mea omnis oratio impedit ne.</p>\r\n\r\n<p>In vim natum soleat nostro, pri in eloquentiam contentiones. Eu sit sapientem reprehendunt, omnis aliquid eu eos. No quot illum veniam est, ne pro iudico saperet mnesarchum. Ea pri nostro disputando contentiones, eu nec menandri qualisque, vis ex equidem invidunt. Et accusam detracto splendide per, congue meliore id sea. Has eu aeterno patrioque expetendis, mel ei dissentiet reformidans.<br>\r\n&nbsp;</p>', 'Our Team', 'Lorem Ipsum is simply dummy text of the printing and typesetting industry.', '<p>Id est maiorum volutpat, ad nominavi suscipit suscipiantur vix. Ut ius veri aperiam reprehendunt. Ut per unum sapientem consequuntur, usu ut quot scripta. Sea te nisl expetenda, ad quo congue argumentum, sit quis simul accusam cu. Usu ei perfecto repudiare tincidunt, ut quas malis erant vim. An mel vidit iudicabit.</p>\r\n\r\n<p>Appetere fabellas ius te. Nonumes splendide deseruisse ea vis, alii velit vel eu. Eos ut scaevola platonem rationibus. Vis natum vivendo sententiae in, ea aperiam apeirian pri, in partem eleifend quo. Pro ex nobis utinam, nam et vidit numquam fastidii, ne per munere adolescens.</p>', 1);

-- --------------------------------------------------------

--
-- Table structure for table `about_us_translations`
--

CREATE TABLE IF NOT EXISTS `about_us_translations` (
  `id` bigint UNSIGNED NOT NULL AUTO_INCREMENT,
  `about_us_id` bigint UNSIGNED NOT NULL,
  `language_code` varchar(255) CHARACTER SET utf8mb4 COLLATE utf8mb4_unicode_ci NOT NULL,
  `about_us` longtext CHARACTER SET utf8mb4 COLLATE utf8mb4_unicode_ci,
  `service` text CHARACTER SET utf8mb4 COLLATE utf8mb4_unicode_ci,
  `team_title` varchar(255) CHARACTER SET utf8mb4 COLLATE utf8mb4_unicode_ci DEFAULT NULL,
  `team_description` text CHARACTER SET utf8mb4 COLLATE utf8mb4_unicode_ci,
  `history` text CHARACTER SET utf8mb4 COLLATE utf8mb4_unicode_ci,
  `created_at` timestamp NULL DEFAULT NULL,
  `updated_at` timestamp NULL DEFAULT NULL,
  PRIMARY KEY (`id`)
) ENGINE=InnoDB AUTO_INCREMENT=4 DEFAULT CHARSET=utf8mb4 COLLATE=utf8mb4_unicode_ci;

--
-- Dumping data for table `about_us_translations`
--

INSERT INTO `about_us_translations` (`id`, `about_us_id`, `language_code`, `about_us`, `service`, `team_title`, `team_description`, `history`, `created_at`, `updated_at`) VALUES
(1, 1, 'en', '<p>Lorem ipsum dolor sit amet, consectetur adipisicing elit, sed do por incididunt ut labore et dolore magna aliqua. Ut enim ad minim iam, qstrud exercitation ullamco laboris nisi ut aliquip ex ea commodo consequat. Duis aute irure dolor in reprehenderit in voluptate velit esse cillum dolore eu fugiat nulla pariatur. Lorem ipsum dolor sit amet, consectetur adipisicing elit, sed do por incididunt ut labore et dolore magna aliqua. Ut enim ad minim iam, qstrud exercitation ullamco laboris nisi ut aliquip ex ea commodo consequat.</p>\r\n\r\n<p>dolore magna aliqua. Ut enim ad minim iam, qstrud exercitation ullamco laboris nisi ut aliquip ex ea commodo consequat. Duis aute irure dolor in reprehenderit in voluptate velit</p>', '<p>Pri tempor appareat no, eruditi repudiandae vix at. Eos at brute omnesque voluptaria, facer putent intellegam eu pri. Mei debitis ullamcorper eu, at quo idque mundi. Vis in suas porro consequat, nec ad dolor adversarium, ut praesent cotidieque sit. Veniam civibus omittantur duo ut, te his alterum complectitur. Mea omnis oratio impedit ne.</p>\r\n\r\n<p>In vim natum soleat nostro, pri in eloquentiam contentiones. Eu sit sapientem reprehendunt, omnis aliquid eu eos. No quot illum veniam est, ne pro iudico saperet mnesarchum. Ea pri nostro disputando contentiones, eu nec menandri qualisque, vis ex equidem invidunt. Et accusam detracto splendide per, congue meliore id sea. Has eu aeterno patrioque expetendis, mel ei dissentiet reformidans.<br>\r\n&nbsp;</p>', 'Our Team', 'Lorem Ipsum is simply dummy text of the printing and typesetting industry.', '<p>Id est maiorum volutpat, ad nominavi suscipit suscipiantur vix. Ut ius veri aperiam reprehendunt. Ut per unum sapientem consequuntur, usu ut quot scripta. Sea te nisl expetenda, ad quo congue argumentum, sit quis simul accusam cu. Usu ei perfecto repudiare tincidunt, ut quas malis erant vim. An mel vidit iudicabit.</p>\r\n\r\n<p>Appetere fabellas ius te. Nonumes splendide deseruisse ea vis, alii velit vel eu. Eos ut scaevola platonem rationibus. Vis natum vivendo sententiae in, ea aperiam apeirian pri, in partem eleifend quo. Pro ex nobis utinam, nam et vidit numquam fastidii, ne per munere adolescens.</p>', '2023-10-21 10:37:07', '2023-10-21 10:37:07'),
(2, 1, 'bn', '<p>Lorem ipsum dolor sit amet, consectetur adipisicing elit, sed do por incididunt ut labore et dolore magna aliqua. Ut enim ad minim iam, qstrud exercitation ullamco laboris nisi ut aliquip ex ea commodo consequat. Duis aute irure dolor in reprehenderit in voluptate velit esse cillum dolore eu fugiat nulla pariatur. Lorem ipsum dolor sit amet, consectetur adipisicing elit, sed do por incididunt ut labore et dolore magna aliqua. Ut enim ad minim iam, qstrud exercitation ullamco laboris nisi ut aliquip ex ea commodo consequat.</p>\r\n\r\n<p>dolore magna aliqua. Ut enim ad minim iam, qstrud exercitation ullamco laboris nisi ut aliquip ex ea commodo consequat. Duis aute irure dolor in reprehenderit in voluptate velit</p>', '<p>Pri tempor appareat no, eruditi repudiandae vix at. Eos at brute omnesque voluptaria, facer putent intellegam eu pri. Mei debitis ullamcorper eu, at quo idque mundi. Vis in suas porro consequat, nec ad dolor adversarium, ut praesent cotidieque sit. Veniam civibus omittantur duo ut, te his alterum complectitur. Mea omnis oratio impedit ne.</p>\r\n\r\n<p>In vim natum soleat nostro, pri in eloquentiam contentiones. Eu sit sapientem reprehendunt, omnis aliquid eu eos. No quot illum veniam est, ne pro iudico saperet mnesarchum. Ea pri nostro disputando contentiones, eu nec menandri qualisque, vis ex equidem invidunt. Et accusam detracto splendide per, congue meliore id sea. Has eu aeterno patrioque expetendis, mel ei dissentiet reformidans.<br>\r\n&nbsp;</p>', 'আমাদের টিম', 'আমাদের টিম সম্পর্কে বিস্তারিত', '<p>Id est maiorum volutpat, ad nominavi suscipit suscipiantur vix. Ut ius veri aperiam reprehendunt. Ut per unum sapientem consequuntur, usu ut quot scripta. Sea te nisl expetenda, ad quo congue argumentum, sit quis simul accusam cu. Usu ei perfecto repudiare tincidunt, ut quas malis erant vim. An mel vidit iudicabit.</p>\r\n\r\n<p>Appetere fabellas ius te. Nonumes splendide deseruisse ea vis, alii velit vel eu. Eos ut scaevola platonem rationibus. Vis natum vivendo sententiae in, ea aperiam apeirian pri, in partem eleifend quo. Pro ex nobis utinam, nam et vidit numquam fastidii, ne per munere adolescens.</p>', '2023-10-21 10:37:11', '2023-10-25 10:49:24'),
(3, 1, 'ar', NULL, NULL, 'فريقنا', 'لوريم إيبسوم هو ببساطة نص وهمي من صناعة الطباعة والتنضيد.', NULL, '2023-10-28 06:41:56', '2023-10-28 07:12:23');

-- --------------------------------------------------------

--
-- Table structure for table `advertisements`
--

CREATE TABLE IF NOT EXISTS `advertisements` (
  `id` bigint UNSIGNED NOT NULL AUTO_INCREMENT,
  `link` text CHARACTER SET utf8mb4 COLLATE utf8mb4_unicode_ci NOT NULL,
  `image` text CHARACTER SET utf8mb4 COLLATE utf8mb4_unicode_ci NOT NULL,
  `serial` int NOT NULL,
  `created_at` timestamp NULL DEFAULT NULL,
  `updated_at` timestamp NULL DEFAULT NULL,
  PRIMARY KEY (`id`)
) ENGINE=InnoDB AUTO_INCREMENT=3 DEFAULT CHARSET=utf8mb4 COLLATE=utf8mb4_unicode_ci;

--
-- Dumping data for table `advertisements`
--

INSERT INTO `advertisements` (`id`, `link`, `image`, `serial`, `created_at`, `updated_at`) VALUES
(1, 'link', 'uploads/custom-images/advertisement--2023-01-10-05-21-09-9201.png', 32, '2023-01-10 10:46:19', '2023-01-10 11:21:09'),
(2, 'link', 'uploads/custom-images/advertisement--2023-01-10-05-26-15-3014.png', 4, '2023-01-10 10:46:32', '2023-01-10 11:31:25');

-- --------------------------------------------------------

--
-- Table structure for table `aminities`
--

CREATE TABLE IF NOT EXISTS `aminities` (
  `id` bigint UNSIGNED NOT NULL AUTO_INCREMENT,
  `aminity` varchar(255) CHARACTER SET utf8mb4 COLLATE utf8mb4_unicode_ci NOT NULL,
  `slug` varchar(191) CHARACTER SET utf8mb4 COLLATE utf8mb4_unicode_ci NOT NULL,
  `status` tinyint NOT NULL,
  `created_at` timestamp NULL DEFAULT NULL,
  `updated_at` timestamp NULL DEFAULT NULL,
  PRIMARY KEY (`id`)
) ENGINE=InnoDB AUTO_INCREMENT=22 DEFAULT CHARSET=utf8mb4 COLLATE=utf8mb4_unicode_ci;

--
-- Dumping data for table `aminities`
--

INSERT INTO `aminities` (`id`, `aminity`, `slug`, `status`, `created_at`, `updated_at`) VALUES
(1, 'Good for kids', 'good-for-kids', 1, '2021-07-29 14:04:35', '2021-10-10 03:05:37'),
(2, 'Elevator in building', 'elevator-in-building', 1, '2021-07-29 14:05:00', '2021-07-29 14:05:00'),
(3, 'Bike Parking', 'bike-parking', 1, '2021-07-29 14:05:21', '2021-10-08 03:07:57'),
(4, 'Alcohol', 'alcohol', 1, '2021-07-29 14:06:36', '2021-07-29 14:06:36'),
(5, 'Reservations', 'reservations', 1, '2021-07-29 14:06:50', '2021-07-29 14:06:50'),
(6, 'Free coffee and tea', 'free-coffee-and-tea', 1, '2021-07-29 14:07:07', '2021-08-29 08:53:48'),
(7, 'Accepts Credit Cards', 'accepts-credit-cards', 1, '2021-07-29 14:07:24', '2021-07-29 14:07:24'),
(14, 'Air Condition', 'air-condition', 1, '2021-09-09 03:30:21', '2021-09-09 03:30:21'),
(15, 'Cable Tv', 'cable-tv', 1, '2021-09-09 03:30:27', '2021-09-09 03:30:27'),
(16, 'Balcony', 'balcony', 1, '2021-09-09 03:30:37', '2022-11-05 11:48:40');

-- --------------------------------------------------------

--
-- Table structure for table `aminity_translations`
--

CREATE TABLE IF NOT EXISTS `aminity_translations` (
  `id` bigint UNSIGNED NOT NULL AUTO_INCREMENT,
  `aminity_id` bigint UNSIGNED NOT NULL,
  `language_code` varchar(255) CHARACTER SET utf8mb4 COLLATE utf8mb4_unicode_ci NOT NULL,
  `aminity` varchar(255) CHARACTER SET utf8mb4 COLLATE utf8mb4_unicode_ci DEFAULT NULL,
  `created_at` timestamp NULL DEFAULT NULL,
  `updated_at` timestamp NULL DEFAULT NULL,
  PRIMARY KEY (`id`)
) ENGINE=InnoDB AUTO_INCREMENT=21 DEFAULT CHARSET=utf8mb4 COLLATE=utf8mb4_unicode_ci;

--
-- Dumping data for table `aminity_translations`
--

INSERT INTO `aminity_translations` (`id`, `aminity_id`, `language_code`, `aminity`, `created_at`, `updated_at`) VALUES
(1, 16, 'bn', 'ব্যালকনি', '2023-10-23 11:24:41', '2023-10-23 11:24:42'),
(2, 15, 'bn', 'ক্যাবল টিভি', '2023-10-23 11:25:01', '2023-10-23 11:25:02'),
(3, 7, 'bn', 'ক্রেডিট কার্ড গ্রহণ করে', '2023-10-23 11:25:05', '2023-10-23 11:25:05'),
(4, 14, 'bn', 'বায়ু শর্ত', '2023-10-23 11:25:08', '2023-10-23 11:25:08'),
(5, 6, 'bn', 'ফ্রি কফি এবং চা', '2023-10-23 11:25:11', '2023-10-23 11:25:11'),
(6, 5, 'bn', 'রিজার্ভেশন', '2023-10-23 11:25:14', '2023-10-23 11:25:15'),
(7, 4, 'bn', 'মদ', '2023-10-23 11:25:18', '2023-10-23 11:25:18'),
(8, 3, 'bn', 'বাইক পার্কিং', '2023-10-23 11:25:21', '2023-10-23 11:25:21'),
(9, 2, 'bn', 'ভবনে লিফট', '2023-10-23 11:25:25', '2023-10-23 11:25:25'),
(10, 1, 'bn', 'বাচ্চাদের জন্য ভাল', '2023-10-23 11:25:28', '2023-10-23 11:25:29'),
(11, 1, 'ar', 'جيد للأطفال', '2023-10-31 05:59:05', '2023-10-31 05:59:05'),
(12, 2, 'ar', 'مصعد في المبنى', '2023-10-31 05:59:19', '2023-10-31 05:59:19'),
(13, 16, 'ar', 'شرفة', '2023-10-31 05:59:21', '2023-10-31 05:59:22'),
(14, 15, 'ar', 'الكيبل التلفزيوني', '2023-10-31 05:59:25', '2023-10-31 05:59:26'),
(15, 14, 'ar', 'تكييف الهواء', '2023-10-31 05:59:28', '2023-10-31 05:59:30'),
(16, 7, 'ar', 'يقبل بطاقات الائتمان', '2023-10-31 05:59:32', '2023-10-31 05:59:33'),
(17, 6, 'ar', 'القهوة والشاي مجانا', '2023-10-31 05:59:35', '2023-10-31 05:59:36'),
(18, 5, 'ar', 'التحفظات', '2023-10-31 05:59:38', '2023-10-31 05:59:39'),
(19, 4, 'ar', 'الكحول', '2023-10-31 05:59:41', '2023-10-31 05:59:41'),
(20, 3, 'ar', 'مواقف الدراجات', '2023-10-31 05:59:44', '2023-10-31 05:59:44');

-- --------------------------------------------------------

--
-- Table structure for table `author_followers`
--

CREATE TABLE IF NOT EXISTS `author_followers` (
  `id` bigint UNSIGNED NOT NULL AUTO_INCREMENT,
  `following_author_id` int NOT NULL,
  `follow_author_id` int NOT NULL,
  `created_at` timestamp NULL DEFAULT NULL,
  `updated_at` timestamp NULL DEFAULT NULL,
  PRIMARY KEY (`id`)
) ENGINE=InnoDB AUTO_INCREMENT=14 DEFAULT CHARSET=utf8mb4 COLLATE=utf8mb4_unicode_ci;

--
-- Dumping data for table `author_followers`
--

INSERT INTO `author_followers` (`id`, `following_author_id`, `follow_author_id`, `created_at`, `updated_at`) VALUES
(1, 12, 2, NULL, NULL),
(2, 23, 2, NULL, NULL),
(3, 24, 2, NULL, NULL),
(4, 2, 23, NULL, NULL),
(5, 2, 53, NULL, NULL),
(12, 49, 23, '2023-01-08 07:15:50', '2023-01-08 07:15:50'),
(13, 49, 2, '2023-01-08 08:50:37', '2023-01-08 08:50:37');

-- --------------------------------------------------------

--
-- Table structure for table `bank_payments`
--

CREATE TABLE IF NOT EXISTS `bank_payments` (
  `id` bigint UNSIGNED NOT NULL AUTO_INCREMENT,
  `status` int NOT NULL DEFAULT '0',
  `account_info` text CHARACTER SET utf8mb4 COLLATE utf8mb4_unicode_ci,
  `cash_on_delivery_status` int NOT NULL DEFAULT '1',
  `created_at` timestamp NULL DEFAULT NULL,
  `updated_at` timestamp NULL DEFAULT NULL,
  PRIMARY KEY (`id`)
) ENGINE=InnoDB AUTO_INCREMENT=2 DEFAULT CHARSET=utf8mb4 COLLATE=utf8mb4_unicode_ci;

--
-- Dumping data for table `bank_payments`
--

INSERT INTO `bank_payments` (`id`, `status`, `account_info`, `cash_on_delivery_status`, `created_at`, `updated_at`) VALUES
(1, 1, 'Bank Name: Your bank name\r\nAccount Number:  Your bank account number\r\nRouting Number: Your bank routing number\r\nBranch: Your bank branch name', 1, NULL, '2022-07-30 03:48:29');

-- --------------------------------------------------------

--
-- Table structure for table `banner_images`
--

CREATE TABLE IF NOT EXISTS `banner_images` (
  `id` bigint UNSIGNED NOT NULL AUTO_INCREMENT,
  `image` varchar(255) CHARACTER SET utf8mb4 COLLATE utf8mb4_unicode_ci DEFAULT NULL,
  `banner_location` varchar(255) CHARACTER SET utf8mb4 COLLATE utf8mb4_unicode_ci DEFAULT NULL,
  `created_at` timestamp NULL DEFAULT NULL,
  `updated_at` timestamp NULL DEFAULT NULL,
  PRIMARY KEY (`id`)
) ENGINE=InnoDB AUTO_INCREMENT=29 DEFAULT CHARSET=utf8mb4 COLLATE=utf8mb4_unicode_ci;

--
-- Dumping data for table `banner_images`
--

INSERT INTO `banner_images` (`id`, `image`, `banner_location`, `created_at`, `updated_at`) VALUES
(13, 'uploads/website-images/banner-2022-06-13-12-45-14-6950.jpg', 'Login page', NULL, '2022-06-13 06:45:14'),
(15, 'uploads/website-images/default-avatar-2022-11-01-01-47-31-3036.png', 'Default Profile Image', NULL, '2022-11-01 07:47:31'),
(16, 'uploads/website-images/Mega-menu-2022-07-31-12-31-21-7434.jpg', 'Slider First', NULL, '2022-09-20 05:02:27'),
(17, 'uploads/website-images/Mega-menu-2022-07-31-12-31-32-4026.jpg', 'Slider Second', NULL, '2022-07-31 07:04:41'),
(18, 'uploads/website-images/Mega-menu-2022-07-31-12-32-19-7306.jpg', 'Popular category sidebar banner', NULL, '2022-07-31 06:32:20'),
(19, 'uploads/website-images/Mega-menu-2022-09-25-03-27-34-3253.png', 'Two Column banner One', NULL, '2022-09-25 09:27:35'),
(20, 'uploads/website-images/Mega-menu-2022-09-25-04-12-12-9741.png', 'Two Column Banner two', NULL, '2022-09-25 10:12:12'),
(21, 'uploads/website-images/Mega-menu-2022-09-25-04-13-03-1274.png', 'Homepage Single banner one', NULL, '2022-09-25 10:13:03'),
(22, 'uploads/website-images/Mega-menu-2022-09-20-11-02-23-9996.png', 'Homepage Single banner Two', NULL, '2022-09-21 08:58:40'),
(23, 'uploads/website-images/Mega-menu-2022-09-25-05-29-42-1173.png', 'Megamenu banner', NULL, '2022-09-25 11:29:42'),
(24, 'uploads/website-images/Mega-menu-2022-09-20-10-59-27-3427.png', 'Homepage flash sale sidebar banner', NULL, '2022-09-20 04:59:27'),
(25, 'uploads/website-images/Mega-menu-2022-09-20-02-04-30-5192.png', 'Shop page center banner', NULL, '2022-09-21 11:20:31'),
(26, 'uploads/website-images/Mega-menu-2022-09-25-05-28-26-8026.png', 'Shop page sidebar banner', NULL, '2022-09-25 11:28:26'),
(27, 'uploads/website-images/banner-2022-09-25-05-12-43-6914.png', 'Subscribe section banner', NULL, '2022-09-25 11:12:43'),
(28, 'uploads/website-images/Mega-menu-2022-06-14-11-26-55-8951.jpg', 'Featured category sidebar banner', NULL, '2022-06-14 05:26:56');

-- --------------------------------------------------------

--
-- Table structure for table `blogs`
--

CREATE TABLE IF NOT EXISTS `blogs` (
  `id` bigint UNSIGNED NOT NULL AUTO_INCREMENT,
  `admin_id` int NOT NULL,
  `title` varchar(255) CHARACTER SET utf8mb4 COLLATE utf8mb4_unicode_ci NOT NULL,
  `slug` varchar(255) CHARACTER SET utf8mb4 COLLATE utf8mb4_unicode_ci NOT NULL,
  `blog_category_id` int NOT NULL,
  `image` varchar(255) CHARACTER SET utf8mb4 COLLATE utf8mb4_unicode_ci NOT NULL,
  `description` longtext CHARACTER SET utf8mb4 COLLATE utf8mb4_unicode_ci NOT NULL,
  `short_description` text CHARACTER SET utf8mb4 COLLATE utf8mb4_unicode_ci,
  `views` int NOT NULL DEFAULT '0',
  `seo_title` varchar(255) CHARACTER SET utf8mb4 COLLATE utf8mb4_unicode_ci NOT NULL,
  `seo_description` varchar(255) CHARACTER SET utf8mb4 COLLATE utf8mb4_unicode_ci NOT NULL,
  `status` int NOT NULL DEFAULT '0',
  `show_homepage` int NOT NULL DEFAULT '0',
  `created_at` timestamp NULL DEFAULT NULL,
  `updated_at` timestamp NULL DEFAULT NULL,
  PRIMARY KEY (`id`)
) ENGINE=InnoDB AUTO_INCREMENT=9 DEFAULT CHARSET=utf8mb4 COLLATE=utf8mb4_unicode_ci;

--
-- Dumping data for table `blogs`
--

INSERT INTO `blogs` (`id`, `admin_id`, `title`, `slug`, `blog_category_id`, `image`, `description`, `short_description`, `views`, `seo_title`, `seo_description`, `status`, `show_homepage`, `created_at`, `updated_at`) VALUES
(2, 4, '9 Things I Love About Shaving My Head During Quarantine', '9-things-i-love-about-shaving-my-head-during-quarantine', 5, 'uploads/custom-images/blog--2022-11-01-01-42-56-6966.jpg', '<p>Ipsum volumus pertinax mea ut, eu erat tacimates nam. Tibique copiosae verterem mea no, eam ex melius option, soluta timeam et his. Sit simul gubergren reformidans id, amet minimum nominavi eos ea. Et augue dicta vix. Mea ne utamur referrentur.</p>\r\n\r\n<p>Per ex vero nonumy. Ius eu doming nominavi mediocrem, aliquid efficiantur no vim, sanctus admodum mnesarchum ad pro. No sea invidunt partiendo. No postea numquam ocurreret duo, unum abhorreant cu nam, fugit fastidii percipitur nam id.</p>\r\n\r\n<p>Sit vivendum eleifend adipiscing ea. Modus legere suscipiantur an vel, melius patrioque est cu, eum at audire probatus repudiandae. Ei tempor definitiones eam, sea dico omnium ne. Eam ad ubique tincidunt elaboraret, malis aperiri sit et. Ut quo vero inimicus. Sed at munere fuisset noluisse, eleifend senserit an vix.</p>\r\n\r\n<p>Te soleat legendos molestiae cum. Tale sanctus invidunt cu per, quo at modo recteque elaboraret. Ex mazim homero per. Eu nec exerci doctus, cu mei oblique copiosae. Consul diceret usu ne.</p>\r\n\r\n<p>Usu ad solet diceret, usu at appetere percipit appellantur, te est primis audire gloriatur. Scripta noluisse no mel, vis ne decore ridens labitur. Stet erant saepe eu mea. An mel dolore salutandi abhorreant. An quo aliquip maluisset, mea quaeque indoctum in, pro augue veritus</p>', 'Appetere fabellas ius te. Nonumes splendide deseruisse ea vis, alii velit vel eu. Eos ut scaevola platonem rationibus. Vis natum vivendo sententiae in, ea aperiam apeirian pri, in partem eleifend quo. Pro ex nobis utinam, nam et vidit numquam fastidii, ne per munere adolescens.', 27, '9 Things I Love About Shaving My Head During Quarantine', '9 Things I Love About Shaving My Head During Quarantine', 1, 1, '2022-09-22 10:09:44', '2022-11-05 04:53:46'),
(3, 4, '10 Reasons To Start Your Own, Profitable Website!', '10-reasons-to-start-your-own-profitable-website', 3, 'uploads/custom-images/blog--2022-11-01-01-40-39-7679.jpg', '<p>Ut qui eligendi urbanitas. Assum periculis te mel, libris quidam te sit. Qui nisl nemore eleifend id, in illud ullum sea. Ut nusquam sapientem comprehensam ius. His molestie complectitur ex.</p>\r\n\r\n<p>Ei usu malis aeque efficiantur. Mazim dolor denique duo ad, augue ornatus sententiae vel at, duo id sumo vulputate. His legimus assueverit ut, commune maluisset deterruisset id mel. Oblique volumus eos ut, quo autem posidonium definitiones cu. Cu usu lorem consul concludaturque, pro ea fuisset consectetuer. Ex aeterno forensibus has, dicta propriae est ei, ex alterum apeirian quo.</p>\r\n\r\n<p>Pri tempor appareat no, eruditi repudiandae vix at. Eos at brute omnesque voluptaria, facer putent intellegam eu pri. Mei debitis ullamcorper eu, at quo idque mundi. Vis in suas porro consequat, nec ad dolor adversarium, ut praesent cotidieque sit. Veniam civibus omittantur duo ut, te his alterum complectitur. Mea omnis oratio impedit ne.</p>\r\n\r\n<p>Meliore inimicus duo ut, tation veritus elaboraret eam cu. Cum in alii agam aliquip, aperiam salutandi et per. Ex vis summo probatus ocurreret, ex assum sententiae pri, blandit sensibus moderatius ei eos. Vix nobis phaedrum neglegentur et.</p>\r\n\r\n<p>Id est maiorum volutpat, ad nominavi suscipit suscipiantur vix. Ut ius veri aperiam reprehendunt. Ut per unum sapientem consequuntur, usu ut quot scripta. Sea te nisl expetenda, ad quo congue argumentum, sit quis simul accusam cu. Usu ei perfecto repudiare tincidunt, ut quas malis erant vim. An mel vidit iudicabit.</p>', 'Consetetur definitionem cu mea, usu legere minimum ne. Pro epicurei constituam ne, atqui lucilius indoctum nam id. Eu timeam volumus vel, eos te movet complectitur, te causae saperet eam. Minimum probatus vim te, eu eum ancillae mentitum comprehensam. Tantas decore adipisci vix no.', 16, '10 Reasons To Start Your Own, Profitable Website!', '10 Reasons To Start Your Own, Profitable Website!', 1, 1, '2022-09-22 10:12:00', '2022-11-01 07:40:39'),
(4, 4, 'List Of Benifits And Impressive Listeo Services', 'list-of-benifits-and-impressive-listeo-services', 5, 'uploads/custom-images/blog--2022-11-01-01-39-11-4223.jpg', '<p>Consetetur definitionem cu mea, usu legere minimum ne. Pro epicurei constituam ne, atqui lucilius indoctum nam id. Eu timeam volumus vel, eos te movet complectitur, te causae saperet eam. Minimum probatus vim te, eu eum ancillae mentitum comprehensam. Tantas decore adipisci vix no.</p>\r\n\r\n<p>Ut qui eligendi urbanitas. Assum periculis te mel, libris quidam te sit. Qui nisl nemore eleifend id, in illud ullum sea. Ut nusquam sapientem comprehensam ius. His molestie complectitur ex.</p>\r\n\r\n<p>Ei usu malis aeque efficiantur. Mazim dolor denique duo ad, augue ornatus sententiae vel at, duo id sumo vulputate. His legimus assueverit ut, commune maluisset deterruisset id mel. Oblique volumus eos ut, quo autem posidonium definitiones cu. Cu usu lorem consul concludaturque, pro ea fuisset consectetuer. Ex aeterno forensibus has, dicta propriae est ei, ex alterum apeirian quo.</p>\r\n\r\n<p>Pri tempor appareat no, eruditi repudiandae vix at. Eos at brute omnesque voluptaria, facer putent intellegam eu pri. Mei debitis ullamcorper eu, at quo idque mundi. Vis in suas porro consequat, nec ad dolor adversarium, ut praesent cotidieque sit. Veniam civibus omittantur duo ut, te his alterum complectitur. Mea omnis oratio impedit ne.</p>\r\n\r\n<p>Consetetur definitionem cu mea, usu legere minimum ne. Pro epicurei constituam ne, atqui lucilius indoctum nam id. Eu timeam volumus vel, eos te movet complectitur, te causae saperet eam. Minimum probatus vim te, eu eum ancillae mentitum comprehensam. Tantas decore adipisci vix no.</p>\r\n\r\n<p>Ut qui eligendi urbanitas. Assum periculis te mel, libris quidam te sit. Qui nisl nemore eleifend id, in illud ullum sea. Ut nusquam sapientem comprehensam ius. His molestie complectitur ex.</p>\r\n\r\n<p>Ei usu malis aeque efficiantur. Mazim dolor denique duo ad, augue ornatus sententiae vel at, duo id sumo vulputate. His legimus assueverit ut, commune maluisset deterruisset id mel. Oblique volumus eos ut, quo autem posidonium definitiones cu. Cu usu lorem consul concludaturque, pro ea fuisset consectetuer. Ex aeterno forensibus has, dicta propriae est ei, ex alterum apeirian quo.</p>\r\n\r\n<p>Pri tempor appareat no, eruditi repudiandae vix at. Eos at brute omnesque voluptaria, facer putent intellegam eu pri. Mei debitis ullamcorper eu, at quo idque mundi. Vis in suas porro consequat, nec ad dolor adversarium, ut praesent cotidieque sit. Veniam civibus omittantur duo ut, te his alterum complectitur. Mea omnis oratio impedit ne.</p>', 'Quo id nemore dignissim persequeris, unum melius option ei vix, oratio vidisse eam ei. Altera neglegentur cum te. Latine probatus cum cu. Vim dicta sonet intellegebat ne, ei mazim decore eleifend nam, no malis soleat usu. Est ei tale praesent, ad nibh iudicabit has.', 11, 'List Of Benifits And Impressive Listeo Services', 'List Of Benifits And Impressive Listeo Services', 1, 1, '2022-09-22 10:13:57', '2022-11-07 09:03:33'),
(5, 4, 'Lorem Ipsum is simply dummy text of the printing', 'lorem-ipsum-is-simply-dummy-text-of-the-printing', 5, 'uploads/custom-images/blog--2022-11-01-01-37-40-3970.png', '<p>In vim natum soleat nostro, pri in eloquentiam contentiones. Eu sit sapientem reprehendunt, omnis aliquid eu eos. No quot illum veniam est, ne pro iudico saperet mnesarchum. Ea pri nostro disputando contentiones, eu nec menandri qualisque, vis ex equidem invidunt. Et accusam detracto splendide per, congue meliore id sea. Has eu aeterno patrioque expetendis, mel ei dissentiet reformidans.</p>\r\n\r\n<p>Meliore inimicus duo ut, tation veritus elaboraret eam cu. Cum in alii agam aliquip, aperiam salutandi et per. Ex vis summo probatus ocurreret, ex assum sententiae pri, blandit sensibus moderatius ei eos. Vix nobis phaedrum neglegentur et.</p>\r\n\r\n<p>Id est maiorum volutpat, ad nominavi suscipit suscipiantur vix. Ut ius veri aperiam reprehendunt. Ut per unum sapientem consequuntur, usu ut quot scripta. Sea te nisl expetenda, ad quo congue argumentum, sit quis simul accusam cu. Usu ei perfecto repudiare tincidunt, ut quas malis erant vim. An mel vidit iudicabit.</p>\r\n\r\n<p>Ipsum volumus pertinax mea ut, eu erat tacimates nam. Tibique copiosae verterem mea no, eam ex melius option, soluta timeam et his. Sit simul gubergren reformidans id, amet minimum nominavi eos ea. Et augue dicta vix. Mea ne utamur referrentur.</p>\r\n\r\n<p>Per ex vero nonumy. Ius eu doming nominavi mediocrem, aliquid efficiantur no vim, sanctus admodum mnesarchum ad pro. No sea invidunt partiendo. No postea numquam ocurreret duo, unum abhorreant cu nam, fugit fastidii percipitur nam id.</p>\r\n\r\n<p>Sit vivendum eleifend adipiscing ea. Modus legere suscipiantur an vel, melius patrioque est cu, eum at audire probatus repudiandae. Ei tempor definitiones eam, sea dico omnium ne. Eam ad ubique tincidunt elaboraret, malis aperiri sit et. Ut quo vero inimicus. Sed at munere fuisset noluisse, eleifend senserit an vix.</p>', 'Pri tempor appareat no, eruditi repudiandae vix at. Eos at brute omnesque voluptaria, facer putent intellegam eu pri. Mei debitis ullamcorper eu, at quo idque mundi. Vis in suas porro consequat, nec ad dolor adversarium, ut praesent cotidieque sit. Veniam civibus omittantur duo ut, te his alterum complectitur. Mea omnis oratio impedit ne.', 46, 'Lorem Ipsum is simply dummy text of the printing', 'Lorem Ipsum is simply dummy text of the printing', 1, 1, '2022-09-22 10:14:55', '2022-11-02 08:56:24'),
(6, 4, 'A Seaside Reset in Zim Dolor Laguna Beach', 'a-seaside-reset-in-zim-dolor-laguna-beach', 4, 'uploads/custom-images/blog--2022-11-01-01-33-33-2053.png', '<p>Ei usu malis aeque efficiantur. Mazim dolor denique duo ad, augue ornatus sententiae vel at, duo id sumo vulputate. His legimus assueverit ut, commune maluisset deterruisset id mel. Oblique volumus eos ut, quo autem posidonium definitiones cu. Cu usu lorem consul concludaturque, pro ea fuisset consectetuer. Ex aeterno forensibus has, dicta propriae est ei, ex alterum apeirian quo.</p>\r\n\r\n<p>Pri tempor appareat no, eruditi repudiandae vix at. Eos at brute omnesque voluptaria, facer putent intellegam eu pri. Mei debitis ullamcorper eu, at quo idque mundi. Vis in suas porro consequat, nec ad dolor adversarium, ut praesent cotidieque sit. Veniam civibus omittantur duo ut, te his alterum complectitur. Mea omnis oratio impedit ne.</p>\r\n\r\n<p>Quo id nemore dignissim persequeris, unum melius option ei vix, oratio vidisse eam ei. Altera neglegentur cum te. Latine probatus cum cu. Vim dicta sonet intellegebat ne, ei mazim decore eleifend nam, no malis soleat usu. Est ei tale praesent, ad nibh iudicabit has.</p>\r\n\r\n<p>Consetetur definitionem cu mea, usu legere minimum ne. Pro epicurei constituam ne, atqui lucilius indoctum nam id. Eu timeam volumus vel, eos te movet complectitur, te causae saperet eam. Minimum probatus vim te, eu eum ancillae mentitum comprehensam. Tantas decore adipisci vix no.</p>', 'Ut qui eligendi urbanitas. Assum periculis te mel, libris quidam te sit. Qui nisl nemore eleifend id, in illud ullum sea. Ut nusquam sapientem comprehensam ius. His molestie complectitur ex.', 14, 'A Seaside Reset in Laguna Beach', 'A Seaside Reset in Laguna Beach', 1, 0, '2022-09-22 10:15:55', '2022-11-05 06:12:05'),
(7, 4, 'America National Parks with Denver', 'america-national-parks-with-denver', 4, 'uploads/custom-images/blog--2022-11-01-01-31-58-2932.jpg', '<p>Doming aliquid te pro. Mei et quodsi ornatus praesent, summo debet vis eu, dolor soleat nostrud sea eu. Cu altera possim sanctus est. Ea iriure repudiandae per, no eam legendos consectetuer. Mel at justo doming voluptatum. Mel mentitum fabellas deserunt no, et duo amet unum appetere.</p>\r\n\r\n<p>Quo id nemore dignissim persequeris, unum melius option ei vix, oratio vidisse eam ei. Altera neglegentur cum te. Latine probatus cum cu. Vim dicta sonet intellegebat ne, ei mazim decore eleifend nam, no malis soleat usu. Est ei tale praesent, ad nibh iudicabit has.</p>\r\n\r\n<p>Consetetur definitionem cu mea, usu legere minimum ne. Pro epicurei constituam ne, atqui lucilius indoctum nam id. Eu timeam volumus vel, eos te movet complectitur, te causae saperet eam. Minimum probatus vim te, eu eum ancillae mentitum comprehensam. Tantas decore adipisci vix no.</p>\r\n\r\n<p>Doming aliquid te pro. Mei et quodsi ornatus praesent, summo debet vis eu, dolor soleat nostrud sea eu. Cu altera possim sanctus est. Ea iriure repudiandae per, no eam legendos consectetuer. Mel at justo doming voluptatum. Mel mentitum fabellas deserunt no, et duo amet unum appetere.</p>\r\n\r\n<p>Quo id nemore dignissim persequeris, unum melius option ei vix, oratio vidisse eam ei. Altera neglegentur cum te. Latine probatus cum cu. Vim dicta sonet intellegebat ne, ei mazim decore eleifend nam, no malis soleat usu. Est ei tale praesent, ad nibh iudicabit has.</p>\r\n\r\n<p>Consetetur definitionem cu mea, usu legere minimum ne. Pro epicurei constituam ne, atqui lucilius indoctum nam id. Eu timeam volumus vel, eos te movet complectitur, te causae saperet eam. Minimum probatus vim te, eu eum ancillae mentitum comprehensam. Tantas decore adipisci vix no.</p>', 'Nec in rebum primis causae. Affert iisque ex pri, vis utinam vivendo definitionem ad, nostrum omnesque per et. Omnium antiopam cotidieque cu sit. Id pri placerat voluptatum, vero dicunt dissentiunt eum et, adhuc iisque vis no. Eu suavitate contentiones definitionem mel, ex vide', 18, 'America National Parks with Denver', 'America National Parks with Denver', 1, 1, '2022-09-22 10:18:09', '2022-12-17 08:55:57'),
(8, 4, 'The Best Delicious Coffee Shop In Bangkok China.', 'the-best-delicious-coffee-shop-in-bangkok-china', 6, 'uploads/custom-images/blog--2022-11-01-01-30-03-9177.jpg', '<p>Lorem ipsum dolor sit amet, nibh saperet te pri, at nam diceret disputationi. Quo an consul impedit, usu possim evertitur dissentiet ei, ridens minimum nominavi et vix. An per mutat adipisci. Ut pericula dissentias sed, est ea modus gloriatur. Aliquip persius has cu, oportere adversarium mei an, justo fabulas in vix.</p>\r\n\r\n<p>Nec in rebum primis causae. Affert iisque ex pri, vis utinam vivendo definitionem ad, nostrum omnesque per et. Omnium antiopam cotidieque cu sit. Id pri placerat voluptatum, vero dicunt dissentiunt eum et, adhuc iisque vis no. Eu suavitate contentiones definitionem mel, ex vide insolens ocurreret eam. Et dico blandit mea. Sea tollit vidisse mandamus te, qui movet efficiendi ex.</p>\r\n\r\n<p>Doming aliquid te pro. Mei et quodsi ornatus praesent, summo debet vis eu, dolor soleat nostrud sea eu. Cu altera possim sanctus est. Ea iriure repudiandae per, no eam legendos consectetuer. Mel at justo doming voluptatum. Mel mentitum fabellas deserunt no, et duo amet unum appetere.</p>\r\n\r\n<p>Lorem ipsum dolor sit amet, nibh saperet te pri, at nam diceret disputationi. Quo an consul impedit, usu possim evertitur dissentiet ei, ridens minimum nominavi et vix. An per mutat adipisci. Ut pericula dissentias sed, est ea modus gloriatur. Aliquip persius has cu, oportere adversarium mei an, justo fabulas in vix.</p>\r\n\r\n<p>Nec in rebum primis causae. Affert iisque ex pri, vis utinam vivendo definitionem ad, nostrum omnesque per et. Omnium antiopam cotidieque cu sit. Id pri placerat voluptatum, vero dicunt dissentiunt eum et, adhuc iisque vis no. Eu suavitate contentiones definitionem mel, ex vide insolens ocurreret eam. Et dico blandit mea. Sea tollit vidisse mandamus te, qui movet efficiendi ex.</p>\r\n\r\n<p>Doming aliquid te pro. Mei et quodsi ornatus praesent, summo debet vis eu, dolor soleat nostrud sea eu. Cu altera possim sanctus est. Ea iriure repudiandae per, no eam legendos consectetuer. Mel at justo doming voluptatum. Mel mentitum fabellas deserunt no, et duo amet unum appetere.</p>', 'Lorem ipsum dolor sit amet, porro discere ex sea. Ius at mazim soluta scripta, cum ne quot aeque nobis,', 6, 'The Best Delicious Coffee Shop In Bangkok China.', 'The Best Delicious Coffee Shop In Bangkok China.', 1, 1, '2022-10-21 16:25:16', '2022-11-13 11:18:20');

-- --------------------------------------------------------

--
-- Table structure for table `blog_categories`
--

CREATE TABLE IF NOT EXISTS `blog_categories` (
  `id` bigint UNSIGNED NOT NULL AUTO_INCREMENT,
  `name` varchar(255) CHARACTER SET utf8mb4 COLLATE utf8mb4_unicode_ci NOT NULL,
  `slug` varchar(255) CHARACTER SET utf8mb4 COLLATE utf8mb4_unicode_ci NOT NULL,
  `status` tinyint NOT NULL,
  `created_at` timestamp NULL DEFAULT NULL,
  `updated_at` timestamp NULL DEFAULT NULL,
  PRIMARY KEY (`id`)
) ENGINE=InnoDB AUTO_INCREMENT=10 DEFAULT CHARSET=utf8mb4 COLLATE=utf8mb4_unicode_ci;

--
-- Dumping data for table `blog_categories`
--

INSERT INTO `blog_categories` (`id`, `name`, `slug`, `status`, `created_at`, `updated_at`) VALUES
(2, 'Development', 'development', 0, '2022-09-22 10:05:56', '2022-10-21 16:20:23'),
(3, 'Guide', 'guide-', 1, '2022-09-22 10:06:06', '2022-09-22 10:06:06'),
(4, 'Inspiration', 'inspiration-', 1, '2022-09-22 10:06:13', '2022-09-22 10:06:13'),
(5, 'Latest News', 'latest-news', 1, '2022-09-22 10:06:25', '2022-09-22 10:06:25'),
(6, 'Revenue', 'revenue-', 1, '2022-09-22 10:06:37', '2022-09-22 10:06:37'),
(7, 'Start Up', 'start-up', 1, '2022-09-22 10:06:48', '2022-09-22 10:06:48');

-- --------------------------------------------------------

--
-- Table structure for table `blog_category_translations`
--

CREATE TABLE IF NOT EXISTS `blog_category_translations` (
  `id` bigint UNSIGNED NOT NULL AUTO_INCREMENT,
  `blog_category_id` bigint UNSIGNED NOT NULL,
  `language_code` varchar(255) CHARACTER SET utf8mb4 COLLATE utf8mb4_unicode_ci NOT NULL,
  `name` varchar(255) CHARACTER SET utf8mb4 COLLATE utf8mb4_unicode_ci DEFAULT NULL,
  `created_at` timestamp NULL DEFAULT NULL,
  `updated_at` timestamp NULL DEFAULT NULL,
  PRIMARY KEY (`id`)
) ENGINE=InnoDB AUTO_INCREMENT=19 DEFAULT CHARSET=utf8mb4 COLLATE=utf8mb4_unicode_ci;

--
-- Dumping data for table `blog_category_translations`
--

INSERT INTO `blog_category_translations` (`id`, `blog_category_id`, `language_code`, `name`, `created_at`, `updated_at`) VALUES
(1, 2, 'en', 'Development', '2023-10-19 06:20:47', '2023-10-19 06:20:47'),
(2, 3, 'en', 'Guide', '2023-10-19 06:20:49', '2023-10-19 06:20:49'),
(3, 4, 'en', 'Inspiration', '2023-10-19 06:20:51', '2023-10-19 06:20:51'),
(4, 5, 'en', 'Latest News', '2023-10-19 06:20:52', '2023-10-19 06:20:52'),
(5, 6, 'en', 'Revenue', '2023-10-19 06:20:54', '2023-10-19 06:20:54'),
(6, 7, 'en', 'Start Up', '2023-10-19 06:20:55', '2023-10-19 06:20:55'),
(7, 2, 'bn', 'উন্নয়ন', '2023-10-19 10:48:49', '2023-10-19 11:09:13'),
(8, 3, 'bn', 'গাইড', '2023-10-19 11:09:59', '2023-10-19 11:09:59'),
(9, 4, 'bn', 'অনুপ্রেরণা', '2023-10-19 11:10:03', '2023-10-19 11:10:03'),
(10, 5, 'bn', 'সর্বশেষ সংবাদ', '2023-10-19 11:10:06', '2023-10-19 11:10:06'),
(11, 6, 'bn', 'রাজস্ব', '2023-10-19 11:10:10', '2023-10-19 11:10:10'),
(12, 7, 'bn', 'স্টার্ট আপ', '2023-10-19 11:10:13', '2023-10-19 11:10:13'),
(13, 2, 'ar', 'تطوير', '2023-10-31 06:04:16', '2023-10-31 06:04:17'),
(14, 3, 'ar', 'مرشد', '2023-10-31 06:04:17', '2023-10-31 06:04:17'),
(15, 4, 'ar', 'إلهام', '2023-10-31 06:04:17', '2023-10-31 06:04:18'),
(16, 5, 'ar', 'أحدث الأخبار', '2023-10-31 06:04:21', '2023-10-31 06:04:21'),
(17, 6, 'ar', 'ربح', '2023-10-31 06:04:21', '2023-10-31 06:04:21'),
(18, 7, 'ar', 'بدء', '2023-10-31 06:04:21', '2023-10-31 06:04:22');

-- --------------------------------------------------------

--
-- Table structure for table `blog_comments`
--

CREATE TABLE IF NOT EXISTS `blog_comments` (
  `id` bigint UNSIGNED NOT NULL AUTO_INCREMENT,
  `blog_id` int NOT NULL,
  `name` varchar(255) CHARACTER SET utf8mb4 COLLATE utf8mb4_unicode_ci NOT NULL,
  `email` varchar(255) CHARACTER SET utf8mb4 COLLATE utf8mb4_unicode_ci NOT NULL,
  `comment` text CHARACTER SET utf8mb4 COLLATE utf8mb4_unicode_ci NOT NULL,
  `status` int NOT NULL DEFAULT '0',
  `created_at` timestamp NULL DEFAULT NULL,
  `updated_at` timestamp NULL DEFAULT NULL,
  PRIMARY KEY (`id`)
) ENGINE=InnoDB AUTO_INCREMENT=11 DEFAULT CHARSET=utf8mb4 COLLATE=utf8mb4_unicode_ci;

--
-- Dumping data for table `blog_comments`
--

INSERT INTO `blog_comments` (`id`, `blog_id`, `name`, `email`, `comment`, `status`, `created_at`, `updated_at`) VALUES
(1, 5, 'Len Newton', 'fose@mailinator.com', 'Ratione deserunt lab Per ex vero nonumy. Ius eu doming nominavi mediocrem', 1, '2022-09-25 07:43:47', '2022-11-01 07:44:15'),
(2, 6, 'Lara Mason', 'nicuqovu@mailinator.com', 'Voluptatem facilis v Sit vivendum eleifend adipiscing ea', 1, '2022-09-25 07:45:00', '2022-11-01 07:44:13'),
(3, 5, 'Abel Spencer', 'sicyxohore@mailinator.com', 'Molestiae totam magn malis aperiri sit et. Ut quo vero inimicus. Sed at munere ', 1, '2022-09-25 10:22:20', '2022-11-01 07:44:12'),
(4, 6, 'Hannah Nunez', 'hupymug@mailinator.com', 'Sit vivendum eleifend adipiscing ea Vel ea fugit ad duc', 1, '2022-09-25 11:05:46', '2022-11-01 07:44:11'),
(5, 2, 'Dara Odom', 'caqo@mailinator.com', 'Usu ad solet diceret, usu at appetere percipit appellantur Ducimus doloremque', 1, '2022-09-25 11:38:22', '2022-10-21 16:31:37'),
(6, 2, 'Boris David', 'jypiw@mailinator.com', 'Ipsum quam harum co Usu ad solet diceret, usu at appetere percipit appellantur', 1, '2022-09-25 11:39:26', '2022-10-21 16:31:35'),
(7, 7, 'John Doe', 'user@gmail.com', 'Te soleat legendos molestiae cum. Tale sanctus invidunt cu per', 1, '2022-10-26 11:07:59', '2022-11-01 07:44:16'),
(8, 8, 'John Doe', 'user@gmail.com', 'Appetere fabellas ius te. Nonumes splendide deseruisse ea vis, alii velit vel eu', 1, '2022-11-01 07:44:02', '2022-11-01 07:44:09'),
(9, 4, 'David Richard', 'agent@gmail.com', 'Mei debitis ullamcorper eu, at quo idque mundi. Vis in suas porro consequat', 0, '2022-11-07 09:02:47', '2022-11-07 09:02:47'),
(10, 2, 'John Doe', 'doe@gmail.com', 'this is test comment', 0, '2022-11-13 11:23:29', '2022-11-13 11:23:29');

-- --------------------------------------------------------

--
-- Table structure for table `blog_translations`
--

CREATE TABLE IF NOT EXISTS `blog_translations` (
  `id` bigint UNSIGNED NOT NULL AUTO_INCREMENT,
  `blog_id` bigint UNSIGNED NOT NULL,
  `language_code` varchar(255) CHARACTER SET utf8mb4 COLLATE utf8mb4_unicode_ci NOT NULL,
  `title` varchar(255) CHARACTER SET utf8mb4 COLLATE utf8mb4_unicode_ci DEFAULT NULL,
  `short_description` longtext CHARACTER SET utf8mb4 COLLATE utf8mb4_unicode_ci,
  `description` longtext CHARACTER SET utf8mb4 COLLATE utf8mb4_unicode_ci,
  `created_at` timestamp NULL DEFAULT NULL,
  `updated_at` timestamp NULL DEFAULT NULL,
  PRIMARY KEY (`id`)
) ENGINE=InnoDB AUTO_INCREMENT=17 DEFAULT CHARSET=utf8mb4 COLLATE=utf8mb4_unicode_ci;

--
-- Dumping data for table `blog_translations`
--

INSERT INTO `blog_translations` (`id`, `blog_id`, `language_code`, `title`, `short_description`, `description`, `created_at`, `updated_at`) VALUES
(1, 8, 'en', 'The Best Delicious Coffee Shop In Bangkok China.', 'Lorem ipsum dolor sit amet, porro discere ex sea. Ius at mazim soluta scripta, cum ne quot aeque nobis,', '<p>Lorem ipsum dolor sit amet, nibh saperet te pri, at nam diceret disputationi. Quo an consul impedit, usu possim evertitur dissentiet ei, ridens minimum nominavi et vix. An per mutat adipisci. Ut pericula dissentias sed, est ea modus gloriatur. Aliquip persius has cu, oportere adversarium mei an, justo fabulas in vix.</p>\r\n\r\n<p>Nec in rebum primis causae. Affert iisque ex pri, vis utinam vivendo definitionem ad, nostrum omnesque per et. Omnium antiopam cotidieque cu sit. Id pri placerat voluptatum, vero dicunt dissentiunt eum et, adhuc iisque vis no. Eu suavitate contentiones definitionem mel, ex vide insolens ocurreret eam. Et dico blandit mea. Sea tollit vidisse mandamus te, qui movet efficiendi ex.</p>\r\n\r\n<p>Doming aliquid te pro. Mei et quodsi ornatus praesent, summo debet vis eu, dolor soleat nostrud sea eu. Cu altera possim sanctus est. Ea iriure repudiandae per, no eam legendos consectetuer. Mel at justo doming voluptatum. Mel mentitum fabellas deserunt no, et duo amet unum appetere.</p>\r\n\r\n<p>Lorem ipsum dolor sit amet, nibh saperet te pri, at nam diceret disputationi. Quo an consul impedit, usu possim evertitur dissentiet ei, ridens minimum nominavi et vix. An per mutat adipisci. Ut pericula dissentias sed, est ea modus gloriatur. Aliquip persius has cu, oportere adversarium mei an, justo fabulas in vix.</p>\r\n\r\n<p>Nec in rebum primis causae. Affert iisque ex pri, vis utinam vivendo definitionem ad, nostrum omnesque per et. Omnium antiopam cotidieque cu sit. Id pri placerat voluptatum, vero dicunt dissentiunt eum et, adhuc iisque vis no. Eu suavitate contentiones definitionem mel, ex vide insolens ocurreret eam. Et dico blandit mea. Sea tollit vidisse mandamus te, qui movet efficiendi ex.</p>\r\n\r\n<p>Doming aliquid te pro. Mei et quodsi ornatus praesent, summo debet vis eu, dolor soleat nostrud sea eu. Cu altera possim sanctus est. Ea iriure repudiandae per, no eam legendos consectetuer. Mel at justo doming voluptatum. Mel mentitum fabellas deserunt no, et duo amet unum appetere.</p>', '2023-10-21 04:48:58', '2023-10-21 04:48:58'),
(2, 8, 'bn', 'ব্যাংকক চীনের সেরা সুস্বাদু কফি শপ।', 'গ্রাহক তার কাছ থেকে আরও জানতে পেরে খুব খুশি। অধিকার, যাইহোক, ঢিলেঢালাভাবে লেখা হয়, যেহেতু আমাদের মত সংখ্যা নেই।', 'এখানে বিস্তারিত ব্লগ লেখা হব এ।', '2023-10-21 04:49:04', '2023-10-21 04:50:27'),
(3, 7, 'en', 'America National Parks with Denver', 'Nec in rebum primis causae. Affert iisque ex pri, vis utinam vivendo definitionem ad, nostrum omnesque per et. Omnium antiopam cotidieque cu sit. Id pri placerat voluptatum, vero dicunt dissentiunt eum et, adhuc iisque vis no. Eu suavitate contentiones definitionem mel, ex vide', '<p>Doming aliquid te pro. Mei et quodsi ornatus praesent, summo debet vis eu, dolor soleat nostrud sea eu. Cu altera possim sanctus est. Ea iriure repudiandae per, no eam legendos consectetuer. Mel at justo doming voluptatum. Mel mentitum fabellas deserunt no, et duo amet unum appetere.</p>\r\n\r\n<p>Quo id nemore dignissim persequeris, unum melius option ei vix, oratio vidisse eam ei. Altera neglegentur cum te. Latine probatus cum cu. Vim dicta sonet intellegebat ne, ei mazim decore eleifend nam, no malis soleat usu. Est ei tale praesent, ad nibh iudicabit has.</p>\r\n\r\n<p>Consetetur definitionem cu mea, usu legere minimum ne. Pro epicurei constituam ne, atqui lucilius indoctum nam id. Eu timeam volumus vel, eos te movet complectitur, te causae saperet eam. Minimum probatus vim te, eu eum ancillae mentitum comprehensam. Tantas decore adipisci vix no.</p>\r\n\r\n<p>Doming aliquid te pro. Mei et quodsi ornatus praesent, summo debet vis eu, dolor soleat nostrud sea eu. Cu altera possim sanctus est. Ea iriure repudiandae per, no eam legendos consectetuer. Mel at justo doming voluptatum. Mel mentitum fabellas deserunt no, et duo amet unum appetere.</p>\r\n\r\n<p>Quo id nemore dignissim persequeris, unum melius option ei vix, oratio vidisse eam ei. Altera neglegentur cum te. Latine probatus cum cu. Vim dicta sonet intellegebat ne, ei mazim decore eleifend nam, no malis soleat usu. Est ei tale praesent, ad nibh iudicabit has.</p>\r\n\r\n<p>Consetetur definitionem cu mea, usu legere minimum ne. Pro epicurei constituam ne, atqui lucilius indoctum nam id. Eu timeam volumus vel, eos te movet complectitur, te causae saperet eam. Minimum probatus vim te, eu eum ancillae mentitum comprehensam. Tantas decore adipisci vix no.</p>', '2023-10-21 04:50:57', '2023-10-21 04:50:57'),
(4, 7, 'bn', 'ডেনভার সহ আমেরিকা জাতীয় উদ্যান', 'প্রথম কারণের ক্ষেত্রেও নয়। তিনি শুরু থেকেই তাদের কাছে নিয়ে আসেন, আপনি একটি সংজ্ঞা বাঁচতে চান, আমাদের এবং সকলের মাধ্যমে এবং। সমস্ত জিনিস এবং প্রতিদিনের অ্যান্টিওপ। সে প্রথমে আনন্দ দেয়, কিন্তু তারা বলে যে তারা তার সাথে একমত নয়, এবং তবুও আপনি তাদের চান না। \"ইউ\" এর সংজ্ঞা হল বিতর্কের ভদ্রতা', '<p>আরো বিস্তারতি</p>', '2023-10-21 04:51:00', '2023-10-21 04:51:07'),
(5, 8, 'ar', 'أفضل مقهى لذيذ في بانكوك الصين.', 'العميل سعيد جدًا بمعرفة المزيد منه. ومع ذلك، فإن هذا الحق مكتوب بشكل فضفاض، حيث لا يوجد عدد كبير مثلنا.', NULL, '2023-10-31 06:04:28', '2023-10-31 06:04:29'),
(6, 7, 'ar', 'المتنزهات الوطنية الأمريكية مع دنفر', 'ولا في مسألة السبب الأول. لقد أحضر لهم منذ البداية أنك تريد أن تعيش تعريفًا لـنا وكل شيء من خلال و. Antiope من كل شيء وكل يوم. إنه يضع الملذات في المقام الأول، لكنهم يقولون إنهم يختلفون معه، وما زلت لا تريدهم. تعريف \"الاتحاد الأوروبي\" هو لطف الخلاف', NULL, '2023-10-31 06:04:29', '2023-10-31 06:04:30'),
(7, 6, 'ar', 'إعادة ضبط شاطئ البحر في شاطئ Zim Dolor Laguna', 'لاختيار المجاملة. دعني أحميك بالمخاطر يا عزيزتي، ودع كتابًا ما يكون لك. من يريد أن يلعب اللعبة فليكن بأي شكل من الأشكال. كما أن الحكيم لم يستوعب الحق قط. وتشمل هؤلاء الموظفين السابقين.', NULL, '2023-10-31 06:04:30', '2023-10-31 06:04:30'),
(8, 5, 'ar', 'لوريم إيبسوم هو ببساطة نص وهمي للطباعة', 'في البداية يبدو الأمر لا، ولكن من الصعب رفض المتعلمين. لكن بوحشية وكل الملذات، يفكرون في فهم الأول. سوف تدين لي بالنشوة الجسدية، ونشوة العالم. القوة في عاقبتها اللاحقة، وليس لخصم الألم، بحيث تكون حاضرة كل يوم. ودع المواطنين يستثنى من الاثنين، ليحتضنك الآخر. كل كلامي يعيق ذلك.', NULL, '2023-10-31 06:04:30', '2023-10-31 06:04:31'),
(9, 4, 'ar', 'قائمة بالفوائد وخدمات Listeo الرائعة', 'عندما تسعى وراء أصول الغابة تلك، لا يوجد خيار أفضل له. والبعض الآخر مهمل معك. موثق باللاتينية بـ cu. لقد فهم أن القوة المذكورة لا ينبغي استخدامها لأغراض شريرة، لأنه كان أكثر تهذيبًا مع الفيل. هناك مثل هذه الهدية له، وسيحكم على هذه الأشياء بسعر عادل.', NULL, '2023-10-31 06:04:40', '2023-10-31 06:04:41'),
(10, 3, 'ar', '10 أسباب لبدء موقع الويب الخاص بك والمربح!', 'دع التعريف يتم تسويته معي، وليس القراءة على الأقل مع الممارسة. بالنسبة للأبيقوريين، لا ينبغي لي أن أقرر، لكن من الواضح أنني غير متعلم. نريد أن نخاف من كرة القدم، أو يحتضنونك، تعرف أسباب ذلك. لقد أظهرت أقل ما لديك من قوة، وقبضت عليه وهو يكذب على الجارية. ومن الصعب الحصول على مثل هذه النعمة.', NULL, '2023-10-31 06:04:41', '2023-10-31 06:04:42'),
(11, 2, 'ar', '9 أشياء أحبها في حلق رأسي أثناء الحجر الصحي', 'احصل على القصص المناسبة لنفسك. تريد التاسع أن يتركهم بشكل رائع؛ إنهم مثل حسابات فصيلة scaevola. إذا كنت تريد أن تولد في جملة حية، سأفتح لهم apeirian pri، في الجزء من eleifend حيث. أتمنى أن يكون واحداً منا، فهو لم يرى الاشمئزاز قط، ولا حتى عندما كان صغيراً في الخدمة.', NULL, '2023-10-31 06:04:41', '2023-10-31 06:04:42'),
(12, 2, 'bn', 'কোয়ারেন্টাইনের সময় আমার মাথা কামানো সম্পর্কে 9টি জিনিস আমি পছন্দ করি', 'নিজের জন্য সঠিক গল্প পান। আপনি নবম তাদের splendidly ছেড়ে দিতে চান; তারা স্ক্যাভোলা প্লাটুন অ্যাকাউন্টের মতো। যদি একটি জীবন্ত বাক্যে জন্মাতে চান, আমি তাদের এপিয়ারিয়ান প্রি খুলব, ইলিফেন্ডের অংশে যেখানে। আমি আশা করি তিনি আমাদেরই একজন হতেন, কারণ তিনি কখনই বিতৃষ্ণা দেখেননি, এমনকি যখন তিনি দায়িত্বে ছোট ছিলেন তখনও নয়।', NULL, '2023-10-31 06:04:47', '2023-10-31 06:04:49'),
(13, 3, 'bn', 'আপনার নিজের, লাভজনক ওয়েবসাইট শুরু করার 10টি কারণ!', 'সংজ্ঞাটা আমার দিয়েই মিটে যাক, অন্তত চর্চা দিয়ে পড়ি না। এপিকিউরিয়ানদের জন্য আমার সিদ্ধান্ত নেওয়া উচিত নয়, তবে এর জন্য আমি আরও স্পষ্টভাবে অশিক্ষিত। আমরা ফুটবলকে ভয় পেতে চাই বা, তারা আপনাকে আলিঙ্গন করে, আপনি এর কারণগুলি জানেন। তুমি তোমার শক্তির ন্যূনতম প্রমাণ করেছ, এবং তুমি তাকে দাসীর কাছে মিথ্যা বলতে ধরেছ। এমন অনুগ্রহ পাওয়া খুব কমই সম্ভব।', NULL, '2023-10-31 06:04:48', '2023-10-31 06:04:49'),
(14, 4, 'bn', 'সুবিধার তালিকা এবং চিত্তাকর্ষক লিস্টিও পরিষেবা', 'আপনি যখন সেই বন সম্পদের পেছনে ছুটবেন, তখন তার জন্য এর চেয়ে ভালো বিকল্প আর নেই। আপনার সাথে অন্যরা অবহেলিত। cu সহ ল্যাটিন ভাষায় সত্যায়িত। তিনি বুঝতে পেরেছিলেন যে উল্লিখিত শক্তিটি মন্দ উদ্দেশ্যে ব্যবহার করা উচিত নয়, কারণ তিনি এলিফেন্ডের প্রতি আরও ভদ্র ছিলেন। তার জন্য এমন একটি উপহার রয়েছে, তিনি ন্যায্য মূল্যে এসবের বিচার করবেন।', NULL, '2023-10-31 06:04:48', '2023-10-31 06:04:50'),
(15, 6, 'bn', 'জিম ডলোর লেগুনা বিচে একটি সমুদ্রতীরবর্তী রিসেট', 'ভদ্রতা বেছে নিতে। আমি তোমাকে বিপদে ভাজতে দাও, মধু, কিছু বই তোমার হোক। যারা গেমটি খেলতে চান, তারা যেকোন ভাবেই হোক। যেমন জ্ঞানী মানুষ কখনো অধিকার আঁকড়ে ধরেননি। এই কর্মচারীদের মধ্যে প্রাক্তন.', NULL, '2023-10-31 06:04:50', '2023-10-31 06:04:51'),
(16, 5, 'bn', 'Lorem Ipsum হল মুদ্রণের ডামি টেক্সট', 'প্রথমে মনে হয় না, কিন্তু বিদ্বানদের প্রত্যাখ্যান করা যায় না। কিন্তু নৃশংসভাবে এবং সব আনন্দ, তারা প্রথম বোঝার জন্য চিন্তা. আপনি আমাকে ঘৃণা করবেন শারীরিক উচ্ছ্বাস, এবং বিশ্বের যে. শক্তি তার আরও পরিণতিতে, এবং ব্যথার প্রতিপক্ষের কাছে নয়, যাতে এটি প্রতিদিন উপস্থিত থাকে। নাগরিকদের দুটির মধ্যে বাদ দেওয়া হোক, যাতে অন্যটি আপনাকে আলিঙ্গন করে। আমার সমস্ত বক্তৃতা এতে বাধা দেয়।', NULL, '2023-10-31 06:04:57', '2023-10-31 06:04:57');

-- --------------------------------------------------------

--
-- Table structure for table `breadcrumb_images`
--

CREATE TABLE IF NOT EXISTS `breadcrumb_images` (
  `id` bigint UNSIGNED NOT NULL AUTO_INCREMENT,
  `location` varchar(255) CHARACTER SET utf8mb4 COLLATE utf8mb4_unicode_ci DEFAULT NULL,
  `image_type` int NOT NULL DEFAULT '1',
  `image` varchar(255) CHARACTER SET utf8mb4 COLLATE utf8mb4_unicode_ci DEFAULT NULL,
  `created_at` timestamp NULL DEFAULT NULL,
  `updated_at` timestamp NULL DEFAULT NULL,
  PRIMARY KEY (`id`)
) ENGINE=InnoDB AUTO_INCREMENT=15 DEFAULT CHARSET=utf8mb4 COLLATE=utf8mb4_unicode_ci;

--
-- Dumping data for table `breadcrumb_images`
--

INSERT INTO `breadcrumb_images` (`id`, `location`, `image_type`, `image`, `created_at`, `updated_at`) VALUES
(1, 'About Page', 1, 'uploads/website-images/banner-us-2022-11-01-01-01-17-5464.jpg', NULL, '2022-11-01 07:01:18'),
(2, 'Pricing Plan', 1, 'uploads/website-images/banner-us-2022-11-01-01-01-33-1937.jpg', NULL, '2022-11-01 07:01:33'),
(3, 'Contact Us Page', 1, 'uploads/website-images/banner-us-2022-11-01-01-01-44-8100.jpg', NULL, '2022-11-01 07:01:44'),
(4, 'FAQ page', 1, 'uploads/website-images/banner-us-2022-11-01-01-02-37-5417.jpg', NULL, '2022-11-01 07:02:37'),
(5, 'User Authentication', 1, 'uploads/website-images/banner-us-2022-11-01-01-02-58-9191.jpg', NULL, '2022-11-01 07:02:58'),
(6, 'Terms and Conditions', 1, 'uploads/website-images/banner-us-2022-11-01-01-03-51-7799.jpg', NULL, '2022-11-01 07:03:51'),
(7, 'Privacy Policy', 1, 'uploads/website-images/banner-us-2022-11-01-01-04-17-6592.jpg', NULL, '2022-11-01 07:04:17'),
(8, 'Agent Page', 1, 'uploads/website-images/banner-us-2022-11-01-01-04-37-1486.jpg', NULL, '2022-11-01 07:04:37'),
(9, 'Payment Page', 1, 'uploads/website-images/banner-us-2022-11-01-01-05-13-1074.jpg', NULL, '2022-11-01 07:05:13'),
(10, 'Blog page', 1, 'uploads/website-images/banner-us-2022-11-01-01-05-31-4068.jpg', NULL, '2022-11-01 07:05:31'),
(11, 'Custom Page', 1, 'uploads/website-images/banner-us-2022-11-01-01-05-46-2455.jpg', NULL, '2022-11-01 07:05:46'),
(12, 'Property Page', 1, 'uploads/website-images/banner-us-2022-11-01-01-08-04-6161.jpg', NULL, '2022-11-01 07:08:04'),
(13, 'Career Page', 1, 'uploads/website-images/banner-us-2022-11-06-11-09-14-2106.jpg', NULL, '2022-11-06 05:09:14'),
(14, 'Forum Page', 1, 'uploads/website-images/banner-us-2023-01-08-09-10-01-6754.jpg', NULL, '2023-01-08 03:10:01');

-- --------------------------------------------------------

--
-- Table structure for table `careers`
--

CREATE TABLE IF NOT EXISTS `careers` (
  `id` bigint UNSIGNED NOT NULL AUTO_INCREMENT,
  `title` varchar(255) CHARACTER SET utf8mb4 COLLATE utf8mb4_unicode_ci NOT NULL,
  `slug` varchar(255) CHARACTER SET utf8mb4 COLLATE utf8mb4_unicode_ci NOT NULL,
  `salary_range` varchar(255) CHARACTER SET utf8mb4 COLLATE utf8mb4_unicode_ci NOT NULL,
  `image` varchar(255) CHARACTER SET utf8mb4 COLLATE utf8mb4_unicode_ci NOT NULL,
  `address` varchar(255) CHARACTER SET utf8mb4 COLLATE utf8mb4_unicode_ci NOT NULL,
  `job_nature` varchar(255) CHARACTER SET utf8mb4 COLLATE utf8mb4_unicode_ci NOT NULL,
  `office_time` varchar(255) CHARACTER SET utf8mb4 COLLATE utf8mb4_unicode_ci NOT NULL,
  `deadline` varchar(255) CHARACTER SET utf8mb4 COLLATE utf8mb4_unicode_ci NOT NULL,
  `description` text CHARACTER SET utf8mb4 COLLATE utf8mb4_unicode_ci NOT NULL,
  `status` int NOT NULL DEFAULT '0',
  `created_at` timestamp NULL DEFAULT NULL,
  `updated_at` timestamp NULL DEFAULT NULL,
  PRIMARY KEY (`id`)
) ENGINE=InnoDB AUTO_INCREMENT=6 DEFAULT CHARSET=utf8mb4 COLLATE=utf8mb4_unicode_ci;

--
-- Dumping data for table `careers`
--

INSERT INTO `careers` (`id`, `title`, `slug`, `salary_range`, `image`, `address`, `job_nature`, `office_time`, `deadline`, `description`, `status`, `created_at`, `updated_at`) VALUES
(4, 'React Js/ Javascript Developer', 'react-js-javascript-developer', '$200 - $350', 'uploads/custom-images/react-js-javascript-developer-2022-11-06-11-15-11-8320.jpg', 'San Francisco City Hall, San Francisco, CA', 'Full Time', '8 Hour', '2022-07-28', '<p>Lorem ipsum dolor sit amet, nibh saperet te pri, at nam diceret disputationi. Quo an consul impedit, usu possim evertitur dissentiet ei, ridens minimum nominavi et vix. An per mutat adipisci. Ut pericula dissentias sed, est ea modus gloriatur. Aliquip persius has cu, oportere adversarium mei an, justo fabulas in vix.&nbsp;Doming aliquid te pro. Mei et quodsi ornatus praesent, summo debet vis eu, dolor soleat nostrud sea eu. Cu altera possim sanctus est. Ea iriure repudiandae per, no eam legendos consectetuer. Mel at justo doming voluptatum. Mel mentitum fabellas deserunt no, et duo amet unum appetere.</p><h4>Job Description</h4><p>In vim natum soleat nostro, pri in eloquentiam contentiones. Eu sit sapientem reprehendunt, omnis aliquid eu eos. No quot illum veniam est, ne pro iudico saperet mnesarchum. Ea pri nostro disputando contentiones, eu nec menandri qualisque, vis ex equidem invidunt. Et accusam detracto splendide per, congue meliore id sea. Has eu aeterno patrioque expetendis, mel ei dissentiet reformidans.</p><ul><li>Meliore inimicus duo ut, tation veritus elaboraret eam cu.</li><li>Cum in alii agam aliquip, aperiam salutandi et per.</li><li>&nbsp;Ex vis summo probatus ocurreret, ex assum sententiae pri</li><li>Ipsum volumus pertinax mea ut, eu erat tacimates nam.</li><li>Tibique copiosae verterem mea no, eam ex melius option, soluta timeam et his. Sit simul gubergren reformidans id</li><li>Per ex vero nonumy. Ius eu doming nominavi mediocrem, aliquid efficiantur no vim</li><li>Sit vivendum eleifend adipiscing ea</li><li>Sint dignissim consectetuer nec et</li><li>No per harum dicant neglegentur, sea ei esse volumus adolescens. Nulla argumentum at pri, vel apeirian principes in</li></ul><h4>Job Responsibilities</h4><p>In vim natum soleat nostro, pri in eloquentiam contentiones. Eu sit sapientem reprehendunt, omnis aliquid eu eos. No quot illum veniam est, ne pro iudico saperet mnesarchum. Ea pri nostro disputando contentiones, eu nec menandri qualisque, vis ex equidem invidunt. Et accusam detracto splendide per, congue meliore id sea. Has eu aeterno patrioque expetendis, mel ei dissentiet reformidans.</p><ul><li>Meliore inimicus duo ut, tation veritus elaboraret eam cu.</li><li>Tibique copiosae verterem mea no, eam ex melius option, soluta timeam et his. Sit simul gubergren reformidans id</li><li>Per ex vero nonumy. Ius eu doming nominavi mediocrem, aliquid efficiantur no vim</li><li>Sit vivendum eleifend adipiscing ea</li><li>Sint dignissim consectetuer nec et</li><li>No per harum dicant neglegentur, sea ei esse volumus adolescens. Nulla argumentum at pri, vel apeirian principes in</li></ul><h4>Educational Requirements</h4><p>In vim natum soleat nostro, pri in eloquentiam contentiones. Eu sit sapientem reprehendunt, omnis aliquid eu eos. No quot illum veniam est, ne pro iudico saperet mnesarchum. Ea pri nostro disputando contentiones.</p><ul><li>Meliore inimicus duo ut, tation veritus elaboraret eam cu.</li><li>Cum in alii agam aliquip, aperiam salutandi et per.</li><li>&nbsp;Ex vis summo probatus ocurreret, ex assum sententiae pri</li><li>Ipsum volumus pertinax mea ut, eu erat tacimates nam.</li></ul><h4>Employment Status</h4><p>In vim natum soleat nostro, pri in eloquentiam contentiones. Eu sit sapientem reprehendunt, omnis aliquid eu eos. No quot illum veniam est, ne pro iudico saperet mnesarchum.</p><ul><li>Meliore inimicus duo ut, tation veritus elaboraret eam cu.</li><li>Cum in alii agam aliquip, aperiam salutandi et per.</li><li>&nbsp;Ex vis summo probatus ocurreret, ex assum sententiae pri</li></ul>', 1, '2022-07-17 07:05:09', '2022-11-06 05:59:17'),
(5, 'Flutter Developer', 'flutter-developer', '$200 - $350', 'uploads/custom-images/flutter-developer-2022-11-06-11-14-50-5231.jpg', 'San Francisco City Hall, San Francisco, CA', 'Full Time', '8 Hour', '2024-07-29', '<p>Lorem ipsum dolor sit amet, nibh saperet te pri, at nam diceret disputationi. Quo an consul impedit, usu possim evertitur dissentiet ei, ridens minimum nominavi et vix. An per mutat adipisci. Ut pericula dissentias sed, est ea modus gloriatur. Aliquip persius has cu, oportere adversarium mei an, justo fabulas in vix.&nbsp;Doming aliquid te pro. Mei et quodsi ornatus praesent, summo debet vis eu, dolor soleat nostrud sea eu. Cu altera possim sanctus est. Ea iriure repudiandae per, no eam legendos consectetuer. Mel at justo doming voluptatum. Mel mentitum fabellas deserunt no, et duo amet unum appetere.</p><h4>Job Description</h4><p>In vim natum soleat nostro, pri in eloquentiam contentiones. Eu sit sapientem reprehendunt, omnis aliquid eu eos. No quot illum veniam est, ne pro iudico saperet mnesarchum. Ea pri nostro disputando contentiones, eu nec menandri qualisque, vis ex equidem invidunt. Et accusam detracto splendide per, congue meliore id sea. Has eu aeterno patrioque expetendis, mel ei dissentiet reformidans.</p><ul><li>Meliore inimicus duo ut, tation veritus elaboraret eam cu.</li><li>Cum in alii agam aliquip, aperiam salutandi et per.</li><li>&nbsp;Ex vis summo probatus ocurreret, ex assum sententiae pri</li><li>Ipsum volumus pertinax mea ut, eu erat tacimates nam.</li><li>Tibique copiosae verterem mea no, eam ex melius option, soluta timeam et his. Sit simul gubergren reformidans id</li><li>Per ex vero nonumy. Ius eu doming nominavi mediocrem, aliquid efficiantur no vim</li><li>Sit vivendum eleifend adipiscing ea</li><li>Sint dignissim consectetuer nec et</li><li>No per harum dicant neglegentur, sea ei esse volumus adolescens. Nulla argumentum at pri, vel apeirian principes in</li></ul><h4>Job Responsibilities</h4><p>In vim natum soleat nostro, pri in eloquentiam contentiones. Eu sit sapientem reprehendunt, omnis aliquid eu eos. No quot illum veniam est, ne pro iudico saperet mnesarchum. Ea pri nostro disputando contentiones, eu nec menandri qualisque, vis ex equidem invidunt. Et accusam detracto splendide per, congue meliore id sea. Has eu aeterno patrioque expetendis, mel ei dissentiet reformidans.</p><ul><li>Meliore inimicus duo ut, tation veritus elaboraret eam cu.</li><li>Tibique copiosae verterem mea no, eam ex melius option, soluta timeam et his. Sit simul gubergren reformidans id</li><li>Per ex vero nonumy. Ius eu doming nominavi mediocrem, aliquid efficiantur no vim</li><li>Sit vivendum eleifend adipiscing ea</li><li>Sint dignissim consectetuer nec et</li><li>No per harum dicant neglegentur, sea ei esse volumus adolescens. Nulla argumentum at pri, vel apeirian principes in</li></ul><h4>Educational Requirements</h4><p>In vim natum soleat nostro, pri in eloquentiam contentiones. Eu sit sapientem reprehendunt, omnis aliquid eu eos. No quot illum veniam est, ne pro iudico saperet mnesarchum. Ea pri nostro disputando contentiones.</p><ul><li>Meliore inimicus duo ut, tation veritus elaboraret eam cu.</li><li>Cum in alii agam aliquip, aperiam salutandi et per.</li><li>&nbsp;Ex vis summo probatus ocurreret, ex assum sententiae pri</li><li>Ipsum volumus pertinax mea ut, eu erat tacimates nam.</li></ul><h4>Employment Status</h4><p>In vim natum soleat nostro, pri in eloquentiam contentiones. Eu sit sapientem reprehendunt, omnis aliquid eu eos. No quot illum veniam est, ne pro iudico saperet mnesarchum.</p><ul><li>Meliore inimicus duo ut, tation veritus elaboraret eam cu.</li><li>Cum in alii agam aliquip, aperiam salutandi et per.</li><li>&nbsp;Ex vis summo probatus ocurreret, ex assum sententiae pri</li></ul>', 1, '2022-07-17 07:07:13', '2022-11-06 05:56:39');

-- --------------------------------------------------------

--
-- Table structure for table `career_requests`
--

CREATE TABLE IF NOT EXISTS `career_requests` (
  `id` bigint UNSIGNED NOT NULL AUTO_INCREMENT,
  `career_id` int NOT NULL,
  `email` varchar(255) CHARACTER SET utf8mb4 COLLATE utf8mb4_unicode_ci DEFAULT NULL,
  `name` varchar(255) CHARACTER SET utf8mb4 COLLATE utf8mb4_unicode_ci NOT NULL,
  `phone` varchar(255) CHARACTER SET utf8mb4 COLLATE utf8mb4_unicode_ci NOT NULL,
  `description` text CHARACTER SET utf8mb4 COLLATE utf8mb4_unicode_ci,
  `cv` varchar(255) CHARACTER SET utf8mb4 COLLATE utf8mb4_unicode_ci NOT NULL,
  `subject` varchar(255) CHARACTER SET utf8mb4 COLLATE utf8mb4_unicode_ci DEFAULT NULL,
  `created_at` timestamp NULL DEFAULT NULL,
  `updated_at` timestamp NULL DEFAULT NULL,
  PRIMARY KEY (`id`)
) ENGINE=InnoDB AUTO_INCREMENT=8 DEFAULT CHARSET=utf8mb4 COLLATE=utf8mb4_unicode_ci;

--
-- Dumping data for table `career_requests`
--

INSERT INTO `career_requests` (`id`, `career_id`, `email`, `name`, `phone`, `description`, `cv`, `subject`, `created_at`, `updated_at`) VALUES
(1, 5, NULL, 'David Warner', '123-343-4444', 'test cover letter', 'ibrahim-khalil-2022-07-17-01-54-39-6598.jpg', 'Junior Flutter Developer', '2022-07-17 07:54:39', '2022-07-17 07:54:39'),
(2, 5, NULL, 'Jos Butler', '251-654-9632', 'Lorem ipsum dolor sit amet, nibh saperet te pri, at nam diceret disputationi. Quo an consul impedit, usu possim evertitur dissentiet ei, ridens minimum nominavi', 'john-doe-2022-07-17-01-59-08-1348.pdf', 'Junior Flutter Developer', '2022-07-17 07:59:08', '2022-07-17 07:59:08'),
(3, 5, NULL, 'David Simmons', '251-654-9632', 'test cover letter', 'ibrahim-khalil-2022-07-27-08-28-08-9036.pdf', 'Junior Flutter Developer', '2022-07-27 02:28:08', '2022-07-27 02:28:08'),
(4, 5, NULL, 'Joe Root', '251-654-9632', 'test cover letter', 'ibrahim-khalil-2022-08-20-11-20-54-8955.pdf', 'Senior Flutter Developer', '2022-08-20 05:20:54', '2022-08-20 05:20:54'),
(5, 4, 'user@gmail.com', 'John Doe', '123-343-4444', 'Asperiores dolorum, facere minus nesciunt cupiditate culpa sit sint magnam atque dolore quia nihil distinctio, illum explicabo eos mollitia tenetur. Culpa odit at vitae id laboriosam', 'john-doe-2022-11-06-11-41-40-7623.pdf', 'Senior Web Developer', '2022-11-06 05:41:40', '2022-11-06 05:41:40'),
(6, 4, 'david100@gmail.com', 'David Simmons', '123-343-4444', 'This is description', 'david-simmons-2022-11-07-03-01-48-8311.pdf', 'Junior Flutter Developer', '2022-11-07 09:01:48', '2022-11-07 09:01:48'),
(7, 5, 'test@gmail.com', 'John Doe', '123654795', 'test description', 'john-doe-2022-11-13-05-14-15-4948.png', 'Application for flutter developer', '2022-11-13 11:14:15', '2022-11-13 11:14:15');

-- --------------------------------------------------------

--
-- Table structure for table `categories`
--

CREATE TABLE IF NOT EXISTS `categories` (
  `id` bigint UNSIGNED NOT NULL AUTO_INCREMENT,
  `name` varchar(255) CHARACTER SET utf8mb4 COLLATE utf8mb4_unicode_ci NOT NULL,
  `slug` varchar(255) CHARACTER SET utf8mb4 COLLATE utf8mb4_unicode_ci NOT NULL,
  `icon` varchar(255) CHARACTER SET utf8mb4 COLLATE utf8mb4_unicode_ci NOT NULL,
  `status` int NOT NULL DEFAULT '0',
  `created_at` timestamp NULL DEFAULT NULL,
  `updated_at` timestamp NULL DEFAULT NULL,
  PRIMARY KEY (`id`)
) ENGINE=InnoDB AUTO_INCREMENT=11 DEFAULT CHARSET=utf8mb4 COLLATE=utf8mb4_unicode_ci;

--
-- Dumping data for table `categories`
--

INSERT INTO `categories` (`id`, `name`, `slug`, `icon`, `status`, `created_at`, `updated_at`) VALUES
(1, 'Electronics', 'electronics', 'fas fa-anchor', 1, '2022-09-20 05:16:25', '2022-09-20 05:16:25'),
(2, 'Game', 'game', 'fas fa-gamepad', 1, '2022-09-20 05:16:50', '2022-09-20 05:16:50'),
(3, 'Mobile', 'mobile', 'fas fa-mobile-alt', 1, '2022-09-20 05:17:43', '2022-09-20 05:17:43'),
(4, 'Lifestyle', 'lifestyle', 'fas fa-home', 1, '2022-09-20 05:24:47', '2022-09-20 09:56:46'),
(5, 'Babies and Toys', 'babies-and-toys', 'fas fa-basketball-ball', 1, '2022-09-20 05:26:13', '2022-09-20 05:26:13'),
(6, 'Bike', 'bike', 'fas fa-bicycle', 1, '2022-09-20 05:28:22', '2022-09-20 05:28:22'),
(7, 'Men\'s Fasion', 'mens-fasion', 'fas fa-street-view', 1, '2022-09-20 05:35:28', '2022-09-20 05:35:28'),
(8, 'Talevision', 'talevision', 'fab fa-android', 1, '2022-09-20 05:38:38', '2022-09-20 05:38:38'),
(9, 'Woman\'s Fasion', 'womans-fasion', 'fas fa-adjust', 1, '2022-09-20 06:04:03', '2022-09-20 06:04:03'),
(10, 'Accessories', 'accessories', 'fas fa-cogs', 1, '2022-09-20 06:05:41', '2022-09-20 09:56:55');

-- --------------------------------------------------------

--
-- Table structure for table `cities`
--

CREATE TABLE IF NOT EXISTS `cities` (
  `id` bigint UNSIGNED NOT NULL AUTO_INCREMENT,
  `country_state_id` int NOT NULL DEFAULT '0',
  `name` varchar(255) CHARACTER SET utf8mb4 COLLATE utf8mb4_unicode_ci NOT NULL,
  `slug` varchar(255) CHARACTER SET utf8mb4 COLLATE utf8mb4_unicode_ci NOT NULL,
  `status` tinyint NOT NULL,
  `created_at` timestamp NULL DEFAULT NULL,
  `updated_at` timestamp NULL DEFAULT NULL,
  PRIMARY KEY (`id`)
) ENGINE=InnoDB AUTO_INCREMENT=19 DEFAULT CHARSET=utf8mb4 COLLATE=utf8mb4_unicode_ci;

--
-- Dumping data for table `cities`
--

INSERT INTO `cities` (`id`, `country_state_id`, `name`, `slug`, `status`, `created_at`, `updated_at`) VALUES
(1, 2, 'Florida City', 'florida-city', 1, '2022-01-30 09:29:19', '2022-02-06 04:18:33'),
(2, 1, 'Los Angeles', 'los-angeles', 1, '2022-01-30 09:29:29', '2022-02-06 04:20:30'),
(4, 2, 'Tallahassee', 'tallahassee', 1, '2022-02-06 04:18:49', '2022-02-06 04:18:49'),
(5, 2, 'Weston', 'weston', 1, '2022-02-06 04:19:56', '2022-02-06 04:19:56'),
(6, 1, 'San Jose', 'san-jose', 1, '2022-02-06 04:21:08', '2022-02-06 04:21:08'),
(7, 1, 'San Diego', 'san-diego', 1, '2022-02-06 04:21:26', '2022-02-06 04:21:26'),
(8, 4, 'Gandhinagar', 'gandhinagar', 1, '2022-02-06 04:22:21', '2022-02-06 04:22:21'),
(9, 5, 'Chandigarh', 'chandigarh', 1, '2022-02-06 04:22:44', '2022-02-06 04:22:44'),
(10, 7, 'London', 'london', 1, '2022-02-06 04:23:12', '2022-02-06 04:23:12'),
(11, 7, 'Liverpool', 'liverpool', 1, '2022-02-06 04:23:29', '2022-07-31 02:52:47');

-- --------------------------------------------------------

--
-- Table structure for table `city_translations`
--

CREATE TABLE IF NOT EXISTS `city_translations` (
  `id` bigint UNSIGNED NOT NULL AUTO_INCREMENT,
  `city_id` bigint UNSIGNED NOT NULL,
  `language_code` varchar(255) CHARACTER SET utf8mb4 COLLATE utf8mb4_unicode_ci NOT NULL,
  `name` varchar(255) CHARACTER SET utf8mb4 COLLATE utf8mb4_unicode_ci DEFAULT NULL,
  `created_at` timestamp NULL DEFAULT NULL,
  `updated_at` timestamp NULL DEFAULT NULL,
  PRIMARY KEY (`id`)
) ENGINE=InnoDB AUTO_INCREMENT=22 DEFAULT CHARSET=utf8mb4 COLLATE=utf8mb4_unicode_ci;

--
-- Dumping data for table `city_translations`
--

INSERT INTO `city_translations` (`id`, `city_id`, `language_code`, `name`, `created_at`, `updated_at`) VALUES
(1, 11, 'en', 'Liverpool', '2023-10-23 11:06:10', '2023-10-23 11:06:10'),
(2, 11, 'bn', 'লিভারপুল', '2023-10-23 11:06:12', '2023-10-23 11:06:12'),
(3, 10, 'bn', 'লন্ডন', '2023-10-23 11:06:15', '2023-10-23 11:06:15'),
(4, 9, 'bn', 'চণ্ডীগড়', '2023-10-23 11:06:21', '2023-10-23 11:06:21'),
(5, 8, 'bn', 'গান্ধীনগর', '2023-10-23 11:06:24', '2023-10-23 11:06:24'),
(6, 7, 'bn', 'সান ডিযেগো', '2023-10-23 11:06:27', '2023-10-23 11:06:28'),
(7, 6, 'bn', 'সান জোসে', '2023-10-23 11:06:31', '2023-10-23 11:06:31'),
(8, 5, 'bn', 'ওয়েস্টন', '2023-10-23 11:06:34', '2023-10-23 11:06:35'),
(9, 4, 'bn', 'তাল্লাহাসি', '2023-10-23 11:06:38', '2023-10-23 11:06:39'),
(10, 2, 'bn', 'পরীরা', '2023-10-23 11:06:42', '2023-10-23 11:06:42'),
(11, 1, 'bn', 'ফ্লোরিডা সিটি', '2023-10-23 11:06:45', '2023-10-23 11:06:45'),
(12, 1, 'ar', 'مدينة فلوريدا', '2023-10-31 06:00:09', '2023-10-31 06:00:10'),
(13, 2, 'ar', 'الملائكة', '2023-10-31 06:00:10', '2023-10-31 06:00:10'),
(14, 4, 'ar', 'تالاهاسي', '2023-10-31 06:00:10', '2023-10-31 06:00:11'),
(15, 5, 'ar', 'ويستون', '2023-10-31 06:00:11', '2023-10-31 06:00:12'),
(16, 10, 'ar', 'لندن', '2023-10-31 06:00:14', '2023-10-31 06:00:15'),
(17, 9, 'ar', 'شانديغار', '2023-10-31 06:00:15', '2023-10-31 06:00:16'),
(18, 8, 'ar', 'جانديناجار', '2023-10-31 06:00:15', '2023-10-31 06:00:16'),
(19, 7, 'ar', 'سان دييغو', '2023-10-31 06:00:16', '2023-10-31 06:00:17'),
(20, 11, 'ar', 'ليفربول', '2023-10-31 06:00:19', '2023-10-31 06:00:20'),
(21, 6, 'ar', 'سان خوسيه', '2023-10-31 06:00:22', '2023-10-31 06:00:23');

-- --------------------------------------------------------

--
-- Table structure for table `comment_replies`
--

CREATE TABLE IF NOT EXISTS `comment_replies` (
  `id` bigint UNSIGNED NOT NULL AUTO_INCREMENT,
  `user_id` int NOT NULL,
  `comment_id` int NOT NULL,
  `reply_comment` text CHARACTER SET utf8mb4 COLLATE utf8mb4_unicode_ci NOT NULL,
  `created_at` timestamp NULL DEFAULT NULL,
  `updated_at` timestamp NULL DEFAULT NULL,
  PRIMARY KEY (`id`)
) ENGINE=InnoDB AUTO_INCREMENT=7 DEFAULT CHARSET=utf8mb4 COLLATE=utf8mb4_unicode_ci;

--
-- Dumping data for table `comment_replies`
--

INSERT INTO `comment_replies` (`id`, `user_id`, `comment_id`, `reply_comment`, `created_at`, `updated_at`) VALUES
(1, 2, 1, 'Lorem ipsum dolor sit amet consectetur adipisicing elit. Doloremque officiis adipisci blanditiis, aut labore architecto, sunt laboriosam commodi ducimus officia quos repellat quidem.', '2023-01-04 11:26:26', NULL),
(2, 49, 4, 'Lorem ipsum dolor sit amet consectetur adipisicing elit. Doloremque officiis adipisci blanditiis, aut labore architecto, sunt laboriosam commodi ducimus officia quos repellat quidem.', '2023-01-04 11:26:26', NULL),
(3, 49, 4, 'Lorem ipsum dolor sit amet consectetur adipisicing elit. Doloremque officiis adipisci blanditiis, aut labore architecto, sunt laboriosam commodi ducimus officia quos repellat quidem.', '2023-01-04 11:26:26', NULL),
(4, 49, 4, 'Lorem ipsum dolor sit amet consectetur adipisicing elit. Doloremque officiis adipisci blanditiis, aut labore architecto, sunt laboriosam commodi ducimus officia quos repellat quidem.', '2023-01-04 11:26:26', NULL),
(5, 49, 3, 'Lorem ipsum dolor sit amet consectetur adipisicing elit. Doloremque officiis adipisci blanditiis, aut labore architecto, sunt laboriosam commodi ducimus officia quos repellat quidem.', '2023-01-08 11:23:52', '2023-01-08 11:23:52'),
(6, 2, 1, 'Lorem ipsum dolor sit amet consectetur adipisicing elit. Doloremque officiis adipisci blanditiis, aut labore architecto, sunt laboriosam commodi ducimus officia quos repellat quidem.', '2023-01-08 11:35:25', '2023-01-08 11:35:25');

-- --------------------------------------------------------

--
-- Table structure for table `configurations`
--

CREATE TABLE IF NOT EXISTS `configurations` (
  `id` bigint UNSIGNED NOT NULL AUTO_INCREMENT,
  `config` varchar(255) COLLATE utf8mb4_unicode_ci NOT NULL,
  `value` varchar(255) COLLATE utf8mb4_unicode_ci NOT NULL,
  `created_at` timestamp NULL DEFAULT NULL,
  `updated_at` timestamp NULL DEFAULT NULL,
  PRIMARY KEY (`id`)
) ENGINE=InnoDB AUTO_INCREMENT=3 DEFAULT CHARSET=utf8mb4 COLLATE=utf8mb4_unicode_ci;

--
-- Dumping data for table `configurations`
--

INSERT INTO `configurations` (`id`, `config`, `value`, `created_at`, `updated_at`) VALUES
(1, 'setup_complete', '0', '2024-03-04 10:16:20', '2024-03-04 10:17:45'),
(2, 'setup_stage', '1', '2024-03-04 10:16:20', '2024-03-04 10:17:45');

-- --------------------------------------------------------

--
-- Table structure for table `contact_messages`
--

CREATE TABLE IF NOT EXISTS `contact_messages` (
  `id` bigint UNSIGNED NOT NULL AUTO_INCREMENT,
  `name` varchar(255) CHARACTER SET utf8mb4 COLLATE utf8mb4_unicode_ci NOT NULL,
  `email` varchar(255) CHARACTER SET utf8mb4 COLLATE utf8mb4_unicode_ci NOT NULL,
  `phone` varchar(255) CHARACTER SET utf8mb4 COLLATE utf8mb4_unicode_ci DEFAULT NULL,
  `subject` varchar(255) CHARACTER SET utf8mb4 COLLATE utf8mb4_unicode_ci NOT NULL,
  `message` text CHARACTER SET utf8mb4 COLLATE utf8mb4_unicode_ci NOT NULL,
  `created_at` timestamp NULL DEFAULT NULL,
  `updated_at` timestamp NULL DEFAULT NULL,
  PRIMARY KEY (`id`)
) ENGINE=InnoDB AUTO_INCREMENT=7 DEFAULT CHARSET=utf8mb4 COLLATE=utf8mb4_unicode_ci;

--
-- Dumping data for table `contact_messages`
--

INSERT INTO `contact_messages` (`id`, `name`, `email`, `phone`, `subject`, `message`, `created_at`, `updated_at`) VALUES
(3, 'John Doe', 'email@gmail.com', NULL, 'test subject', 'test message', '2022-11-13 11:33:28', '2022-11-13 11:33:28'),
(4, 'John Doe', 'email@gmail.com', NULL, 'test subject', 'test message', '2022-11-13 11:34:22', '2022-11-13 11:34:22'),
(5, 'John Doe', 'email@gmail.com', NULL, 'test subject', 'test message', '2022-11-13 11:34:53', '2022-11-13 11:34:53'),
(6, 'John Doe', 'email@gmail.com', NULL, 'test subject', 'test message', '2022-11-13 11:37:08', '2022-11-13 11:37:08');

-- --------------------------------------------------------

--
-- Table structure for table `contact_pages`
--

CREATE TABLE IF NOT EXISTS `contact_pages` (
  `id` bigint UNSIGNED NOT NULL AUTO_INCREMENT,
  `email` text CHARACTER SET utf8mb4 COLLATE utf8mb4_unicode_ci,
  `address` varchar(255) CHARACTER SET utf8mb4 COLLATE utf8mb4_unicode_ci DEFAULT NULL,
  `phone` text CHARACTER SET utf8mb4 COLLATE utf8mb4_unicode_ci,
  `map` text CHARACTER SET utf8mb4 COLLATE utf8mb4_unicode_ci,
  `created_at` timestamp NULL DEFAULT NULL,
  `updated_at` timestamp NULL DEFAULT NULL,
  PRIMARY KEY (`id`)
) ENGINE=InnoDB AUTO_INCREMENT=2 DEFAULT CHARSET=utf8mb4 COLLATE=utf8mb4_unicode_ci;

--
-- Dumping data for table `contact_pages`
--

INSERT INTO `contact_pages` (`id`, `email`, `address`, `phone`, `map`, `created_at`, `updated_at`) VALUES
(1, 'websolutionus1@gmail.com\r\nwebsolutionus@gmail.com', '7232 Broadway Suite 308, Jackson Heights, 11372, NY, United States', '+1347-430-9510\r\n+1347-430-9510', '<iframe src=\"https://www.google.com/maps/embed?pb=!1m18!1m12!1m3!1d3022.681138843672!2d-73.89482218459395!3d40.747041279328165!2m3!1f0!2f0!3f0!3m2!1i1024!2i768!4f13.1!3m3!1m2!1s0x89c25f01328248b3%3A0x62300784dd275f96!2s7232%20Broadway%20%23%20308%2C%20Flushing%2C%20NY%2011372%2C%20USA!5e0!3m2!1sen!2sbd!4v1652467683397!5m2!1sen!2sbd\" width=\"600\" height=\"450\" style=\"border:0;\" allowfullscreen=\"\" loading=\"lazy\" referrerpolicy=\"no-referrer-when-downgrade\"></iframe>', '2022-09-22 11:08:24', '2022-11-01 08:00:54');

-- --------------------------------------------------------

--
-- Table structure for table `cookie_consents`
--

CREATE TABLE IF NOT EXISTS `cookie_consents` (
  `id` bigint UNSIGNED NOT NULL AUTO_INCREMENT,
  `status` int NOT NULL DEFAULT '1',
  `border` varchar(255) CHARACTER SET utf8mb4 COLLATE utf8mb4_unicode_ci DEFAULT NULL,
  `corners` varchar(255) CHARACTER SET utf8mb4 COLLATE utf8mb4_unicode_ci DEFAULT NULL,
  `background_color` varchar(255) CHARACTER SET utf8mb4 COLLATE utf8mb4_unicode_ci DEFAULT NULL,
  `text_color` varchar(255) CHARACTER SET utf8mb4 COLLATE utf8mb4_unicode_ci DEFAULT NULL,
  `border_color` varchar(255) CHARACTER SET utf8mb4 COLLATE utf8mb4_unicode_ci DEFAULT NULL,
  `btn_bg_color` varchar(255) CHARACTER SET utf8mb4 COLLATE utf8mb4_unicode_ci DEFAULT NULL,
  `btn_text_color` varchar(255) CHARACTER SET utf8mb4 COLLATE utf8mb4_unicode_ci DEFAULT NULL,
  `message` text CHARACTER SET utf8mb4 COLLATE utf8mb4_unicode_ci,
  `link_text` varchar(255) CHARACTER SET utf8mb4 COLLATE utf8mb4_unicode_ci DEFAULT NULL,
  `btn_text` varchar(255) CHARACTER SET utf8mb4 COLLATE utf8mb4_unicode_ci DEFAULT NULL,
  `link` varchar(255) CHARACTER SET utf8mb4 COLLATE utf8mb4_unicode_ci DEFAULT NULL,
  `created_at` timestamp NULL DEFAULT NULL,
  `updated_at` timestamp NULL DEFAULT NULL,
  PRIMARY KEY (`id`)
) ENGINE=InnoDB AUTO_INCREMENT=2 DEFAULT CHARSET=utf8mb4 COLLATE=utf8mb4_unicode_ci;

--
-- Dumping data for table `cookie_consents`
--

INSERT INTO `cookie_consents` (`id`, `status`, `border`, `corners`, `background_color`, `text_color`, `border_color`, `btn_bg_color`, `btn_text_color`, `message`, `link_text`, `btn_text`, `link`, `created_at`, `updated_at`) VALUES
(1, 1, 'thin', 'normal', '#184dec', '#fafafa', '#0a58d6', '#fffceb', '#222758', 'Lorem Ipsum is simply dummy text of the printing and typesetting industry. Lorem Ipsum has been the industry\'s standard dummy text ever since the when an unknown printer took.', 'More Info', 'Yes', NULL, NULL, '2022-02-13 08:06:04');

-- --------------------------------------------------------

--
-- Table structure for table `countries`
--

CREATE TABLE IF NOT EXISTS `countries` (
  `id` bigint UNSIGNED NOT NULL AUTO_INCREMENT,
  `name` varchar(255) CHARACTER SET utf8mb4 COLLATE utf8mb4_unicode_ci NOT NULL,
  `slug` varchar(255) CHARACTER SET utf8mb4 COLLATE utf8mb4_unicode_ci NOT NULL,
  `status` tinyint NOT NULL,
  `created_at` timestamp NULL DEFAULT NULL,
  `updated_at` timestamp NULL DEFAULT NULL,
  PRIMARY KEY (`id`)
) ENGINE=InnoDB AUTO_INCREMENT=11 DEFAULT CHARSET=utf8mb4 COLLATE=utf8mb4_unicode_ci;

--
-- Dumping data for table `countries`
--

INSERT INTO `countries` (`id`, `name`, `slug`, `status`, `created_at`, `updated_at`) VALUES
(1, 'United State', 'united-state', 1, '2022-01-30 09:28:28', '2022-02-06 04:11:42'),
(2, 'India', 'india', 1, '2022-01-30 09:28:39', '2022-01-30 09:28:39'),
(4, 'United Kindom', 'united-kindom', 1, '2022-02-06 04:11:51', '2022-02-06 04:11:51'),
(5, 'Australia', 'australia', 1, '2022-02-06 04:12:36', '2022-02-06 04:12:36'),
(10, 'Bangladesh', 'bangladesh', 1, '2022-09-22 05:46:54', '2022-09-22 05:46:54');

-- --------------------------------------------------------

--
-- Table structure for table `country_states`
--

CREATE TABLE IF NOT EXISTS `country_states` (
  `id` bigint UNSIGNED NOT NULL AUTO_INCREMENT,
  `country_id` int NOT NULL,
  `name` varchar(255) CHARACTER SET utf8mb4 COLLATE utf8mb4_unicode_ci NOT NULL,
  `slug` varchar(255) CHARACTER SET utf8mb4 COLLATE utf8mb4_unicode_ci NOT NULL,
  `status` tinyint NOT NULL,
  `created_at` timestamp NULL DEFAULT NULL,
  `updated_at` timestamp NULL DEFAULT NULL,
  PRIMARY KEY (`id`)
) ENGINE=InnoDB AUTO_INCREMENT=13 DEFAULT CHARSET=utf8mb4 COLLATE=utf8mb4_unicode_ci;

--
-- Dumping data for table `country_states`
--

INSERT INTO `country_states` (`id`, `country_id`, `name`, `slug`, `status`, `created_at`, `updated_at`) VALUES
(1, 1, 'California', 'california', 1, '2022-01-30 09:29:00', '2022-02-06 04:14:28'),
(2, 1, 'Florida', 'florida', 1, '2022-01-30 09:29:07', '2022-02-06 04:14:42'),
(3, 1, 'Alaska', 'alaska', 1, '2022-02-05 07:49:14', '2022-02-06 04:15:09'),
(4, 2, 'Gujarat', 'gujarat', 1, '2022-02-06 04:16:27', '2022-02-06 04:16:27'),
(5, 2, 'Punjab', 'punjab', 1, '2022-02-06 04:16:39', '2022-02-06 04:16:39'),
(6, 2, 'Rajasthan', 'rajasthan', 1, '2022-02-06 04:16:48', '2022-02-06 04:16:48'),
(7, 4, 'England', 'england', 1, '2022-02-06 04:17:35', '2022-02-06 04:17:35'),
(8, 4, 'Scotland', 'scotland', 1, '2022-02-06 04:17:44', '2022-02-06 04:17:44'),
(9, 4, 'Wales', 'wales', 1, '2022-02-06 04:17:53', '2022-02-06 04:17:53');

-- --------------------------------------------------------

--
-- Table structure for table `currencies`
--

CREATE TABLE IF NOT EXISTS `currencies` (
  `id` int NOT NULL AUTO_INCREMENT,
  `code` varchar(3) NOT NULL,
  `name` varchar(50) NOT NULL,
  `created_at` timestamp NOT NULL DEFAULT CURRENT_TIMESTAMP ON UPDATE CURRENT_TIMESTAMP,
  `updated_at` timestamp NOT NULL DEFAULT '0000-00-00 00:00:00',
  PRIMARY KEY (`id`)
) ENGINE=InnoDB AUTO_INCREMENT=165 DEFAULT CHARSET=utf8mb3;

--
-- Dumping data for table `currencies`
--

INSERT INTO `currencies` (`id`, `code`, `name`, `created_at`, `updated_at`) VALUES
(1, 'AFA', 'Afghan Afghani', '0000-00-00 00:00:00', '0000-00-00 00:00:00'),
(2, 'ALL', 'Albanian Lek', '0000-00-00 00:00:00', '0000-00-00 00:00:00'),
(3, 'DZD', 'Algerian Dinar', '0000-00-00 00:00:00', '0000-00-00 00:00:00'),
(4, 'AOA', 'Angolan Kwanza', '0000-00-00 00:00:00', '0000-00-00 00:00:00'),
(5, 'ARS', 'Argentine Peso', '0000-00-00 00:00:00', '0000-00-00 00:00:00'),
(6, 'AMD', 'Armenian Dram', '0000-00-00 00:00:00', '0000-00-00 00:00:00'),
(7, 'AWG', 'Aruban Florin', '0000-00-00 00:00:00', '0000-00-00 00:00:00'),
(8, 'AUD', 'Australian Dollar', '0000-00-00 00:00:00', '0000-00-00 00:00:00'),
(9, 'AZN', 'Azerbaijani Manat', '0000-00-00 00:00:00', '0000-00-00 00:00:00'),
(10, 'BSD', 'Bahamian Dollar', '0000-00-00 00:00:00', '0000-00-00 00:00:00'),
(11, 'BHD', 'Bahraini Dinar', '0000-00-00 00:00:00', '0000-00-00 00:00:00'),
(12, 'BDT', 'Bangladeshi Taka', '0000-00-00 00:00:00', '0000-00-00 00:00:00'),
(13, 'BBD', 'Barbadian Dollar', '0000-00-00 00:00:00', '0000-00-00 00:00:00'),
(14, 'BYR', 'Belarusian Ruble', '0000-00-00 00:00:00', '0000-00-00 00:00:00'),
(15, 'BEF', 'Belgian Franc', '0000-00-00 00:00:00', '0000-00-00 00:00:00'),
(16, 'BZD', 'Belize Dollar', '0000-00-00 00:00:00', '0000-00-00 00:00:00'),
(17, 'BMD', 'Bermudan Dollar', '0000-00-00 00:00:00', '0000-00-00 00:00:00'),
(18, 'BTN', 'Bhutanese Ngultrum', '0000-00-00 00:00:00', '0000-00-00 00:00:00'),
(19, 'BTC', 'Bitcoin', '0000-00-00 00:00:00', '0000-00-00 00:00:00'),
(20, 'BOB', 'Bolivian Boliviano', '0000-00-00 00:00:00', '0000-00-00 00:00:00'),
(21, 'BAM', 'Bosnia-Herzegovina Convertible Mark', '0000-00-00 00:00:00', '0000-00-00 00:00:00'),
(22, 'BWP', 'Botswanan Pula', '0000-00-00 00:00:00', '0000-00-00 00:00:00'),
(23, 'BRL', 'Brazilian Real', '0000-00-00 00:00:00', '0000-00-00 00:00:00'),
(24, 'GBP', 'British Pound Sterling', '0000-00-00 00:00:00', '0000-00-00 00:00:00'),
(25, 'BND', 'Brunei Dollar', '0000-00-00 00:00:00', '0000-00-00 00:00:00'),
(26, 'BGN', 'Bulgarian Lev', '0000-00-00 00:00:00', '0000-00-00 00:00:00'),
(27, 'BIF', 'Burundian Franc', '0000-00-00 00:00:00', '0000-00-00 00:00:00'),
(28, 'KHR', 'Cambodian Riel', '0000-00-00 00:00:00', '0000-00-00 00:00:00'),
(29, 'CAD', 'Canadian Dollar', '0000-00-00 00:00:00', '0000-00-00 00:00:00'),
(30, 'CVE', 'Cape Verdean Escudo', '0000-00-00 00:00:00', '0000-00-00 00:00:00'),
(31, 'KYD', 'Cayman Islands Dollar', '0000-00-00 00:00:00', '0000-00-00 00:00:00'),
(32, 'XOF', 'CFA Franc BCEAO', '0000-00-00 00:00:00', '0000-00-00 00:00:00'),
(33, 'XAF', 'CFA Franc BEAC', '0000-00-00 00:00:00', '0000-00-00 00:00:00'),
(34, 'XPF', 'CFP Franc', '0000-00-00 00:00:00', '0000-00-00 00:00:00'),
(35, 'CLP', 'Chilean Peso', '0000-00-00 00:00:00', '0000-00-00 00:00:00'),
(36, 'CNY', 'Chinese Yuan', '0000-00-00 00:00:00', '0000-00-00 00:00:00'),
(37, 'COP', 'Colombian Peso', '0000-00-00 00:00:00', '0000-00-00 00:00:00'),
(38, 'KMF', 'Comorian Franc', '0000-00-00 00:00:00', '0000-00-00 00:00:00'),
(39, 'CDF', 'Congolese Franc', '0000-00-00 00:00:00', '0000-00-00 00:00:00'),
(40, 'CRC', 'Costa Rican ColÃ³n', '0000-00-00 00:00:00', '0000-00-00 00:00:00'),
(41, 'HRK', 'Croatian Kuna', '0000-00-00 00:00:00', '0000-00-00 00:00:00'),
(42, 'CUC', 'Cuban Convertible Peso', '0000-00-00 00:00:00', '0000-00-00 00:00:00'),
(43, 'CZK', 'Czech Republic Koruna', '0000-00-00 00:00:00', '0000-00-00 00:00:00'),
(44, 'DKK', 'Danish Krone', '0000-00-00 00:00:00', '0000-00-00 00:00:00'),
(45, 'DJF', 'Djiboutian Franc', '0000-00-00 00:00:00', '0000-00-00 00:00:00'),
(46, 'DOP', 'Dominican Peso', '0000-00-00 00:00:00', '0000-00-00 00:00:00'),
(47, 'XCD', 'East Caribbean Dollar', '0000-00-00 00:00:00', '0000-00-00 00:00:00'),
(48, 'EGP', 'Egyptian Pound', '0000-00-00 00:00:00', '0000-00-00 00:00:00'),
(49, 'ERN', 'Eritrean Nakfa', '0000-00-00 00:00:00', '0000-00-00 00:00:00'),
(50, 'EEK', 'Estonian Kroon', '0000-00-00 00:00:00', '0000-00-00 00:00:00'),
(51, 'ETB', 'Ethiopian Birr', '0000-00-00 00:00:00', '0000-00-00 00:00:00'),
(52, 'EUR', 'Euro', '0000-00-00 00:00:00', '0000-00-00 00:00:00'),
(53, 'FKP', 'Falkland Islands Pound', '0000-00-00 00:00:00', '0000-00-00 00:00:00'),
(54, 'FJD', 'Fijian Dollar', '0000-00-00 00:00:00', '0000-00-00 00:00:00'),
(55, 'GMD', 'Gambian Dalasi', '0000-00-00 00:00:00', '0000-00-00 00:00:00'),
(56, 'GEL', 'Georgian Lari', '0000-00-00 00:00:00', '0000-00-00 00:00:00'),
(57, 'DEM', 'German Mark', '0000-00-00 00:00:00', '0000-00-00 00:00:00'),
(58, 'GHS', 'Ghanaian Cedi', '0000-00-00 00:00:00', '0000-00-00 00:00:00'),
(59, 'GIP', 'Gibraltar Pound', '0000-00-00 00:00:00', '0000-00-00 00:00:00'),
(60, 'GRD', 'Greek Drachma', '0000-00-00 00:00:00', '0000-00-00 00:00:00'),
(61, 'GTQ', 'Guatemalan Quetzal', '0000-00-00 00:00:00', '0000-00-00 00:00:00'),
(62, 'GNF', 'Guinean Franc', '0000-00-00 00:00:00', '0000-00-00 00:00:00'),
(63, 'GYD', 'Guyanaese Dollar', '0000-00-00 00:00:00', '0000-00-00 00:00:00'),
(64, 'HTG', 'Haitian Gourde', '0000-00-00 00:00:00', '0000-00-00 00:00:00'),
(65, 'HNL', 'Honduran Lempira', '0000-00-00 00:00:00', '0000-00-00 00:00:00'),
(66, 'HKD', 'Hong Kong Dollar', '0000-00-00 00:00:00', '0000-00-00 00:00:00'),
(67, 'HUF', 'Hungarian Forint', '0000-00-00 00:00:00', '0000-00-00 00:00:00'),
(68, 'ISK', 'Icelandic KrÃ³na', '0000-00-00 00:00:00', '0000-00-00 00:00:00'),
(69, 'INR', 'Indian Rupee', '0000-00-00 00:00:00', '0000-00-00 00:00:00'),
(70, 'IDR', 'Indonesian Rupiah', '0000-00-00 00:00:00', '0000-00-00 00:00:00'),
(71, 'IRR', 'Iranian Rial', '0000-00-00 00:00:00', '0000-00-00 00:00:00'),
(72, 'IQD', 'Iraqi Dinar', '0000-00-00 00:00:00', '0000-00-00 00:00:00'),
(73, 'ILS', 'Israeli New Sheqel', '0000-00-00 00:00:00', '0000-00-00 00:00:00'),
(74, 'ITL', 'Italian Lira', '0000-00-00 00:00:00', '0000-00-00 00:00:00'),
(75, 'JMD', 'Jamaican Dollar', '0000-00-00 00:00:00', '0000-00-00 00:00:00'),
(76, 'JPY', 'Japanese Yen', '0000-00-00 00:00:00', '0000-00-00 00:00:00'),
(77, 'JOD', 'Jordanian Dinar', '0000-00-00 00:00:00', '0000-00-00 00:00:00'),
(78, 'KZT', 'Kazakhstani Tenge', '0000-00-00 00:00:00', '0000-00-00 00:00:00'),
(79, 'KES', 'Kenyan Shilling', '0000-00-00 00:00:00', '0000-00-00 00:00:00'),
(80, 'KWD', 'Kuwaiti Dinar', '0000-00-00 00:00:00', '0000-00-00 00:00:00'),
(81, 'KGS', 'Kyrgystani Som', '0000-00-00 00:00:00', '0000-00-00 00:00:00'),
(82, 'LAK', 'Laotian Kip', '0000-00-00 00:00:00', '0000-00-00 00:00:00'),
(83, 'LVL', 'Latvian Lats', '0000-00-00 00:00:00', '0000-00-00 00:00:00'),
(84, 'LBP', 'Lebanese Pound', '0000-00-00 00:00:00', '0000-00-00 00:00:00'),
(85, 'LSL', 'Lesotho Loti', '0000-00-00 00:00:00', '0000-00-00 00:00:00'),
(86, 'LRD', 'Liberian Dollar', '0000-00-00 00:00:00', '0000-00-00 00:00:00'),
(87, 'LYD', 'Libyan Dinar', '0000-00-00 00:00:00', '0000-00-00 00:00:00'),
(88, 'LTL', 'Lithuanian Litas', '0000-00-00 00:00:00', '0000-00-00 00:00:00'),
(89, 'MOP', 'Macanese Pataca', '0000-00-00 00:00:00', '0000-00-00 00:00:00'),
(90, 'MKD', 'Macedonian Denar', '0000-00-00 00:00:00', '0000-00-00 00:00:00'),
(91, 'MGA', 'Malagasy Ariary', '0000-00-00 00:00:00', '0000-00-00 00:00:00'),
(92, 'MWK', 'Malawian Kwacha', '0000-00-00 00:00:00', '0000-00-00 00:00:00'),
(93, 'MYR', 'Malaysian Ringgit', '0000-00-00 00:00:00', '0000-00-00 00:00:00'),
(94, 'MVR', 'Maldivian Rufiyaa', '0000-00-00 00:00:00', '0000-00-00 00:00:00'),
(95, 'MRO', 'Mauritanian Ouguiya', '0000-00-00 00:00:00', '0000-00-00 00:00:00'),
(96, 'MUR', 'Mauritian Rupee', '0000-00-00 00:00:00', '0000-00-00 00:00:00'),
(97, 'MXN', 'Mexican Peso', '0000-00-00 00:00:00', '0000-00-00 00:00:00'),
(98, 'MDL', 'Moldovan Leu', '0000-00-00 00:00:00', '0000-00-00 00:00:00'),
(99, 'MNT', 'Mongolian Tugrik', '0000-00-00 00:00:00', '0000-00-00 00:00:00'),
(100, 'MAD', 'Moroccan Dirham', '0000-00-00 00:00:00', '0000-00-00 00:00:00'),
(101, 'MZM', 'Mozambican Metical', '0000-00-00 00:00:00', '0000-00-00 00:00:00'),
(102, 'MMK', 'Myanmar Kyat', '0000-00-00 00:00:00', '0000-00-00 00:00:00'),
(103, 'NAD', 'Namibian Dollar', '0000-00-00 00:00:00', '0000-00-00 00:00:00'),
(104, 'NPR', 'Nepalese Rupee', '0000-00-00 00:00:00', '0000-00-00 00:00:00'),
(105, 'ANG', 'Netherlands Antillean Guilder', '0000-00-00 00:00:00', '0000-00-00 00:00:00'),
(106, 'TWD', 'New Taiwan Dollar', '0000-00-00 00:00:00', '0000-00-00 00:00:00'),
(107, 'NZD', 'New Zealand Dollar', '0000-00-00 00:00:00', '0000-00-00 00:00:00'),
(108, 'NIO', 'Nicaraguan CÃ³rdoba', '0000-00-00 00:00:00', '0000-00-00 00:00:00'),
(109, 'NGN', 'Nigerian Naira', '0000-00-00 00:00:00', '0000-00-00 00:00:00'),
(110, 'KPW', 'North Korean Won', '0000-00-00 00:00:00', '0000-00-00 00:00:00'),
(111, 'NOK', 'Norwegian Krone', '0000-00-00 00:00:00', '0000-00-00 00:00:00'),
(112, 'OMR', 'Omani Rial', '0000-00-00 00:00:00', '0000-00-00 00:00:00'),
(113, 'PKR', 'Pakistani Rupee', '0000-00-00 00:00:00', '0000-00-00 00:00:00'),
(114, 'PAB', 'Panamanian Balboa', '0000-00-00 00:00:00', '0000-00-00 00:00:00'),
(115, 'PGK', 'Papua New Guinean Kina', '0000-00-00 00:00:00', '0000-00-00 00:00:00'),
(116, 'PYG', 'Paraguayan Guarani', '0000-00-00 00:00:00', '0000-00-00 00:00:00'),
(117, 'PEN', 'Peruvian Nuevo Sol', '0000-00-00 00:00:00', '0000-00-00 00:00:00'),
(118, 'PHP', 'Philippine Peso', '0000-00-00 00:00:00', '0000-00-00 00:00:00'),
(119, 'PLN', 'Polish Zloty', '0000-00-00 00:00:00', '0000-00-00 00:00:00'),
(120, 'QAR', 'Qatari Rial', '0000-00-00 00:00:00', '0000-00-00 00:00:00'),
(121, 'RON', 'Romanian Leu', '0000-00-00 00:00:00', '0000-00-00 00:00:00'),
(122, 'RUB', 'Russian Ruble', '0000-00-00 00:00:00', '0000-00-00 00:00:00'),
(123, 'RWF', 'Rwandan Franc', '0000-00-00 00:00:00', '0000-00-00 00:00:00'),
(124, 'SVC', 'Salvadoran ColÃ³n', '0000-00-00 00:00:00', '0000-00-00 00:00:00'),
(125, 'WST', 'Samoan Tala', '0000-00-00 00:00:00', '0000-00-00 00:00:00'),
(126, 'SAR', 'Saudi Riyal', '0000-00-00 00:00:00', '0000-00-00 00:00:00'),
(127, 'RSD', 'Serbian Dinar', '0000-00-00 00:00:00', '0000-00-00 00:00:00'),
(128, 'SCR', 'Seychellois Rupee', '0000-00-00 00:00:00', '0000-00-00 00:00:00'),
(129, 'SLL', 'Sierra Leonean Leone', '0000-00-00 00:00:00', '0000-00-00 00:00:00'),
(130, 'SGD', 'Singapore Dollar', '0000-00-00 00:00:00', '0000-00-00 00:00:00'),
(131, 'SKK', 'Slovak Koruna', '0000-00-00 00:00:00', '0000-00-00 00:00:00'),
(132, 'SBD', 'Solomon Islands Dollar', '0000-00-00 00:00:00', '0000-00-00 00:00:00'),
(133, 'SOS', 'Somali Shilling', '0000-00-00 00:00:00', '0000-00-00 00:00:00'),
(134, 'ZAR', 'South African Rand', '0000-00-00 00:00:00', '0000-00-00 00:00:00'),
(135, 'KRW', 'South Korean Won', '0000-00-00 00:00:00', '0000-00-00 00:00:00'),
(136, 'XDR', 'Special Drawing Rights', '0000-00-00 00:00:00', '0000-00-00 00:00:00'),
(137, 'LKR', 'Sri Lankan Rupee', '0000-00-00 00:00:00', '0000-00-00 00:00:00'),
(138, 'SHP', 'St. Helena Pound', '0000-00-00 00:00:00', '0000-00-00 00:00:00'),
(139, 'SDG', 'Sudanese Pound', '0000-00-00 00:00:00', '0000-00-00 00:00:00'),
(140, 'SRD', 'Surinamese Dollar', '0000-00-00 00:00:00', '0000-00-00 00:00:00'),
(141, 'SZL', 'Swazi Lilangeni', '0000-00-00 00:00:00', '0000-00-00 00:00:00'),
(142, 'SEK', 'Swedish Krona', '0000-00-00 00:00:00', '0000-00-00 00:00:00'),
(143, 'CHF', 'Swiss Franc', '0000-00-00 00:00:00', '0000-00-00 00:00:00'),
(144, 'SYP', 'Syrian Pound', '0000-00-00 00:00:00', '0000-00-00 00:00:00'),
(145, 'STD', 'São Tomé and Príncipe Dobra', '0000-00-00 00:00:00', '0000-00-00 00:00:00'),
(146, 'TJS', 'Tajikistani Somoni', '0000-00-00 00:00:00', '0000-00-00 00:00:00'),
(147, 'TZS', 'Tanzanian Shilling', '0000-00-00 00:00:00', '0000-00-00 00:00:00'),
(148, 'THB', 'Thai Baht', '0000-00-00 00:00:00', '0000-00-00 00:00:00'),
(149, 'TOP', 'Tongan pa\'anga', '0000-00-00 00:00:00', '0000-00-00 00:00:00'),
(150, 'TTD', 'Trinidad & Tobago Dollar', '0000-00-00 00:00:00', '0000-00-00 00:00:00'),
(151, 'TND', 'Tunisian Dinar', '0000-00-00 00:00:00', '0000-00-00 00:00:00'),
(152, 'TRY', 'Turkish Lira', '0000-00-00 00:00:00', '0000-00-00 00:00:00'),
(153, 'TMT', 'Turkmenistani Manat', '0000-00-00 00:00:00', '0000-00-00 00:00:00'),
(154, 'UGX', 'Ugandan Shilling', '0000-00-00 00:00:00', '0000-00-00 00:00:00'),
(155, 'UAH', 'Ukrainian Hryvnia', '0000-00-00 00:00:00', '0000-00-00 00:00:00'),
(156, 'AED', 'United Arab Emirates Dirham', '0000-00-00 00:00:00', '0000-00-00 00:00:00'),
(157, 'UYU', 'Uruguayan Peso', '0000-00-00 00:00:00', '0000-00-00 00:00:00'),
(158, 'USD', 'US Dollar', '0000-00-00 00:00:00', '0000-00-00 00:00:00'),
(159, 'UZS', 'Uzbekistan Som', '0000-00-00 00:00:00', '0000-00-00 00:00:00'),
(160, 'VUV', 'Vanuatu Vatu', '0000-00-00 00:00:00', '0000-00-00 00:00:00'),
(161, 'VEF', 'Venezuelan BolÃ­var', '0000-00-00 00:00:00', '0000-00-00 00:00:00'),
(162, 'VND', 'Vietnamese Dong', '0000-00-00 00:00:00', '0000-00-00 00:00:00'),
(163, 'YER', 'Yemeni Rial', '0000-00-00 00:00:00', '0000-00-00 00:00:00'),
(164, 'ZMK', 'Zambian Kwacha', '0000-00-00 00:00:00', '0000-00-00 00:00:00');

-- --------------------------------------------------------

--
-- Table structure for table `currency_countries`
--

CREATE TABLE IF NOT EXISTS `currency_countries` (
  `id` int UNSIGNED NOT NULL AUTO_INCREMENT,
  `name` varchar(255) CHARACTER SET utf8mb3 COLLATE utf8mb3_bin NOT NULL,
  `code` varchar(2) CHARACTER SET utf8mb3 COLLATE utf8mb3_bin NOT NULL,
  `created_at` timestamp NOT NULL DEFAULT CURRENT_TIMESTAMP ON UPDATE CURRENT_TIMESTAMP,
  `updated_at` timestamp NOT NULL DEFAULT '0000-00-00 00:00:00',
  PRIMARY KEY (`id`),
  UNIQUE KEY `id` (`id`)
) ENGINE=InnoDB AUTO_INCREMENT=250 DEFAULT CHARSET=utf8mb3 COLLATE=utf8mb3_bin;

--
-- Dumping data for table `currency_countries`
--

INSERT INTO `currency_countries` (`id`, `name`, `code`, `created_at`, `updated_at`) VALUES
(1, 'Andorra', 'AD', '0000-00-00 00:00:00', '0000-00-00 00:00:00'),
(2, 'Afghanistan', 'AF', '0000-00-00 00:00:00', '0000-00-00 00:00:00'),
(3, 'Åland Islands', 'AX', '0000-00-00 00:00:00', '0000-00-00 00:00:00'),
(4, 'Albania', 'AL', '0000-00-00 00:00:00', '0000-00-00 00:00:00'),
(5, 'Algeria', 'DZ', '0000-00-00 00:00:00', '0000-00-00 00:00:00'),
(6, 'American Samoa', 'AS', '0000-00-00 00:00:00', '0000-00-00 00:00:00'),
(7, 'Angola', 'AO', '0000-00-00 00:00:00', '0000-00-00 00:00:00'),
(8, 'Anguilla', 'AI', '0000-00-00 00:00:00', '0000-00-00 00:00:00'),
(9, 'Antarctica', 'AQ', '0000-00-00 00:00:00', '0000-00-00 00:00:00'),
(10, 'Antigua and Barbuda', 'AG', '0000-00-00 00:00:00', '0000-00-00 00:00:00'),
(11, 'Argentina', 'AR', '0000-00-00 00:00:00', '0000-00-00 00:00:00'),
(12, 'Armenia', 'AM', '0000-00-00 00:00:00', '0000-00-00 00:00:00'),
(13, 'Aruba', 'AW', '0000-00-00 00:00:00', '0000-00-00 00:00:00'),
(14, 'Australia', 'AU', '0000-00-00 00:00:00', '0000-00-00 00:00:00'),
(15, 'Austria', 'AT', '0000-00-00 00:00:00', '0000-00-00 00:00:00'),
(16, 'Azerbaijan', 'AZ', '0000-00-00 00:00:00', '0000-00-00 00:00:00'),
(17, 'Bahamas', 'BS', '0000-00-00 00:00:00', '0000-00-00 00:00:00'),
(18, 'Bahrain', 'BH', '0000-00-00 00:00:00', '0000-00-00 00:00:00'),
(19, 'Bangladesh', 'BD', '0000-00-00 00:00:00', '0000-00-00 00:00:00'),
(20, 'Barbados', 'BB', '0000-00-00 00:00:00', '0000-00-00 00:00:00'),
(21, 'Belarus', 'BY', '0000-00-00 00:00:00', '0000-00-00 00:00:00'),
(22, 'Belgium', 'BE', '0000-00-00 00:00:00', '0000-00-00 00:00:00'),
(23, 'Belize', 'BZ', '0000-00-00 00:00:00', '0000-00-00 00:00:00'),
(24, 'Benin', 'BJ', '0000-00-00 00:00:00', '0000-00-00 00:00:00'),
(25, 'Bermuda', 'BM', '0000-00-00 00:00:00', '0000-00-00 00:00:00'),
(26, 'Bhutan', 'BT', '0000-00-00 00:00:00', '0000-00-00 00:00:00'),
(27, 'Bolivia (Plurinational State of)', 'BO', '0000-00-00 00:00:00', '0000-00-00 00:00:00'),
(28, 'Bonaire, Sint Eustatius and Saba', 'BQ', '0000-00-00 00:00:00', '0000-00-00 00:00:00'),
(29, 'Bosnia and Herzegovina', 'BA', '0000-00-00 00:00:00', '0000-00-00 00:00:00'),
(30, 'Botswana', 'BW', '0000-00-00 00:00:00', '0000-00-00 00:00:00'),
(31, 'Bouvet Island', 'BV', '0000-00-00 00:00:00', '0000-00-00 00:00:00'),
(32, 'Brazil', 'BR', '0000-00-00 00:00:00', '0000-00-00 00:00:00'),
(33, 'British Indian Ocean Territory', 'IO', '0000-00-00 00:00:00', '0000-00-00 00:00:00'),
(34, 'Brunei Darussalam', 'BN', '0000-00-00 00:00:00', '0000-00-00 00:00:00'),
(35, 'Bulgaria', 'BG', '0000-00-00 00:00:00', '0000-00-00 00:00:00'),
(36, 'Burkina Faso', 'BF', '0000-00-00 00:00:00', '0000-00-00 00:00:00'),
(37, 'Burundi', 'BI', '0000-00-00 00:00:00', '0000-00-00 00:00:00'),
(38, 'Cabo Verde', 'CV', '0000-00-00 00:00:00', '0000-00-00 00:00:00'),
(39, 'Cambodia', 'KH', '0000-00-00 00:00:00', '0000-00-00 00:00:00'),
(40, 'Cameroon', 'CM', '0000-00-00 00:00:00', '0000-00-00 00:00:00'),
(41, 'Canada', 'CA', '0000-00-00 00:00:00', '0000-00-00 00:00:00'),
(42, 'Cayman Islands', 'KY', '0000-00-00 00:00:00', '0000-00-00 00:00:00'),
(43, 'Central African Republic', 'CF', '0000-00-00 00:00:00', '0000-00-00 00:00:00'),
(44, 'Chad', 'TD', '0000-00-00 00:00:00', '0000-00-00 00:00:00'),
(45, 'Chile', 'CL', '0000-00-00 00:00:00', '0000-00-00 00:00:00'),
(46, 'China', 'CN', '0000-00-00 00:00:00', '0000-00-00 00:00:00'),
(47, 'Christmas Island', 'CX', '0000-00-00 00:00:00', '0000-00-00 00:00:00'),
(48, 'Cocos (Keeling) Islands', 'CC', '0000-00-00 00:00:00', '0000-00-00 00:00:00'),
(49, 'Colombia', 'CO', '0000-00-00 00:00:00', '0000-00-00 00:00:00'),
(50, 'Comoros', 'KM', '0000-00-00 00:00:00', '0000-00-00 00:00:00'),
(51, 'Congo', 'CG', '0000-00-00 00:00:00', '0000-00-00 00:00:00'),
(52, 'Congo (Democratic Republic of the)', 'CD', '0000-00-00 00:00:00', '0000-00-00 00:00:00'),
(53, 'Cook Islands', 'CK', '0000-00-00 00:00:00', '0000-00-00 00:00:00'),
(54, 'Costa Rica', 'CR', '0000-00-00 00:00:00', '0000-00-00 00:00:00'),
(55, 'Côte d\'Ivoire', 'CI', '0000-00-00 00:00:00', '0000-00-00 00:00:00'),
(56, 'Croatia', 'HR', '0000-00-00 00:00:00', '0000-00-00 00:00:00'),
(57, 'Cuba', 'CU', '0000-00-00 00:00:00', '0000-00-00 00:00:00'),
(58, 'Curaçao', 'CW', '0000-00-00 00:00:00', '0000-00-00 00:00:00'),
(59, 'Cyprus', 'CY', '0000-00-00 00:00:00', '0000-00-00 00:00:00'),
(60, 'Czech Republic', 'CZ', '0000-00-00 00:00:00', '0000-00-00 00:00:00'),
(61, 'Denmark', 'DK', '0000-00-00 00:00:00', '0000-00-00 00:00:00'),
(62, 'Djibouti', 'DJ', '0000-00-00 00:00:00', '0000-00-00 00:00:00'),
(63, 'Dominica', 'DM', '0000-00-00 00:00:00', '0000-00-00 00:00:00'),
(64, 'Dominican Republic', 'DO', '0000-00-00 00:00:00', '0000-00-00 00:00:00'),
(65, 'Ecuador', 'EC', '0000-00-00 00:00:00', '0000-00-00 00:00:00'),
(66, 'Egypt', 'EG', '0000-00-00 00:00:00', '0000-00-00 00:00:00'),
(67, 'El Salvador', 'SV', '0000-00-00 00:00:00', '0000-00-00 00:00:00'),
(68, 'Equatorial Guinea', 'GQ', '0000-00-00 00:00:00', '0000-00-00 00:00:00'),
(69, 'Eritrea', 'ER', '0000-00-00 00:00:00', '0000-00-00 00:00:00'),
(70, 'Estonia', 'EE', '0000-00-00 00:00:00', '0000-00-00 00:00:00'),
(71, 'Ethiopia', 'ET', '0000-00-00 00:00:00', '0000-00-00 00:00:00'),
(72, 'Falkland Islands (Malvinas)', 'FK', '0000-00-00 00:00:00', '0000-00-00 00:00:00'),
(73, 'Faroe Islands', 'FO', '0000-00-00 00:00:00', '0000-00-00 00:00:00'),
(74, 'Fiji', 'FJ', '0000-00-00 00:00:00', '0000-00-00 00:00:00'),
(75, 'Finland', 'FI', '0000-00-00 00:00:00', '0000-00-00 00:00:00'),
(76, 'France', 'FR', '0000-00-00 00:00:00', '0000-00-00 00:00:00'),
(77, 'French Guiana', 'GF', '0000-00-00 00:00:00', '0000-00-00 00:00:00'),
(78, 'French Polynesia', 'PF', '0000-00-00 00:00:00', '0000-00-00 00:00:00'),
(79, 'French Southern Territories', 'TF', '0000-00-00 00:00:00', '0000-00-00 00:00:00'),
(80, 'Gabon', 'GA', '0000-00-00 00:00:00', '0000-00-00 00:00:00'),
(81, 'Gambia', 'GM', '0000-00-00 00:00:00', '0000-00-00 00:00:00'),
(82, 'Georgia', 'GE', '0000-00-00 00:00:00', '0000-00-00 00:00:00'),
(83, 'Germany', 'DE', '0000-00-00 00:00:00', '0000-00-00 00:00:00'),
(84, 'Ghana', 'GH', '0000-00-00 00:00:00', '0000-00-00 00:00:00'),
(85, 'Gibraltar', 'GI', '0000-00-00 00:00:00', '0000-00-00 00:00:00'),
(86, 'Greece', 'GR', '0000-00-00 00:00:00', '0000-00-00 00:00:00'),
(87, 'Greenland', 'GL', '0000-00-00 00:00:00', '0000-00-00 00:00:00'),
(88, 'Grenada', 'GD', '0000-00-00 00:00:00', '0000-00-00 00:00:00'),
(89, 'Guadeloupe', 'GP', '0000-00-00 00:00:00', '0000-00-00 00:00:00'),
(90, 'Guam', 'GU', '0000-00-00 00:00:00', '0000-00-00 00:00:00'),
(91, 'Guatemala', 'GT', '0000-00-00 00:00:00', '0000-00-00 00:00:00'),
(92, 'Guernsey', 'GG', '0000-00-00 00:00:00', '0000-00-00 00:00:00'),
(93, 'Guinea', 'GN', '0000-00-00 00:00:00', '0000-00-00 00:00:00'),
(94, 'Guinea-Bissau', 'GW', '0000-00-00 00:00:00', '0000-00-00 00:00:00'),
(95, 'Guyana', 'GY', '0000-00-00 00:00:00', '0000-00-00 00:00:00'),
(96, 'Haiti', 'HT', '0000-00-00 00:00:00', '0000-00-00 00:00:00'),
(97, 'Heard Island and McDonald Islands', 'HM', '0000-00-00 00:00:00', '0000-00-00 00:00:00'),
(98, 'Holy See', 'VA', '0000-00-00 00:00:00', '0000-00-00 00:00:00'),
(99, 'Honduras', 'HN', '0000-00-00 00:00:00', '0000-00-00 00:00:00'),
(100, 'Hong Kong', 'HK', '0000-00-00 00:00:00', '0000-00-00 00:00:00'),
(101, 'Hungary', 'HU', '0000-00-00 00:00:00', '0000-00-00 00:00:00'),
(102, 'Iceland', 'IS', '0000-00-00 00:00:00', '0000-00-00 00:00:00'),
(103, 'India', 'IN', '0000-00-00 00:00:00', '0000-00-00 00:00:00'),
(104, 'Indonesia', 'ID', '0000-00-00 00:00:00', '0000-00-00 00:00:00'),
(105, 'Iran (Islamic Republic of)', 'IR', '0000-00-00 00:00:00', '0000-00-00 00:00:00'),
(106, 'Iraq', 'IQ', '0000-00-00 00:00:00', '0000-00-00 00:00:00'),
(107, 'Ireland', 'IE', '0000-00-00 00:00:00', '0000-00-00 00:00:00'),
(108, 'Isle of Man', 'IM', '0000-00-00 00:00:00', '0000-00-00 00:00:00'),
(109, 'Israel', 'IL', '0000-00-00 00:00:00', '0000-00-00 00:00:00'),
(110, 'Italy', 'IT', '0000-00-00 00:00:00', '0000-00-00 00:00:00'),
(111, 'Jamaica', 'JM', '0000-00-00 00:00:00', '0000-00-00 00:00:00'),
(112, 'Japan', 'JP', '0000-00-00 00:00:00', '0000-00-00 00:00:00'),
(113, 'Jersey', 'JE', '0000-00-00 00:00:00', '0000-00-00 00:00:00'),
(114, 'Jordan', 'JO', '0000-00-00 00:00:00', '0000-00-00 00:00:00'),
(115, 'Kazakhstan', 'KZ', '0000-00-00 00:00:00', '0000-00-00 00:00:00'),
(116, 'Kenya', 'KE', '0000-00-00 00:00:00', '0000-00-00 00:00:00'),
(117, 'Kiribati', 'KI', '0000-00-00 00:00:00', '0000-00-00 00:00:00'),
(118, 'Korea (Democratic People\'s Republic of)', 'KP', '0000-00-00 00:00:00', '0000-00-00 00:00:00'),
(119, 'Korea (Republic of)', 'KR', '0000-00-00 00:00:00', '0000-00-00 00:00:00'),
(120, 'Kuwait', 'KW', '0000-00-00 00:00:00', '0000-00-00 00:00:00'),
(121, 'Kyrgyzstan', 'KG', '0000-00-00 00:00:00', '0000-00-00 00:00:00'),
(122, 'Lao People\'s Democratic Republic', 'LA', '0000-00-00 00:00:00', '0000-00-00 00:00:00'),
(123, 'Latvia', 'LV', '0000-00-00 00:00:00', '0000-00-00 00:00:00'),
(124, 'Lebanon', 'LB', '0000-00-00 00:00:00', '0000-00-00 00:00:00'),
(125, 'Lesotho', 'LS', '0000-00-00 00:00:00', '0000-00-00 00:00:00'),
(126, 'Liberia', 'LR', '0000-00-00 00:00:00', '0000-00-00 00:00:00'),
(127, 'Libya', 'LY', '0000-00-00 00:00:00', '0000-00-00 00:00:00'),
(128, 'Liechtenstein', 'LI', '0000-00-00 00:00:00', '0000-00-00 00:00:00'),
(129, 'Lithuania', 'LT', '0000-00-00 00:00:00', '0000-00-00 00:00:00'),
(130, 'Luxembourg', 'LU', '0000-00-00 00:00:00', '0000-00-00 00:00:00'),
(131, 'Macao', 'MO', '0000-00-00 00:00:00', '0000-00-00 00:00:00'),
(132, 'Macedonia (the former Yugoslav Republic of)', 'MK', '0000-00-00 00:00:00', '0000-00-00 00:00:00'),
(133, 'Madagascar', 'MG', '0000-00-00 00:00:00', '0000-00-00 00:00:00'),
(134, 'Malawi', 'MW', '0000-00-00 00:00:00', '0000-00-00 00:00:00'),
(135, 'Malaysia', 'MY', '0000-00-00 00:00:00', '0000-00-00 00:00:00'),
(136, 'Maldives', 'MV', '0000-00-00 00:00:00', '0000-00-00 00:00:00'),
(137, 'Mali', 'ML', '0000-00-00 00:00:00', '0000-00-00 00:00:00'),
(138, 'Malta', 'MT', '0000-00-00 00:00:00', '0000-00-00 00:00:00'),
(139, 'Marshall Islands', 'MH', '0000-00-00 00:00:00', '0000-00-00 00:00:00'),
(140, 'Martinique', 'MQ', '0000-00-00 00:00:00', '0000-00-00 00:00:00'),
(141, 'Mauritania', 'MR', '0000-00-00 00:00:00', '0000-00-00 00:00:00'),
(142, 'Mauritius', 'MU', '0000-00-00 00:00:00', '0000-00-00 00:00:00'),
(143, 'Mayotte', 'YT', '0000-00-00 00:00:00', '0000-00-00 00:00:00'),
(144, 'Mexico', 'MX', '0000-00-00 00:00:00', '0000-00-00 00:00:00'),
(145, 'Micronesia (Federated States of)', 'FM', '0000-00-00 00:00:00', '0000-00-00 00:00:00'),
(146, 'Moldova (Republic of)', 'MD', '0000-00-00 00:00:00', '0000-00-00 00:00:00'),
(147, 'Monaco', 'MC', '0000-00-00 00:00:00', '0000-00-00 00:00:00'),
(148, 'Mongolia', 'MN', '0000-00-00 00:00:00', '0000-00-00 00:00:00'),
(149, 'Montenegro', 'ME', '0000-00-00 00:00:00', '0000-00-00 00:00:00'),
(150, 'Montserrat', 'MS', '0000-00-00 00:00:00', '0000-00-00 00:00:00'),
(151, 'Morocco', 'MA', '0000-00-00 00:00:00', '0000-00-00 00:00:00'),
(152, 'Mozambique', 'MZ', '0000-00-00 00:00:00', '0000-00-00 00:00:00'),
(153, 'Myanmar', 'MM', '0000-00-00 00:00:00', '0000-00-00 00:00:00'),
(154, 'Namibia', 'NA', '0000-00-00 00:00:00', '0000-00-00 00:00:00'),
(155, 'Nauru', 'NR', '0000-00-00 00:00:00', '0000-00-00 00:00:00'),
(156, 'Nepal', 'NP', '0000-00-00 00:00:00', '0000-00-00 00:00:00'),
(157, 'Netherlands', 'NL', '0000-00-00 00:00:00', '0000-00-00 00:00:00'),
(158, 'New Caledonia', 'NC', '0000-00-00 00:00:00', '0000-00-00 00:00:00'),
(159, 'New Zealand', 'NZ', '0000-00-00 00:00:00', '0000-00-00 00:00:00'),
(160, 'Nicaragua', 'NI', '0000-00-00 00:00:00', '0000-00-00 00:00:00'),
(161, 'Niger', 'NE', '0000-00-00 00:00:00', '0000-00-00 00:00:00'),
(162, 'Nigeria', 'NG', '0000-00-00 00:00:00', '0000-00-00 00:00:00'),
(163, 'Niue', 'NU', '0000-00-00 00:00:00', '0000-00-00 00:00:00'),
(164, 'Norfolk Island', 'NF', '0000-00-00 00:00:00', '0000-00-00 00:00:00'),
(165, 'Northern Mariana Islands', 'MP', '0000-00-00 00:00:00', '0000-00-00 00:00:00'),
(166, 'Norway', 'NO', '0000-00-00 00:00:00', '0000-00-00 00:00:00'),
(167, 'Oman', 'OM', '0000-00-00 00:00:00', '0000-00-00 00:00:00'),
(168, 'Pakistan', 'PK', '0000-00-00 00:00:00', '0000-00-00 00:00:00'),
(169, 'Palau', 'PW', '0000-00-00 00:00:00', '0000-00-00 00:00:00'),
(170, 'Palestine, State of', 'PS', '0000-00-00 00:00:00', '0000-00-00 00:00:00'),
(171, 'Panama', 'PA', '0000-00-00 00:00:00', '0000-00-00 00:00:00'),
(172, 'Papua New Guinea', 'PG', '0000-00-00 00:00:00', '0000-00-00 00:00:00'),
(173, 'Paraguay', 'PY', '0000-00-00 00:00:00', '0000-00-00 00:00:00'),
(174, 'Peru', 'PE', '0000-00-00 00:00:00', '0000-00-00 00:00:00'),
(175, 'Philippines', 'PH', '0000-00-00 00:00:00', '0000-00-00 00:00:00'),
(176, 'Pitcairn', 'PN', '0000-00-00 00:00:00', '0000-00-00 00:00:00'),
(177, 'Poland', 'PL', '0000-00-00 00:00:00', '0000-00-00 00:00:00'),
(178, 'Portugal', 'PT', '0000-00-00 00:00:00', '0000-00-00 00:00:00'),
(179, 'Puerto Rico', 'PR', '0000-00-00 00:00:00', '0000-00-00 00:00:00'),
(180, 'Qatar', 'QA', '0000-00-00 00:00:00', '0000-00-00 00:00:00'),
(181, 'Réunion', 'RE', '0000-00-00 00:00:00', '0000-00-00 00:00:00'),
(182, 'Romania', 'RO', '0000-00-00 00:00:00', '0000-00-00 00:00:00'),
(183, 'Russian Federation', 'RU', '0000-00-00 00:00:00', '0000-00-00 00:00:00'),
(184, 'Rwanda', 'RW', '0000-00-00 00:00:00', '0000-00-00 00:00:00'),
(185, 'Saint Barthélemy', 'BL', '0000-00-00 00:00:00', '0000-00-00 00:00:00'),
(186, 'Saint Helena, Ascension and Tristan da Cunha', 'SH', '0000-00-00 00:00:00', '0000-00-00 00:00:00'),
(187, 'Saint Kitts and Nevis', 'KN', '0000-00-00 00:00:00', '0000-00-00 00:00:00'),
(188, 'Saint Lucia', 'LC', '0000-00-00 00:00:00', '0000-00-00 00:00:00'),
(189, 'Saint Martin (French part)', 'MF', '0000-00-00 00:00:00', '0000-00-00 00:00:00'),
(190, 'Saint Pierre and Miquelon', 'PM', '0000-00-00 00:00:00', '0000-00-00 00:00:00'),
(191, 'Saint Vincent and the Grenadines', 'VC', '0000-00-00 00:00:00', '0000-00-00 00:00:00'),
(192, 'Samoa', 'WS', '0000-00-00 00:00:00', '0000-00-00 00:00:00'),
(193, 'San Marino', 'SM', '0000-00-00 00:00:00', '0000-00-00 00:00:00'),
(194, 'Sao Tome and Principe', 'ST', '0000-00-00 00:00:00', '0000-00-00 00:00:00'),
(195, 'Saudi Arabia', 'SA', '0000-00-00 00:00:00', '0000-00-00 00:00:00'),
(196, 'Senegal', 'SN', '0000-00-00 00:00:00', '0000-00-00 00:00:00'),
(197, 'Serbia', 'RS', '0000-00-00 00:00:00', '0000-00-00 00:00:00'),
(198, 'Seychelles', 'SC', '0000-00-00 00:00:00', '0000-00-00 00:00:00'),
(199, 'Sierra Leone', 'SL', '0000-00-00 00:00:00', '0000-00-00 00:00:00'),
(200, 'Singapore', 'SG', '0000-00-00 00:00:00', '0000-00-00 00:00:00'),
(201, 'Sint Maarten (Dutch part)', 'SX', '0000-00-00 00:00:00', '0000-00-00 00:00:00'),
(202, 'Slovakia', 'SK', '0000-00-00 00:00:00', '0000-00-00 00:00:00'),
(203, 'Slovenia', 'SI', '0000-00-00 00:00:00', '0000-00-00 00:00:00'),
(204, 'Solomon Islands', 'SB', '0000-00-00 00:00:00', '0000-00-00 00:00:00'),
(205, 'Somalia', 'SO', '0000-00-00 00:00:00', '0000-00-00 00:00:00'),
(206, 'South Africa', 'ZA', '0000-00-00 00:00:00', '0000-00-00 00:00:00'),
(207, 'South Georgia and the South Sandwich Islands', 'GS', '0000-00-00 00:00:00', '0000-00-00 00:00:00'),
(208, 'South Sudan', 'SS', '0000-00-00 00:00:00', '0000-00-00 00:00:00'),
(209, 'Spain', 'ES', '0000-00-00 00:00:00', '0000-00-00 00:00:00'),
(210, 'Sri Lanka', 'LK', '0000-00-00 00:00:00', '0000-00-00 00:00:00'),
(211, 'Sudan', 'SD', '0000-00-00 00:00:00', '0000-00-00 00:00:00'),
(212, 'Suriname', 'SR', '0000-00-00 00:00:00', '0000-00-00 00:00:00'),
(213, 'Svalbard and Jan Mayen', 'SJ', '0000-00-00 00:00:00', '0000-00-00 00:00:00'),
(214, 'Swaziland', 'SZ', '0000-00-00 00:00:00', '0000-00-00 00:00:00'),
(215, 'Sweden', 'SE', '0000-00-00 00:00:00', '0000-00-00 00:00:00'),
(216, 'Switzerland', 'CH', '0000-00-00 00:00:00', '0000-00-00 00:00:00'),
(217, 'Syrian Arab Republic', 'SY', '0000-00-00 00:00:00', '0000-00-00 00:00:00'),
(218, 'Taiwan, Province of China', 'TW', '0000-00-00 00:00:00', '0000-00-00 00:00:00'),
(219, 'Tajikistan', 'TJ', '0000-00-00 00:00:00', '0000-00-00 00:00:00'),
(220, 'Tanzania, United Republic of', 'TZ', '0000-00-00 00:00:00', '0000-00-00 00:00:00'),
(221, 'Thailand', 'TH', '0000-00-00 00:00:00', '0000-00-00 00:00:00'),
(222, 'Timor-Leste', 'TL', '0000-00-00 00:00:00', '0000-00-00 00:00:00'),
(223, 'Togo', 'TG', '0000-00-00 00:00:00', '0000-00-00 00:00:00'),
(224, 'Tokelau', 'TK', '0000-00-00 00:00:00', '0000-00-00 00:00:00'),
(225, 'Tonga', 'TO', '0000-00-00 00:00:00', '0000-00-00 00:00:00'),
(226, 'Trinidad and Tobago', 'TT', '0000-00-00 00:00:00', '0000-00-00 00:00:00'),
(227, 'Tunisia', 'TN', '0000-00-00 00:00:00', '0000-00-00 00:00:00'),
(228, 'Turkey', 'TR', '0000-00-00 00:00:00', '0000-00-00 00:00:00'),
(229, 'Turkmenistan', 'TM', '0000-00-00 00:00:00', '0000-00-00 00:00:00'),
(230, 'Turks and Caicos Islands', 'TC', '0000-00-00 00:00:00', '0000-00-00 00:00:00'),
(231, 'Tuvalu', 'TV', '0000-00-00 00:00:00', '0000-00-00 00:00:00'),
(232, 'Uganda', 'UG', '0000-00-00 00:00:00', '0000-00-00 00:00:00'),
(233, 'Ukraine', 'UA', '0000-00-00 00:00:00', '0000-00-00 00:00:00'),
(234, 'United Arab Emirates', 'AE', '0000-00-00 00:00:00', '0000-00-00 00:00:00'),
(235, 'United Kingdom of Great Britain and Northern Ireland', 'GB', '0000-00-00 00:00:00', '0000-00-00 00:00:00'),
(236, 'United States Minor Outlying Islands', 'UM', '0000-00-00 00:00:00', '0000-00-00 00:00:00'),
(237, 'United States of America', 'US', '0000-00-00 00:00:00', '0000-00-00 00:00:00'),
(238, 'Uruguay', 'UY', '0000-00-00 00:00:00', '0000-00-00 00:00:00'),
(239, 'Uzbekistan', 'UZ', '0000-00-00 00:00:00', '0000-00-00 00:00:00'),
(240, 'Vanuatu', 'VU', '0000-00-00 00:00:00', '0000-00-00 00:00:00'),
(241, 'Venezuela (Bolivarian Republic of)', 'VE', '0000-00-00 00:00:00', '0000-00-00 00:00:00'),
(242, 'Viet Nam', 'VN', '0000-00-00 00:00:00', '0000-00-00 00:00:00'),
(243, 'Virgin Islands (British)', 'VG', '0000-00-00 00:00:00', '0000-00-00 00:00:00'),
(244, 'Virgin Islands (U.S.)', 'VI', '0000-00-00 00:00:00', '0000-00-00 00:00:00'),
(245, 'Wallis and Futuna', 'WF', '0000-00-00 00:00:00', '0000-00-00 00:00:00'),
(246, 'Western Sahara', 'EH', '0000-00-00 00:00:00', '0000-00-00 00:00:00'),
(247, 'Yemen', 'YE', '0000-00-00 00:00:00', '0000-00-00 00:00:00'),
(248, 'Zambia', 'ZM', '0000-00-00 00:00:00', '0000-00-00 00:00:00'),
(249, 'Zimbabwe', 'ZW', '0000-00-00 00:00:00', '0000-00-00 00:00:00');

-- --------------------------------------------------------

--
-- Table structure for table `custom_pages`
--

CREATE TABLE IF NOT EXISTS `custom_pages` (
  `id` bigint UNSIGNED NOT NULL AUTO_INCREMENT,
  `page_name` longtext CHARACTER SET utf8mb4 COLLATE utf8mb4_unicode_ci NOT NULL,
  `slug` varchar(191) CHARACTER SET utf8mb4 COLLATE utf8mb4_unicode_ci NOT NULL,
  `description` longtext CHARACTER SET utf8mb4 COLLATE utf8mb4_unicode_ci NOT NULL,
  `status` tinyint NOT NULL,
  `created_at` timestamp NULL DEFAULT NULL,
  `updated_at` timestamp NULL DEFAULT NULL,
  PRIMARY KEY (`id`)
) ENGINE=InnoDB AUTO_INCREMENT=4 DEFAULT CHARSET=utf8mb4 COLLATE=utf8mb4_unicode_ci;

--
-- Dumping data for table `custom_pages`
--

INSERT INTO `custom_pages` (`id`, `page_name`, `slug`, `description`, `status`, `created_at`, `updated_at`) VALUES
(2, 'Custom Page One', 'custom-page-one', '<p><p>Appetere fabellas ius te. Nonumes splendide deseruisse ea vis, alii velit vel eu. Eos ut scaevola platonem rationibus. Vis natum vivendo sententiae in, ea aperiam apeirian pri, in partem eleifend quo. Pro ex nobis utinam, nam et vidit numquam fastidii, ne per munere adolescens.</p>Te soleat legendos molestiae cum. Tale sanctus invidunt cu per, quo at modo recteque elaboraret. Ex mazim homero per. Eu nec exerci doctus, cu mei oblique copiosae. Consul diceret usu ne.<br>Sit vivendum eleifend adipiscing ea. Modus legere suscipiantur an vel, melius patrioque est cu, eum at audire probatus repudiandae. Ei tempor definitiones eam, sea dico omnium ne. Eam ad ubique tincidunt elaboraret, malis aperiri sit et. Ut quo vero inimicus. Sed at munere fuisset noluisse, eleifend senserit an vix.</p><p>Sint dignissim consectetuer nec et, per ad probatus referrentur, vel cu consequat sententiae. Ad duis fugit dictas mea, et cum stet oratio cetero. Ne pri omittam fastidii. No per harum dicant neglegentur, sea ei esse volumus adolescens. Nulla argumentum at pri, vel apeirian principes in. An dicam dicant consul mea, ne per option appetere argumentum, vim legere senserit et.</p><p>Vim exerci sadipscing in, est simul recteque ei, dictas repudiandae comprehensam cu usu. Te melius veritus tibique pri. Sea nonumy euismod deserunt te. Ad ius nullam malorum assueverit.</p><p>There are many variations of passages of Lo rem Ipsum available but the majorty have suffered in as some form, by injected humour, or randomised words which don\'t look even slightly believable. If you are going to use a passage of Lorem Ipsum, you need to be sure there isn\'t anythng embarrassing as hidden in the middle of text.<br></p>', 1, '2022-10-24 07:50:06', '2022-11-03 10:43:24');

-- --------------------------------------------------------

--
-- Table structure for table `custom_page_translations`
--

CREATE TABLE IF NOT EXISTS `custom_page_translations` (
  `id` bigint UNSIGNED NOT NULL AUTO_INCREMENT,
  `custom_page_id` bigint UNSIGNED NOT NULL,
  `language_code` varchar(255) CHARACTER SET utf8mb4 COLLATE utf8mb4_unicode_ci NOT NULL,
  `page_name` varchar(255) CHARACTER SET utf8mb4 COLLATE utf8mb4_unicode_ci DEFAULT NULL,
  `description` longtext CHARACTER SET utf8mb4 COLLATE utf8mb4_unicode_ci,
  `created_at` timestamp NULL DEFAULT NULL,
  `updated_at` timestamp NULL DEFAULT NULL,
  PRIMARY KEY (`id`)
) ENGINE=InnoDB AUTO_INCREMENT=6 DEFAULT CHARSET=utf8mb4 COLLATE=utf8mb4_unicode_ci;

--
-- Dumping data for table `custom_page_translations`
--

INSERT INTO `custom_page_translations` (`id`, `custom_page_id`, `language_code`, `page_name`, `description`, `created_at`, `updated_at`) VALUES
(1, 2, 'en', 'Custom Page One', '<p><p>Appetere fabellas ius te. Nonumes splendide deseruisse ea vis, alii velit vel eu. Eos ut scaevola platonem rationibus. Vis natum vivendo sententiae in, ea aperiam apeirian pri, in partem eleifend quo. Pro ex nobis utinam, nam et vidit numquam fastidii, ne per munere adolescens.</p>Te soleat legendos molestiae cum. Tale sanctus invidunt cu per, quo at modo recteque elaboraret. Ex mazim homero per. Eu nec exerci doctus, cu mei oblique copiosae. Consul diceret usu ne.<br>Sit vivendum eleifend adipiscing ea. Modus legere suscipiantur an vel, melius patrioque est cu, eum at audire probatus repudiandae. Ei tempor definitiones eam, sea dico omnium ne. Eam ad ubique tincidunt elaboraret, malis aperiri sit et. Ut quo vero inimicus. Sed at munere fuisset noluisse, eleifend senserit an vix.</p><p>Sint dignissim consectetuer nec et, per ad probatus referrentur, vel cu consequat sententiae. Ad duis fugit dictas mea, et cum stet oratio cetero. Ne pri omittam fastidii. No per harum dicant neglegentur, sea ei esse volumus adolescens. Nulla argumentum at pri, vel apeirian principes in. An dicam dicant consul mea, ne per option appetere argumentum, vim legere senserit et.</p><p>Vim exerci sadipscing in, est simul recteque ei, dictas repudiandae comprehensam cu usu. Te melius veritus tibique pri. Sea nonumy euismod deserunt te. Ad ius nullam malorum assueverit.</p><p>There are many variations of passages of Lo rem Ipsum available but the majorty have suffered in as some form, by injected humour, or randomised words which don\'t look even slightly believable. If you are going to use a passage of Lorem Ipsum, you need to be sure there isn\'t anythng embarrassing as hidden in the middle of text.<br></p>', '2023-10-22 04:39:49', '2023-10-22 04:39:49'),
(2, 2, 'bn', 'কাস্টম পৃষ্ঠা এক', '<p>ডিসক্রিপ্সহন</p>', '2023-10-22 04:39:51', '2023-10-22 04:42:30'),
(5, 2, 'ar', 'صفحة مخصصة واحدة', NULL, '2023-10-31 06:03:12', '2023-10-31 06:03:12');

-- --------------------------------------------------------

--
-- Table structure for table `custom_paginations`
--

CREATE TABLE IF NOT EXISTS `custom_paginations` (
  `id` bigint UNSIGNED NOT NULL AUTO_INCREMENT,
  `page_name` varchar(255) CHARACTER SET utf8mb4 COLLATE utf8mb4_unicode_ci NOT NULL,
  `qty` int NOT NULL DEFAULT '1',
  `created_at` timestamp NULL DEFAULT NULL,
  `updated_at` timestamp NULL DEFAULT NULL,
  PRIMARY KEY (`id`)
) ENGINE=InnoDB AUTO_INCREMENT=7 DEFAULT CHARSET=utf8mb4 COLLATE=utf8mb4_unicode_ci;

--
-- Dumping data for table `custom_paginations`
--

INSERT INTO `custom_paginations` (`id`, `page_name`, `qty`, `created_at`, `updated_at`) VALUES
(1, 'Blog Page', 6, NULL, '2022-02-07 08:39:56'),
(2, 'Property', 12, NULL, '2022-01-30 10:23:33'),
(3, 'Agent', 10, NULL, '2022-06-11 11:13:13'),
(4, 'Language', 10, NULL, '2022-06-11 11:13:17');

-- --------------------------------------------------------

--
-- Table structure for table `email_templates`
--

CREATE TABLE IF NOT EXISTS `email_templates` (
  `id` bigint UNSIGNED NOT NULL AUTO_INCREMENT,
  `name` text CHARACTER SET utf8mb4 COLLATE utf8mb4_unicode_ci,
  `subject` text CHARACTER SET utf8mb4 COLLATE utf8mb4_unicode_ci,
  `description` text CHARACTER SET utf8mb4 COLLATE utf8mb4_unicode_ci,
  `created_at` timestamp NULL DEFAULT NULL,
  `updated_at` timestamp NULL DEFAULT NULL,
  PRIMARY KEY (`id`)
) ENGINE=InnoDB AUTO_INCREMENT=10 DEFAULT CHARSET=utf8mb4 COLLATE=utf8mb4_unicode_ci;

--
-- Dumping data for table `email_templates`
--

INSERT INTO `email_templates` (`id`, `name`, `subject`, `description`, `created_at`, `updated_at`) VALUES
(1, 'Password Reset', 'Password Reset', '<h4>Dear <b>{{name}}</b>,</h4>\\r\\n    <p>Do you want to reset your password? Please Copy and past this code</p>', NULL, '2022-06-11 10:43:01'),
(2, 'Contact Email', 'Contact Email', '<p>Name: <b>{{name}}</b></p><p>\r\n\r\nEmail: <b>{{email}}</b></p><p>\r\n\r\nPhone: <b>{{phone}}</b></p><p><span style=\"background-color: transparent;\">Subject: <b>{{subject}}</b></span></p><p>\r\n\r\nMessage: <b>{{message}}</b></p>', NULL, '2021-12-10 23:44:34'),
(3, 'Subscribe Notification', 'Subscribe Notification', '<h2><b>Hi there</b>,</h2><p>\r\nCongratulations! Your Subscription has been created successfully. Please copy and past this code and Verified Your Subscription. If you won\'t verified, after 24hourse your subscription will be deny</p>', NULL, '2021-12-10 23:44:53'),
(4, 'User Verification', 'User Verification', '<p>Dear <b>{{user_name}}</b>,\n</p><p>Congratulations! Your Account has been created successfully. Please copy and past and Active your Account.</p>', NULL, '2021-12-10 23:45:25'),
(6, 'Order Successfully', 'Order Successfully', '<p>Hi {{user_name}},</p><p> \r\nThanks for your new order. Your order id has been submited .</p><p>Total Amount : {{amount}},</p><p>Payment Method : {{payment_method}},</p><p>Order Detail: {{order_details}}</p>', NULL, '2022-11-02 06:49:09'),
(8, 'Payment Accept', 'Payment Accept', 'Hi {{user_name}}, Your Payment have been approved successfully', NULL, '2022-02-05 08:59:34'),
(9, 'Renew Package', 'Renew Package', '<p>Hi {{user_name}},</p><p> \r\nThanks for your new order. Your order id has been submited .</p><p>Total Amount : {{amount}},</p><p>Payment Method : {{payment_method}},</p><p>Order Detail: {{order_details}}</p>', NULL, '2022-11-02 06:49:09');

-- --------------------------------------------------------

--
-- Table structure for table `error_pages`
--

CREATE TABLE IF NOT EXISTS `error_pages` (
  `id` bigint UNSIGNED NOT NULL AUTO_INCREMENT,
  `page_name` varchar(255) CHARACTER SET utf8mb4 COLLATE utf8mb4_unicode_ci NOT NULL,
  `page_number` varchar(255) CHARACTER SET utf8mb4 COLLATE utf8mb4_unicode_ci DEFAULT NULL,
  `header` varchar(255) CHARACTER SET utf8mb4 COLLATE utf8mb4_unicode_ci NOT NULL,
  `button_text` varchar(255) CHARACTER SET utf8mb4 COLLATE utf8mb4_unicode_ci NOT NULL,
  `description` varchar(255) CHARACTER SET utf8mb4 COLLATE utf8mb4_unicode_ci DEFAULT NULL,
  `created_at` timestamp NULL DEFAULT NULL,
  `updated_at` timestamp NULL DEFAULT NULL,
  PRIMARY KEY (`id`)
) ENGINE=InnoDB AUTO_INCREMENT=4 DEFAULT CHARSET=utf8mb4 COLLATE=utf8mb4_unicode_ci;

--
-- Dumping data for table `error_pages`
--

INSERT INTO `error_pages` (`id`, `page_name`, `page_number`, `header`, `button_text`, `description`, `created_at`, `updated_at`) VALUES
(1, '404 Page', '404', 'That Page Doesn\'t Exist!', 'Go to Home', 'Sorry, the page you were looking for could not be found.', NULL, '2022-11-07 09:43:32'),
(2, '500 Error', '500', 'That Page Doesn\'t Exist!', 'Go to Home', 'Sorry, the page you were looking for could not be found.', NULL, '2022-11-07 09:43:37'),
(3, '505 Error', '505', 'That Page Doesn\'t Exist!', 'Go to Home', 'Sorry, the page you were looking for could not be found.', NULL, '2022-11-07 09:43:42');

-- --------------------------------------------------------

--
-- Table structure for table `facebook_comments`
--

CREATE TABLE IF NOT EXISTS `facebook_comments` (
  `id` bigint UNSIGNED NOT NULL AUTO_INCREMENT,
  `app_id` varchar(255) CHARACTER SET utf8mb4 COLLATE utf8mb4_unicode_ci DEFAULT NULL,
  `comment_type` int NOT NULL DEFAULT '1',
  `created_at` timestamp NULL DEFAULT NULL,
  `updated_at` timestamp NULL DEFAULT NULL,
  PRIMARY KEY (`id`)
) ENGINE=InnoDB AUTO_INCREMENT=2 DEFAULT CHARSET=utf8mb4 COLLATE=utf8mb4_unicode_ci;

--
-- Dumping data for table `facebook_comments`
--

INSERT INTO `facebook_comments` (`id`, `app_id`, `comment_type`, `created_at`, `updated_at`) VALUES
(1, 'test', 1, NULL, '2022-06-11 11:07:29');

-- --------------------------------------------------------

--
-- Table structure for table `facebook_pixels`
--

CREATE TABLE IF NOT EXISTS `facebook_pixels` (
  `id` bigint UNSIGNED NOT NULL AUTO_INCREMENT,
  `status` int NOT NULL DEFAULT '0',
  `app_id` varchar(255) CHARACTER SET utf8mb4 COLLATE utf8mb4_unicode_ci DEFAULT NULL,
  `created_at` timestamp NULL DEFAULT NULL,
  `updated_at` timestamp NULL DEFAULT NULL,
  PRIMARY KEY (`id`)
) ENGINE=InnoDB AUTO_INCREMENT=2 DEFAULT CHARSET=utf8mb4 COLLATE=utf8mb4_unicode_ci;

--
-- Dumping data for table `facebook_pixels`
--

INSERT INTO `facebook_pixels` (`id`, `status`, `app_id`, `created_at`, `updated_at`) VALUES
(1, 1, 'fsdf45sdf4sdf', NULL, '2022-06-11 11:17:42');

-- --------------------------------------------------------

--
-- Table structure for table `failed_jobs`
--

CREATE TABLE IF NOT EXISTS `failed_jobs` (
  `id` bigint UNSIGNED NOT NULL AUTO_INCREMENT,
  `uuid` varchar(255) CHARACTER SET utf8mb4 COLLATE utf8mb4_unicode_ci NOT NULL,
  `connection` text CHARACTER SET utf8mb4 COLLATE utf8mb4_unicode_ci NOT NULL,
  `queue` text CHARACTER SET utf8mb4 COLLATE utf8mb4_unicode_ci NOT NULL,
  `payload` longtext CHARACTER SET utf8mb4 COLLATE utf8mb4_unicode_ci NOT NULL,
  `exception` longtext CHARACTER SET utf8mb4 COLLATE utf8mb4_unicode_ci NOT NULL,
  `failed_at` timestamp NOT NULL DEFAULT CURRENT_TIMESTAMP,
  PRIMARY KEY (`id`),
  UNIQUE KEY `failed_jobs_uuid_unique` (`uuid`)
) ENGINE=InnoDB DEFAULT CHARSET=utf8mb4 COLLATE=utf8mb4_unicode_ci;

-- --------------------------------------------------------

--
-- Table structure for table `faqs`
--

CREATE TABLE IF NOT EXISTS `faqs` (
  `id` bigint UNSIGNED NOT NULL AUTO_INCREMENT,
  `question` varchar(255) CHARACTER SET utf8mb4 COLLATE utf8mb4_unicode_ci DEFAULT NULL,
  `answer` text CHARACTER SET utf8mb4 COLLATE utf8mb4_unicode_ci,
  `status` int NOT NULL DEFAULT '1',
  `created_at` timestamp NULL DEFAULT NULL,
  `updated_at` timestamp NULL DEFAULT NULL,
  PRIMARY KEY (`id`)
) ENGINE=InnoDB AUTO_INCREMENT=9 DEFAULT CHARSET=utf8mb4 COLLATE=utf8mb4_unicode_ci;

--
-- Dumping data for table `faqs`
--

INSERT INTO `faqs` (`id`, `question`, `answer`, `status`, `created_at`, `updated_at`) VALUES
(2, 'Who Are Our Clients?', '<p>Te soleat legendos molestiae cum. Tale sanctus invidunt cu per, quo at modo recteque elaboraret. Ex mazim homero per. Eu nec exerci doctus, cu mei oblique copiosae. Consul diceret usu ne.<br></p>', 1, '2022-09-22 13:27:39', '2022-11-03 10:46:36'),
(3, 'How To Buy a Product ?', '<p>Usu ad solet diceret, usu at appetere percipit appellantur, te est primis audire gloriatur. Scripta noluisse no mel, vis ne decore ridens labitur. Stet erant saepe eu mea. An mel dolore salutandi abhorreant. An quo aliquip maluisset, mea quaeque indoctum in, pro augue veritus praesent te.<br></p>', 1, '2022-09-22 13:28:08', '2022-11-03 10:47:12'),
(4, 'How to make a payment by credit card?', '<p>Lorem ipsum dolor sit amet, consectetur adipisicing elit. Facere cum eum quas, maiores nobis tempore tenetur. Rem labore quasi quod doloremque dolores commodi neque inventore maxime aut, dicta minima ratione tempora, odio nobis distinctio aliquid ex. Nesciunt fuga, officiis impedit, alias, id consequuntur deleniti, dolores explicabo quibusdam nihil eligendi delectus sunt nam nisi architecto vitae provident quae hic! Qui aperiam asperiores repellat cumque consectetur provident reiciendis, quam architecto error, eaque.<br></p>', 1, '2022-09-22 13:28:20', '2022-11-03 10:47:59'),
(5, 'What are FAQ questions?', '<p>Lorem ipsum dolor sit amet, qui assum oblique praesent te. Quo ei erant essent scaevola, est ut clita dolorem, ei est mazim fuisset scribentur. Mel ut decore salutandi intellegam. Labitur epicurei vis cu, in mei rationibus consequuntur. Duo eu modus periculis, inermis detracto expetendis<br></p>', 1, '2022-09-22 13:28:36', '2022-11-03 10:48:25'),
(7, 'Why Lorem Ipsum is bad?', '<p>Ut qui eligendi urbanitas. Assum periculis te mel, libris quidam te sit. Qui nisl nemore eleifend id, in illud ullum sea. Ut nusquam sapientem comprehensam ius. His molestie complectitur ex.<br></p>', 1, '2022-11-03 10:48:58', '2022-11-03 10:48:58'),
(8, 'What should FAQ contain?', '<p>Per ex vero nonumy. Ius eu doming nominavi mediocrem, aliquid efficiantur no vim, sanctus admodum mnesarchum ad pro. No sea invidunt partiendo. No postea numquam ocurreret duo, unum abhorreant cu nam, fugit fastidii percipitur nam id.<br></p>', 1, '2022-11-03 10:49:29', '2022-11-03 10:49:29');

-- --------------------------------------------------------

--
-- Table structure for table `faq_translations`
--

CREATE TABLE IF NOT EXISTS `faq_translations` (
  `id` bigint UNSIGNED NOT NULL AUTO_INCREMENT,
  `faq_id` bigint UNSIGNED NOT NULL,
  `language_code` varchar(255) CHARACTER SET utf8mb4 COLLATE utf8mb4_unicode_ci NOT NULL,
  `question` varchar(255) CHARACTER SET utf8mb4 COLLATE utf8mb4_unicode_ci DEFAULT NULL,
  `answer` text CHARACTER SET utf8mb4 COLLATE utf8mb4_unicode_ci,
  `created_at` timestamp NULL DEFAULT NULL,
  `updated_at` timestamp NULL DEFAULT NULL,
  PRIMARY KEY (`id`)
) ENGINE=InnoDB AUTO_INCREMENT=19 DEFAULT CHARSET=utf8mb4 COLLATE=utf8mb4_unicode_ci;

--
-- Dumping data for table `faq_translations`
--

INSERT INTO `faq_translations` (`id`, `faq_id`, `language_code`, `question`, `answer`, `created_at`, `updated_at`) VALUES
(1, 2, 'en', 'Who Are Our Clients?', '<p>Te soleat legendos molestiae cum. Tale sanctus invidunt cu per, quo at modo recteque elaboraret. Ex mazim homero per. Eu nec exerci doctus, cu mei oblique copiosae. Consul diceret usu ne.<br></p>', '2023-10-22 09:50:01', '2023-10-22 09:55:42'),
(2, 2, 'bn', 'আমাদের ক্লায়েন্ট কারা?', '<p>আপনার সাধারণত পড়তে সমস্যা হয়। তারা এমন একজন সাধককে হিংসা করেছিল যার সাথে তিনি সঠিক পথে কাজ করেছিলেন। মাধ্যমে মহান হোমার থেকে সে খেলাধুলায় শেখা হয়নি, আমার তির্যকভাবে প্রচুর হাত দিয়ে। কনসাল বলবেন অনুশীলন না করতে।<br></p>', '2023-10-22 09:50:30', '2023-10-22 09:55:46'),
(3, 3, 'en', 'How To Buy a Product ?', '<p>Usu ad solet diceret, usu at appetere percipit appellantur, te est primis audire gloriatur. Scripta noluisse no mel, vis ne decore ridens labitur. Stet erant saepe eu mea. An mel dolore salutandi abhorreant. An quo aliquip maluisset, mea quaeque indoctum in, pro augue veritus praesent te.<br></p>', '2023-10-22 09:52:27', '2023-10-22 09:57:46'),
(4, 3, 'bn', 'কিভাবে একটি পণ্য কিনবেন?', '<p>উসু বিজ্ঞাপনে বলতেন, ব্যবহার করুন কিন্তু ক্ষুধার্ত তাদের বলা হয়, তিনি আপনার কথা শুনে গর্বিত। সে লিখতে চায়নি, সোনা, তুমি লাবণ্যের সাথে হাসতে হাসতে স্লাইড করতে চাও। তারা প্রায়ই আমার ফুটবল ছিল. তারা কি বেদনায় মধুকে বরণ করতে নারাজ? অথবা যেটি কেউ পছন্দ করবে, আমার সমস্ত নির্দেশ ছাড়াই, প্রচারের ভয়ে আমি আপনাকে উপস্থাপন করছি।<br></p>', '2023-10-22 09:55:54', '2023-10-22 09:55:54'),
(5, 4, 'bn', 'কিভাবে ক্রেডিট কার্ড দ্বারা একটি পেমেন্ট করতে?', '<p>ব্যথা নিজেই গুরুত্বপূর্ণ, এডিপিসিং অনুসরণ করা হবে। তাকে নিয়ে কী করবেন, বড়রা তখন আমাদের কাছে আবদ্ধ। মনে হয় যে বেদনা এবং যন্ত্রণা উদ্ভাবকের জন্য কোন উপকারী ছিল না, বা, যেমনটি বলা হয়, সামান্যতম কারণে, আমাদের মধ্যে পার্থক্য ঘৃণার বাইরে কিছু। তারা জানে না যে ফ্লাইট তাদের দায়িত্বে হস্তক্ষেপ করে, অন্য সময়, এটি অসাবধানতার ফল দেয়, আমি কিছু লোককে ব্যথা ব্যাখ্যা করব, তারা বেছে নেওয়া হয়েছে কারণ তাদের জীবনের স্থপতি ছাড়া আর কোন উপায় নেই এখানে যা আছে তার জন্য! স্থপতি এবং তাদের ভুলের চেয়ে, যিনি রুক্ষতাকে ঠেকিয়ে দেন, এবং তার পরিণতি প্রত্যাখ্যানের দ্বারা প্রদান করা হয়।<br></p>', '2023-10-22 09:55:59', '2023-10-22 09:55:59'),
(6, 5, 'bn', 'FAQ প্রশ্ন কি?', '<p>বেদনা নিজেই বোঝা হয়ে যাক, যা তোমাকে তির্যকভাবে উপস্থাপন করে। যেখানে তারা তার জন্য স্ক্যাভোলাস ছিল, এটি যে তিনি ব্যথা সহ্য করতেন, এটি তার জন্য যে তারা আরও লেখা হত। মধু, আমি বুঝতে পারছি কিভাবে তাদের করুণার সাথে অভিবাদন জানাতে হয়। এপিকিউরিয়ানদের ক্ষমতা স্খলিত হয়, এবং তারা আমার যুক্তিতে পরিণত হয়। ফুটবলের দুটি উপায় হল বিপদ, নিরস্ত্র, খুঁজছি<br></p>', '2023-10-22 09:56:04', '2023-10-22 09:56:04'),
(7, 7, 'bn', 'কেন Lorem Ipsum খারাপ?', '<p>ভদ্রতা বেছে নিতে। আমি তোমাকে বিপদে ভাজতে দাও, মধু, কিছু বই তোমার হোক। যারা গেমটি খেলতে চান, তারা যেকোন ভাবেই হোক। যেমন জ্ঞানী মানুষ কখনো অধিকার আঁকড়ে ধরেননি। এই কর্মচারীদের মধ্যে প্রাক্তন৷<br></p>৷', '2023-10-22 09:56:10', '2023-10-22 09:56:10'),
(8, 8, 'bn', 'FAQ তে কী থাকা উচিত?', '<p>প্রাক্তন ভেরো অনামি। আমি ডান ফুটবল ডমিং গড় উল্লেখ, কিছু কোন জোর করা উচিত, একটি খুব পবিত্র mnesarchus বিজ্ঞাপন প্রো. বিভক্তি করে সমুদ্রকে ঈর্ষা করো না। কিন্তু তারপরে দুটি জিনিস কখনই ঘটবে না, কারণ একটি জিনিস ঘৃণ্য, কারণ এটি ঘৃণার ফ্লাইট হিসাবে বিবেচিত হয়৷<br></p>', '2023-10-22 09:56:15', '2023-10-22 09:56:15'),
(9, 8, 'en', 'What should FAQ contain?', '<p>Per ex vero nonumy. Ius eu doming nominavi mediocrem, aliquid efficiantur no vim, sanctus admodum mnesarchum ad pro. No sea invidunt partiendo. No postea numquam ocurreret duo, unum abhorreant cu nam, fugit fastidii percipitur nam id.<br></p>', '2023-10-22 09:57:44', '2023-10-22 09:57:44'),
(10, 4, 'en', 'How to make a payment by credit card?', '<p>Lorem ipsum dolor sit amet, consectetur adipisicing elit. Facere cum eum quas, maiores nobis tempore tenetur. Rem labore quasi quod doloremque dolores commodi neque inventore maxime aut, dicta minima ratione tempora, odio nobis distinctio aliquid ex. Nesciunt fuga, officiis impedit, alias, id consequuntur deleniti, dolores explicabo quibusdam nihil eligendi delectus sunt nam nisi architecto vitae provident quae hic! Qui aperiam asperiores repellat cumque consectetur provident reiciendis, quam architecto error, eaque.<br></p>', '2023-10-22 09:57:48', '2023-10-22 09:57:48'),
(11, 5, 'en', 'What are FAQ questions?', '<p>Lorem ipsum dolor sit amet, qui assum oblique praesent te. Quo ei erant essent scaevola, est ut clita dolorem, ei est mazim fuisset scribentur. Mel ut decore salutandi intellegam. Labitur epicurei vis cu, in mei rationibus consequuntur. Duo eu modus periculis, inermis detracto expetendis<br></p>', '2023-10-22 09:57:49', '2023-10-22 09:57:49'),
(12, 7, 'en', 'Why Lorem Ipsum is bad?', '<p>Ut qui eligendi urbanitas. Assum periculis te mel, libris quidam te sit. Qui nisl nemore eleifend id, in illud ullum sea. Ut nusquam sapientem comprehensam ius. His molestie complectitur ex.<br></p>', '2023-10-22 09:57:52', '2023-10-22 09:57:52'),
(13, 2, 'ar', 'من هم عملاؤنا؟', '<p>عادةً ما تواجه مشكلة في القراءة. لقد حسدوا مثل هذا القديس الذي عمل معه بالطريقة الصحيحة. من هوميروس العظيم من خلال لم يكن متعلمًا في هذه الرياضة، بيدي الوفيرة بشكل غير مباشر. سيقول القنصل لا تمارس المهنة.<br></p>', '2023-10-31 06:03:44', '2023-10-31 06:03:45'),
(14, 3, 'ar', 'كيفية شراء المنتج؟', '<p>كان إعلان المستخدم يقول، استخدم ولكن يطلق عليهم اسم فاتح للشهية، وهو فخور بسماعك أولاً. لم يكن يريد أن يكتب يا عزيزتي، تريد أن تنزلق تضحك بنعمة. لقد كانوا في كثير من الأحيان كرة القدم الخاصة بي. هل يترددون في استقبال العسل بالألم؟ أو ما كان يفضله أي شخص، كل ما عندي من معلومات، أقدمه لك خوفًا من الدعاية.<br></p>', '2023-10-31 06:03:44', '2023-10-31 06:03:45'),
(15, 4, 'ar', 'كيفية إجراء الدفع عن طريق بطاقة الائتمان؟', '<p>الألم في حد ذاته مهم، وسيتم اتباع عملية الترطيب. لنفعل معه ما، فإن الشيوخ ملزمون بنا في ذلك الوقت. يبدو الأمر كما لو أن الآلام والمعاناة لم تكن ذات فائدة كبيرة للمخترع، أو، كما يقال عن الزمن، على أقل تقدير، فإن التمييز بيننا هو شيء من الكراهية. لا يعلمون أن الطيران يتعارض مع واجباتهم، وفي أحيان أخرى يؤدي إلى الإهمال، سأشرح الآلام للبعض، يتم اختيارهم لأنه ليس لديهم خيار سوى مهندس الحياة لتوفير ما هو هنا! فمن يرد الفتح الأشد خشونة، وما يترتب على الرفض من عواقب، من خطأ المعماري، وعليهم.<br></p>', '2023-10-31 06:03:45', '2023-10-31 06:03:46'),
(16, 5, 'ar', 'ما هي الأسئلة الشائعة؟', '<p>دع الألم نفسه يكون عبئًا، يعرضك بشكل غير مباشر. حيث كانوا من أجله كانوا scaevolas، فهو كان سيعاني من الألم، وكان من أجله أنهم كانوا سيكتبون أكثر. عزيزتي، أنا أفهم كيف أحييهم بالنعمة. تنزلق قوة الأبيقوري، ويؤدي ذلك إلى تفكيري. طريقتان لكرة القدم مخاطر، غير مسلحة، تبحث عن<br></p>', '2023-10-31 06:03:53', '2023-10-31 06:03:54'),
(17, 7, 'ar', 'لماذا يعتبر لوريم إيبسوم سيئا؟', '<p>لاختيار المداراة. دعني أحميك بالمخاطر يا عزيزتي، ودع كتابًا ما يكون لك. من يريد أن يلعب اللعبة فليكن بأي شكل من الأشكال. كما أن الحكيم لم يستوعب الحق قط. ومن بين هؤلاء الموظفين، على سبيل المثال.<br></p>', '2023-10-31 06:03:54', '2023-10-31 06:03:54'),
(18, 8, 'ar', 'ما الذي يجب أن تحتويه الأسئلة الشائعة؟', '<p>بحكم عدم الفعل. لقد ذكرت متوسط ​​هيمنة كرة القدم الصحيح، وهو أمر لا ينبغي القيام به بأي قوة، وهو إعلان مقدس للغاية. لا تحسدوا البحر بتقسيمه. ولكن بعد ذلك لن يحدث الأمران أبدًا، لأن شيئًا واحدًا بغيض، لأنه يُنظر إليه على أنه هروب من الاشمئزاز.<br></p>', '2023-10-31 06:03:54', '2023-10-31 06:03:55');

-- --------------------------------------------------------

--
-- Table structure for table `footers`
--

CREATE TABLE IF NOT EXISTS `footers` (
  `id` bigint UNSIGNED NOT NULL AUTO_INCREMENT,
  `phone` varchar(255) CHARACTER SET utf8mb4 COLLATE utf8mb4_unicode_ci DEFAULT NULL,
  `email` varchar(255) CHARACTER SET utf8mb4 COLLATE utf8mb4_unicode_ci DEFAULT NULL,
  `address` varchar(255) CHARACTER SET utf8mb4 COLLATE utf8mb4_unicode_ci DEFAULT NULL,
  `first_column` varchar(255) CHARACTER SET utf8mb4 COLLATE utf8mb4_unicode_ci DEFAULT NULL,
  `second_column` varchar(255) CHARACTER SET utf8mb4 COLLATE utf8mb4_unicode_ci DEFAULT NULL,
  `third_column` varchar(255) CHARACTER SET utf8mb4 COLLATE utf8mb4_unicode_ci DEFAULT NULL,
  `copyright` varchar(191) CHARACTER SET utf8mb4 COLLATE utf8mb4_unicode_ci DEFAULT NULL,
  `created_at` timestamp NULL DEFAULT NULL,
  `updated_at` timestamp NULL DEFAULT NULL,
  PRIMARY KEY (`id`)
) ENGINE=InnoDB AUTO_INCREMENT=2 DEFAULT CHARSET=utf8mb4 COLLATE=utf8mb4_unicode_ci;

--
-- Dumping data for table `footers`
--

INSERT INTO `footers` (`id`, `phone`, `email`, `address`, `first_column`, `second_column`, `third_column`, `copyright`, `created_at`, `updated_at`) VALUES
(1, '+1347-430-9510', 'websolutionus1@gmail.com', '7232 Broadway Suite 308, Jackson Heights, 11372, NY, United States', 'Important Links', 'General Links', 'Social Media', 'Copyright 2024 WebSolutionUs  All Rights Reserved.', NULL, '2022-11-03 10:35:47');

-- --------------------------------------------------------

--
-- Table structure for table `footer_links`
--

CREATE TABLE IF NOT EXISTS `footer_links` (
  `id` bigint UNSIGNED NOT NULL AUTO_INCREMENT,
  `column` varchar(255) CHARACTER SET utf8mb4 COLLATE utf8mb4_unicode_ci DEFAULT NULL,
  `link` varchar(255) CHARACTER SET utf8mb4 COLLATE utf8mb4_unicode_ci DEFAULT NULL,
  `title` varchar(255) CHARACTER SET utf8mb4 COLLATE utf8mb4_unicode_ci DEFAULT NULL,
  `created_at` timestamp NULL DEFAULT NULL,
  `updated_at` timestamp NULL DEFAULT NULL,
  PRIMARY KEY (`id`)
) ENGINE=InnoDB AUTO_INCREMENT=10 DEFAULT CHARSET=utf8mb4 COLLATE=utf8mb4_unicode_ci;

--
-- Dumping data for table `footer_links`
--

INSERT INTO `footer_links` (`id`, `column`, `link`, `title`, `created_at`, `updated_at`) VALUES
(1, '1', 'https://shopo-ecom.vercel.app/about', 'About Us', '2022-09-20 08:19:02', '2022-09-26 09:56:32'),
(2, '1', 'https://shopo-ecom.vercel.app/terms-condition', 'Terms Condition', '2022-09-20 08:19:15', '2022-09-26 09:56:38'),
(3, '1', 'https://shopo.quomodosoft.xyz/Documentation', 'Documentation', '2022-09-20 08:19:24', '2022-09-26 07:14:56'),
(4, '2', 'https://shopo-ecom.vercel.app/blogs', 'Blog', '2022-09-20 08:19:38', '2022-09-26 09:56:12'),
(5, '2', 'https://shopo-ecom.vercel.app/sallers', 'shop', '2022-09-20 08:19:46', '2022-09-26 09:56:17'),
(6, '2', 'https://shopo-ecom.vercel.app/faq', 'Support', '2022-09-20 08:19:52', '2022-09-26 09:56:22'),
(7, '3', 'https://shopo-ecom.vercel.app/about', 'About Us', '2022-09-20 08:20:05', '2022-09-26 09:55:52'),
(8, '3', 'https://shopo-ecom.vercel.app/products?highlight=popular_category', 'Popular Category', '2022-09-20 08:20:11', '2022-09-26 09:55:38'),
(9, '3', 'https://shopo-ecom.vercel.app/contact', 'Contact Us', '2022-09-20 08:20:19', '2022-09-26 09:56:03');

-- --------------------------------------------------------

--
-- Table structure for table `footer_social_links`
--

CREATE TABLE IF NOT EXISTS `footer_social_links` (
  `id` bigint UNSIGNED NOT NULL AUTO_INCREMENT,
  `link` varchar(255) CHARACTER SET utf8mb4 COLLATE utf8mb4_unicode_ci DEFAULT NULL,
  `icon` varchar(255) CHARACTER SET utf8mb4 COLLATE utf8mb4_unicode_ci DEFAULT NULL,
  `created_at` timestamp NULL DEFAULT NULL,
  `updated_at` timestamp NULL DEFAULT NULL,
  PRIMARY KEY (`id`)
) ENGINE=InnoDB AUTO_INCREMENT=7 DEFAULT CHARSET=utf8mb4 COLLATE=utf8mb4_unicode_ci;

--
-- Dumping data for table `footer_social_links`
--

INSERT INTO `footer_social_links` (`id`, `link`, `icon`, `created_at`, `updated_at`) VALUES
(1, 'https://www.facebook.com/', 'fab fa-facebook-f', '2022-09-20 08:18:12', '2022-09-20 08:18:12'),
(2, 'https://twitter.com/mexuv', 'fab fa-twitter', '2022-09-20 08:18:29', '2022-09-28 04:35:50'),
(3, 'https://linkedin.com/', 'fab fa-linkedin', '2022-09-20 08:18:43', '2022-09-20 08:18:43'),
(5, 'https://www.instagram.com/', 'fab fa-instagram', '2022-11-01 08:56:51', '2022-11-01 08:56:51'),
(6, 'https://www.youtube.com', 'fab fa-youtube-square', '2022-11-01 08:57:35', '2022-11-01 08:57:35');

-- --------------------------------------------------------

--
-- Table structure for table `footer_translations`
--

CREATE TABLE IF NOT EXISTS `footer_translations` (
  `id` bigint UNSIGNED NOT NULL AUTO_INCREMENT,
  `footer_id` bigint UNSIGNED NOT NULL,
  `language_code` varchar(255) CHARACTER SET utf8mb4 COLLATE utf8mb4_unicode_ci NOT NULL,
  `address` varchar(255) CHARACTER SET utf8mb4 COLLATE utf8mb4_unicode_ci DEFAULT NULL,
  `first_column` varchar(255) CHARACTER SET utf8mb4 COLLATE utf8mb4_unicode_ci DEFAULT NULL,
  `second_column` varchar(255) CHARACTER SET utf8mb4 COLLATE utf8mb4_unicode_ci DEFAULT NULL,
  `third_column` varchar(255) CHARACTER SET utf8mb4 COLLATE utf8mb4_unicode_ci DEFAULT NULL,
  `copyright` varchar(255) CHARACTER SET utf8mb4 COLLATE utf8mb4_unicode_ci DEFAULT NULL,
  `created_at` timestamp NULL DEFAULT NULL,
  `updated_at` timestamp NULL DEFAULT NULL,
  PRIMARY KEY (`id`)
) ENGINE=InnoDB AUTO_INCREMENT=4 DEFAULT CHARSET=utf8mb4 COLLATE=utf8mb4_unicode_ci;

--
-- Dumping data for table `footer_translations`
--

INSERT INTO `footer_translations` (`id`, `footer_id`, `language_code`, `address`, `first_column`, `second_column`, `third_column`, `copyright`, `created_at`, `updated_at`) VALUES
(1, 1, 'en', '7232 Broadway Suite 308, Jackson Heights, 11372, NY, United States', 'Important Links', 'General Links', 'Social Media', 'Copyright 2022 WebSolutionUs  All Rights Reserved.', '2023-10-23 04:55:17', '2023-10-23 04:55:17'),
(2, 1, 'bn', '7232 ব্রডওয়ে স্যুট 308, জ্যাকসন হাইটস, 11372, NY, মার্কিন যুক্তরাষ্ট্র', 'গুরুত্বপূর্ণ লিঙ্ক', 'সাধারণ লিঙ্ক', 'সামাজিক মাধ্যম', 'কপিরাইট 2022 WebSolutionUs সর্বস্বত্ব সংরক্ষিত।', '2023-10-23 04:55:45', '2023-10-23 04:55:46'),
(3, 1, 'ar', '7232 برودواي سويت 308، جاكسون هايتس، 11372، نيويورك، الولايات المتحدة الأمريكية', 'روابط مهمة', 'روابط عامة', 'وسائل التواصل الاجتماعي', 'حقوق الطبع والنشر 2022 WebSolutionUs جميع الحقوق محفوظة.', '2023-10-31 06:02:15', '2023-10-31 06:02:17');

-- --------------------------------------------------------

--
-- Table structure for table `forum_badges`
--

CREATE TABLE IF NOT EXISTS `forum_badges` (
  `id` bigint UNSIGNED NOT NULL AUTO_INCREMENT,
  `name` varchar(255) CHARACTER SET utf8mb4 COLLATE utf8mb4_unicode_ci NOT NULL,
  `slug` varchar(255) CHARACTER SET utf8mb4 COLLATE utf8mb4_unicode_ci NOT NULL,
  `created_at` timestamp NULL DEFAULT NULL,
  `updated_at` timestamp NULL DEFAULT NULL,
  PRIMARY KEY (`id`)
) ENGINE=InnoDB AUTO_INCREMENT=5 DEFAULT CHARSET=utf8mb4 COLLATE=utf8mb4_unicode_ci;

--
-- Dumping data for table `forum_badges`
--

INSERT INTO `forum_badges` (`id`, `name`, `slug`, `created_at`, `updated_at`) VALUES
(1, 'Top Contributor', 'top-contributor', '2023-01-04 09:23:11', '2023-01-04 09:23:11'),
(2, 'Badge One', 'badge-one', '2023-01-04 09:23:51', '2023-01-04 09:25:50'),
(4, 'Moderator', 'moderator', '2023-01-05 09:00:38', '2023-01-05 09:00:38');

-- --------------------------------------------------------

--
-- Table structure for table `forum_categories`
--

CREATE TABLE IF NOT EXISTS `forum_categories` (
  `id` bigint UNSIGNED NOT NULL AUTO_INCREMENT,
  `name` text CHARACTER SET utf8mb4 COLLATE utf8mb4_unicode_ci NOT NULL,
  `slug` text CHARACTER SET utf8mb4 COLLATE utf8mb4_unicode_ci NOT NULL,
  `status` tinyint NOT NULL DEFAULT '0',
  `created_at` timestamp NULL DEFAULT NULL,
  `updated_at` timestamp NULL DEFAULT NULL,
  PRIMARY KEY (`id`)
) ENGINE=InnoDB AUTO_INCREMENT=6 DEFAULT CHARSET=utf8mb4 COLLATE=utf8mb4_unicode_ci;

--
-- Dumping data for table `forum_categories`
--

INSERT INTO `forum_categories` (`id`, `name`, `slug`, `status`, `created_at`, `updated_at`) VALUES
(2, 'Internet', 'internet', 1, '2023-01-04 08:39:40', '2023-01-04 09:46:40'),
(3, 'Real Estate', 'real-estate', 1, '2023-01-04 08:43:57', '2023-01-04 08:43:57'),
(4, 'Technology', 'technology', 1, '2023-01-04 08:44:11', '2023-01-04 08:44:11'),
(5, 'Children', 'children', 1, '2023-01-04 08:44:20', '2023-01-04 08:45:13');

-- --------------------------------------------------------

--
-- Table structure for table `forum_questions`
--

CREATE TABLE IF NOT EXISTS `forum_questions` (
  `id` bigint UNSIGNED NOT NULL AUTO_INCREMENT,
  `user_id` int NOT NULL,
  `forum_category_id` int NOT NULL,
  `title` text CHARACTER SET utf8mb4 COLLATE utf8mb4_unicode_ci NOT NULL,
  `slug` text CHARACTER SET utf8mb4 COLLATE utf8mb4_unicode_ci NOT NULL,
  `description` text CHARACTER SET utf8mb4 COLLATE utf8mb4_unicode_ci NOT NULL,
  `views` int NOT NULL DEFAULT '0',
  `tags` text CHARACTER SET utf8mb4 COLLATE utf8mb4_unicode_ci,
  `is_banned` int NOT NULL DEFAULT '0',
  `created_at` timestamp NULL DEFAULT NULL,
  `updated_at` timestamp NULL DEFAULT NULL,
  PRIMARY KEY (`id`)
) ENGINE=InnoDB AUTO_INCREMENT=8 DEFAULT CHARSET=utf8mb4 COLLATE=utf8mb4_unicode_ci;

--
-- Dumping data for table `forum_questions`
--

INSERT INTO `forum_questions` (`id`, `user_id`, `forum_category_id`, `title`, `slug`, `description`, `views`, `tags`, `is_banned`, `created_at`, `updated_at`) VALUES
(1, 2, 3, 'Luxury Gymnasium Club', 'Luxury-Gymnasium-Club', 'Lorem ipsum dolor sit amet, nibh saperet te pri, at nam diceret disputationi. Quo an consul impedit, usu possim evertitur dissentiet ei, ridens minimum nominavi et vix. An per mutat adipisci. Ut pericula dissentias sed, est ea modus gloriatur. Aliquip persius has cu, oportere adversarium mei an, justo fabulas in vix.\r\n\r\nUt qui eligendi urbanitas. Assum periculis te mel, libris quidam te sit. Qui nisl nemore eleifend id, in illud ullum sea. Ut nusquam sapientem comprehensam ius. His molestie complectitur ex.\r\n\r\nEi usu malis aeque efficiantur. Mazim dolor denique duo ad, augue ornatus sententiae vel at, duo id sumo vulputate. His legimus assueverit ut, commune maluisset deterruisset id mel. Oblique volumus eos ut, quo autem posidonium definitiones cu. Cu usu lorem consul concludaturque, pro ea fuisset consectetuer. Ex aeterno forensibus has, dicta propriae est ei, ex alterum apeirian quo.', 135, 'tag,tag2,tag3', 0, '2023-01-04 09:47:21', '2023-05-16 06:44:16'),
(2, 2, 3, 'Saybrook Point Resort', 'Saybrook-Point-Resort', 'Ut qui eligendi urbanitas. Assum periculis te mel, libris quidam te sit. Qui nisl nemore eleifend id, in illud ullum sea. Ut nusquam sapientem comprehensam ius. His molestie complectitur ex.\r\n\r\nEi usu malis aeque efficiantur. Mazim dolor denique duo ad, augue ornatus sententiae vel at, duo id sumo vulputate. His legimus assueverit ut, commune maluisset deterruisset id mel. Oblique volumus eos ut, quo autem posidonium definitiones cu. Cu usu lorem consul concludaturque, pro ea fuisset consectetuer. Ex aeterno forensibus has, dicta propriae est ei, ex alterum apeirian quo.', 44, 'tag,tag2,tag3', 0, '2023-01-04 09:47:21', '2023-01-08 08:52:02'),
(3, 23, 3, 'Vineyards Everhart Cellars', 'Vineyards-Everhart-Cellars', 'Ut qui eligendi urbanitas. Assum periculis te mel, libris quidam te sit. Qui nisl nemore eleifend id, in illud ullum sea. Ut nusquam sapientem comprehensam ius. His molestie complectitur ex.\r\n\r\nEi usu malis aeque efficiantur. Mazim dolor denique duo ad, augue ornatus sententiae vel at, duo id sumo vulputate. His legimus assueverit ut, commune maluisset deterruisset id mel. Oblique volumus eos ut, quo autem posidonium definitiones cu. Cu usu lorem consul concludaturque, pro ea fuisset consectetuer. Ex aeterno forensibus has, dicta propriae est ei, ex alterum apeirian quo.', 15, 'tag,tag2,tag3', 0, '2023-01-04 09:47:21', '2023-01-08 12:40:05'),
(4, 49, 0, 'This is test discussion', 'this-is-test-discussion-01442508012023', '<p>This is test discussion dscriptin</p>', 0, NULL, 0, '2023-01-08 07:44:25', '2023-01-08 07:44:25'),
(5, 49, 0, 'Note that when tagging is enabled the user can select from the pre-existing options', 'note-that-when-tagging-is-enabled-the-user-can-select-from-the-pre-existing-options-02312608012023', '<p>Note that when tagging is enabled the user can select from the pre-existing options or create a new option by picking the first choice, which is what the user has typed into the search box so far.</p>\r\n\r\n<p>Note that when tagging is enabled the user can select from the pre-existing options or create a new option by picking the first choice, which is what the user has typed into the search box so far.&nbsp;Note that when tagging is enabled the user can select from the pre-existing options or create a new option by picking the first choice, which is what the user has typed into the search box so far.</p>', 3, ',php-laravel,children,ecommerce', 0, '2023-01-08 08:31:26', '2023-05-16 06:43:58'),
(6, 49, 0, 'Tagging with multi-value select boxes', 'tagging-with-multi-value-select-boxes-02321308012023', '<p>Tagging can also be used in multi-value select boxes. In the example below, we set the&nbsp;multiple=&quot;multiple&quot;</p>', 0, ',children,ecommerce,topcommerce', 0, '2023-01-08 08:32:13', '2023-01-08 08:32:13'),
(7, 49, 0, 'fdsf', 'fdsf-02344508012023', '<p>sdfsa</p>', 0, 'javascript,bangla,children', 0, '2023-01-08 08:34:45', '2023-01-08 08:34:45');

-- --------------------------------------------------------

--
-- Table structure for table `forum_tags`
--

CREATE TABLE IF NOT EXISTS `forum_tags` (
  `id` bigint UNSIGNED NOT NULL AUTO_INCREMENT,
  `name` varchar(255) CHARACTER SET utf8mb4 COLLATE utf8mb4_unicode_ci NOT NULL,
  `slug` varchar(255) CHARACTER SET utf8mb4 COLLATE utf8mb4_unicode_ci NOT NULL,
  `created_at` timestamp NULL DEFAULT NULL,
  `updated_at` timestamp NULL DEFAULT NULL,
  PRIMARY KEY (`id`)
) ENGINE=InnoDB AUTO_INCREMENT=9 DEFAULT CHARSET=utf8mb4 COLLATE=utf8mb4_unicode_ci;

--
-- Dumping data for table `forum_tags`
--

INSERT INTO `forum_tags` (`id`, `name`, `slug`, `created_at`, `updated_at`) VALUES
(1, 'javascript', 'javascript', '2023-01-04 09:04:58', '2023-01-04 09:07:28'),
(2, 'Php Laravel', 'php-laravel', '2023-01-04 09:05:13', '2023-01-04 09:05:13'),
(4, 'Bangla', 'bangla', '2023-01-08 07:32:49', '2023-01-08 07:32:49'),
(5, 'Children', 'children', '2023-01-08 07:32:56', '2023-01-08 07:32:56'),
(6, 'Ecommerce', 'ecommerce', '2023-01-08 07:33:05', '2023-01-08 07:33:05'),
(7, 'Topcommerce', 'topcommerce', '2023-01-08 07:33:12', '2023-01-08 07:33:12'),
(8, 'I-Phone', 'iphone', '2023-01-08 07:33:19', '2023-01-08 07:33:19');

-- --------------------------------------------------------

--
-- Table structure for table `google_analytics`
--

CREATE TABLE IF NOT EXISTS `google_analytics` (
  `id` bigint UNSIGNED NOT NULL AUTO_INCREMENT,
  `analytic_id` varchar(255) CHARACTER SET utf8mb4 COLLATE utf8mb4_unicode_ci DEFAULT NULL,
  `status` int NOT NULL,
  `created_at` timestamp NULL DEFAULT NULL,
  `updated_at` timestamp NULL DEFAULT NULL,
  PRIMARY KEY (`id`)
) ENGINE=InnoDB AUTO_INCREMENT=2 DEFAULT CHARSET=utf8mb4 COLLATE=utf8mb4_unicode_ci;

--
-- Dumping data for table `google_analytics`
--

INSERT INTO `google_analytics` (`id`, `analytic_id`, `status`, `created_at`, `updated_at`) VALUES
(1, '5248-fd-5fds', 1, NULL, '2022-06-11 11:10:27');

-- --------------------------------------------------------

--
-- Table structure for table `home_pages`
--

CREATE TABLE IF NOT EXISTS `home_pages` (
  `id` bigint UNSIGNED NOT NULL AUTO_INCREMENT,
  `top_property_title` varchar(255) CHARACTER SET utf8mb4 COLLATE utf8mb4_unicode_ci DEFAULT NULL,
  `top_property_description` text CHARACTER SET utf8mb4 COLLATE utf8mb4_unicode_ci,
  `top_property_item` int DEFAULT NULL,
  `featured_property_title` varchar(255) CHARACTER SET utf8mb4 COLLATE utf8mb4_unicode_ci DEFAULT NULL,
  `featured_property_description` text CHARACTER SET utf8mb4 COLLATE utf8mb4_unicode_ci,
  `featured_property_item` int DEFAULT NULL,
  `urgent_property_title` varchar(255) CHARACTER SET utf8mb4 COLLATE utf8mb4_unicode_ci DEFAULT NULL,
  `urgent_property_description` text CHARACTER SET utf8mb4 COLLATE utf8mb4_unicode_ci,
  `urgent_property_item` int DEFAULT NULL,
  `service_title` varchar(255) CHARACTER SET utf8mb4 COLLATE utf8mb4_unicode_ci DEFAULT NULL,
  `service_description` text CHARACTER SET utf8mb4 COLLATE utf8mb4_unicode_ci,
  `service_item` int DEFAULT NULL,
  `service_bg_image` varchar(255) CHARACTER SET utf8mb4 COLLATE utf8mb4_unicode_ci DEFAULT NULL,
  `agent_title` varchar(255) CHARACTER SET utf8mb4 COLLATE utf8mb4_unicode_ci DEFAULT NULL,
  `agent_description` text CHARACTER SET utf8mb4 COLLATE utf8mb4_unicode_ci,
  `agent_item` int DEFAULT NULL,
  `blog_title` varchar(255) CHARACTER SET utf8mb4 COLLATE utf8mb4_unicode_ci DEFAULT NULL,
  `blog_description` text CHARACTER SET utf8mb4 COLLATE utf8mb4_unicode_ci,
  `blog_item` int DEFAULT NULL,
  `testimonial_title` varchar(255) CHARACTER SET utf8mb4 COLLATE utf8mb4_unicode_ci DEFAULT NULL,
  `testimonial_description` text CHARACTER SET utf8mb4 COLLATE utf8mb4_unicode_ci,
  `testimonial_item` int DEFAULT NULL,
  `about_visibility` int NOT NULL DEFAULT '1',
  `top_visibility` int NOT NULL DEFAULT '1',
  `featured_visibility` int NOT NULL DEFAULT '1',
  `urgent_visibility` int NOT NULL DEFAULT '1',
  `service_visibility` int NOT NULL DEFAULT '1',
  `agent_visibility` int NOT NULL DEFAULT '1',
  `blog_visibility` int NOT NULL DEFAULT '1',
  `testimonial_visibility` int NOT NULL DEFAULT '1',
  `our_team_title` varchar(255) CHARACTER SET utf8mb4 COLLATE utf8mb4_unicode_ci DEFAULT NULL,
  `our_team_description` varchar(255) CHARACTER SET utf8mb4 COLLATE utf8mb4_unicode_ci DEFAULT NULL,
  `team_visibility` int NOT NULL DEFAULT '1',
  `created_at` timestamp NULL DEFAULT NULL,
  `updated_at` timestamp NULL DEFAULT NULL,
  PRIMARY KEY (`id`)
) ENGINE=InnoDB AUTO_INCREMENT=3 DEFAULT CHARSET=utf8mb4 COLLATE=utf8mb4_unicode_ci;

--
-- Dumping data for table `home_pages`
--

INSERT INTO `home_pages` (`id`, `top_property_title`, `top_property_description`, `top_property_item`, `featured_property_title`, `featured_property_description`, `featured_property_item`, `urgent_property_title`, `urgent_property_description`, `urgent_property_item`, `service_title`, `service_description`, `service_item`, `service_bg_image`, `agent_title`, `agent_description`, `agent_item`, `blog_title`, `blog_description`, `blog_item`, `testimonial_title`, `testimonial_description`, `testimonial_item`, `about_visibility`, `top_visibility`, `featured_visibility`, `urgent_visibility`, `service_visibility`, `agent_visibility`, `blog_visibility`, `testimonial_visibility`, `our_team_title`, `our_team_description`, `team_visibility`, `created_at`, `updated_at`) VALUES
(1, 'Top Properties', 'Lorem Ipsum is simply dummy text of the printing and typesetting industry.', 9, 'Featured Properties', 'Lorem Ipsum is simply dummy text of the printing and typesetting industry.', 6, 'Urgent Properties', 'Lorem Ipsum is simply dummy text of the printing and typesetting industry.', 9, 'What Are You Looking For', 'Lorem ipsum dolor sit amet consectetur adipisicing elit. Modi dolorem Incidunt tempora fugit adipisci necessitatibus velit quaerat dolorem error id iure nisi deleniti autem fugiat ut quo.', 4, 'uploads/website-images/service_bg_image-2022-11-01-12-21-30-8677.jpg', 'Our Agents', 'Lorem Ipsum is simply dummy text of the printing and typesetting industry.', 12, 'Our Blogs', 'Lorem Ipsum is simply dummy text of the printing and typesetting industry.', 10, 'Happy Clients', 'Lorem Ipsum is simply dummy text of the printing and typesetting industry.', 12, 1, 1, 1, 1, 1, 1, 1, 1, 'Our Team', 'Lorem Ipsum is simply dummy text of the printing and typesetting industry.', 1, NULL, '2022-11-08 04:47:32');

-- --------------------------------------------------------

--
-- Table structure for table `home_page_translations`
--

CREATE TABLE IF NOT EXISTS `home_page_translations` (
  `id` bigint UNSIGNED NOT NULL AUTO_INCREMENT,
  `home_page_id` bigint UNSIGNED NOT NULL,
  `language_code` varchar(255) CHARACTER SET utf8mb4 COLLATE utf8mb4_unicode_ci NOT NULL,
  `top_property_title` varchar(255) CHARACTER SET utf8mb4 COLLATE utf8mb4_unicode_ci DEFAULT NULL,
  `top_property_description` text CHARACTER SET utf8mb4 COLLATE utf8mb4_unicode_ci,
  `featured_property_title` varchar(255) CHARACTER SET utf8mb4 COLLATE utf8mb4_unicode_ci DEFAULT NULL,
  `featured_property_description` text CHARACTER SET utf8mb4 COLLATE utf8mb4_unicode_ci,
  `urgent_property_title` varchar(255) CHARACTER SET utf8mb4 COLLATE utf8mb4_unicode_ci DEFAULT NULL,
  `urgent_property_description` text CHARACTER SET utf8mb4 COLLATE utf8mb4_unicode_ci,
  `service_title` varchar(255) CHARACTER SET utf8mb4 COLLATE utf8mb4_unicode_ci DEFAULT NULL,
  `service_description` text CHARACTER SET utf8mb4 COLLATE utf8mb4_unicode_ci,
  `agent_title` varchar(255) CHARACTER SET utf8mb4 COLLATE utf8mb4_unicode_ci DEFAULT NULL,
  `agent_description` text CHARACTER SET utf8mb4 COLLATE utf8mb4_unicode_ci,
  `blog_title` varchar(255) CHARACTER SET utf8mb4 COLLATE utf8mb4_unicode_ci DEFAULT NULL,
  `blog_description` text CHARACTER SET utf8mb4 COLLATE utf8mb4_unicode_ci,
  `testimonial_title` varchar(255) CHARACTER SET utf8mb4 COLLATE utf8mb4_unicode_ci DEFAULT NULL,
  `testimonial_description` text CHARACTER SET utf8mb4 COLLATE utf8mb4_unicode_ci,
  `created_at` timestamp NULL DEFAULT NULL,
  `updated_at` timestamp NULL DEFAULT NULL,
  PRIMARY KEY (`id`)
) ENGINE=InnoDB AUTO_INCREMENT=4 DEFAULT CHARSET=utf8mb4 COLLATE=utf8mb4_unicode_ci;

--
-- Dumping data for table `home_page_translations`
--

INSERT INTO `home_page_translations` (`id`, `home_page_id`, `language_code`, `top_property_title`, `top_property_description`, `featured_property_title`, `featured_property_description`, `urgent_property_title`, `urgent_property_description`, `service_title`, `service_description`, `agent_title`, `agent_description`, `blog_title`, `blog_description`, `testimonial_title`, `testimonial_description`, `created_at`, `updated_at`) VALUES
(1, 1, 'en', 'Top Properties', 'Lorem Ipsum is simply dummy text of the printing and typesetting industry.', 'Featured Properties', 'Lorem Ipsum is simply dummy text of the printing and typesetting industry.', 'Urgent Properties', 'Lorem Ipsum is simply dummy text of the printing and typesetting industry.', 'What Are You Looking For', 'Lorem ipsum dolor sit amet consectetur adipisicing elit. Modi dolorem Incidunt tempora fugit adipisci necessitatibus velit quaerat dolorem error id iure nisi deleniti autem fugiat ut quo.', 'Our Agents', 'Lorem Ipsum is simply dummy text of the printing and typesetting industry.', 'Our Blogs', 'Lorem Ipsum is simply dummy text of the printing and typesetting industry.', 'Happy Clients', 'Lorem Ipsum is simply dummy text of the printing and typesetting industry.', '2023-10-21 07:34:41', '2023-10-21 07:34:41'),
(2, 1, 'bn', 'শীর্ষ বৈশিষ্ট্য', 'Lorem Ipsum হল মুদ্রণ এবং টাইপসেটিং শিল্পের ডামি পাঠ্য।', 'বৈশিষ্ট্যযুক্ত প্রোপার্টি', 'Lorem Ipsum হল মুদ্রণ এবং টাইপসেটিং শিল্পের ডামি পাঠ্য।', 'জরুরী বৈশিষ্ট্য', 'Lorem Ipsum হল মুদ্রণ এবং টাইপসেটিং শিল্পের ডামি পাঠ্য।', 'আপনি কি খুজছেন', 'প্রতিষ্ঠানটি নিজেই একটি অত্যন্ত সফল কোম্পানি। যন্ত্রণার পথ দেখা দেয়, যতবার সে তার চাওয়া চাহিদাগুলো পাওয়ার জন্য পালিয়ে যায়, সে ব্যথা খোঁজে, ভুলটা ঠিক, কিন্তু সে এমনভাবে পালিয়ে যায় যেন সে নরম হয়ে গেছে।', 'আমাদের এজেন্ট', 'Lorem Ipsum হল মুদ্রণ এবং টাইপসেটিং শিল্পের ডামি পাঠ্য।', 'আমাদের ব্লগ', 'Lorem Ipsum হল মুদ্রণ এবং টাইপসেটিং শিল্পের ডামি পাঠ্য।', 'খুশি ক্লায়েন্ট', 'Lorem Ipsum হল মুদ্রণ এবং টাইপসেটিং শিল্পের ডামি পাঠ্য।', '2023-10-21 07:34:48', '2023-10-21 07:34:49'),
(3, 1, 'ar', 'أعلى الخصائص', 'لوريم إيبسوم هو ببساطة نص وهمي من صناعة الطباعة والتنضيد.', 'خصائص مميزة', 'لوريم إيبسوم هو ببساطة نص وهمي من صناعة الطباعة والتنضيد.', 'خصائص عاجلة', 'لوريم إيبسوم هو ببساطة نص وهمي من صناعة الطباعة والتنضيد.', 'ما الذي تبحث عنه', 'الشركة نفسها هي شركة ناجحة جدا. تحدث طرق الألم، الأوقات التي يهرب فيها للحصول على الحاجات التي يريدها، يبحث عن الألم، الخطأ في الصواب، لكنه يهرب كأنه يلين.', 'وكلائنا', 'لوريم إيبسوم هو ببساطة نص وهمي من صناعة الطباعة والتنضيد.', 'مدوناتنا', 'لوريم إيبسوم هو ببساطة نص وهمي من صناعة الطباعة والتنضيد.', 'عملاء سعداء', 'لوريم إيبسوم هو ببساطة نص وهمي من صناعة الطباعة والتنضيد.', '2023-10-31 06:02:29', '2023-10-31 06:02:33');

-- --------------------------------------------------------

--
-- Table structure for table `languages`
--

CREATE TABLE IF NOT EXISTS `languages` (
  `id` bigint UNSIGNED NOT NULL AUTO_INCREMENT,
  `name` varchar(255) CHARACTER SET utf8mb4 COLLATE utf8mb4_unicode_ci NOT NULL,
  `code` varchar(255) CHARACTER SET utf8mb4 COLLATE utf8mb4_unicode_ci NOT NULL,
  `icon` varchar(255) CHARACTER SET utf8mb4 COLLATE utf8mb4_unicode_ci DEFAULT NULL,
  `direction` varchar(3) CHARACTER SET utf8mb4 COLLATE utf8mb4_unicode_ci NOT NULL DEFAULT 'ltr',
  `created_at` timestamp NULL DEFAULT NULL,
  `updated_at` timestamp NULL DEFAULT NULL,
  `status` enum('1','0') COLLATE utf8mb4_unicode_ci NOT NULL DEFAULT '0',
  PRIMARY KEY (`id`),
  UNIQUE KEY `languages_name_unique` (`name`),
  UNIQUE KEY `languages_code_unique` (`code`),
  UNIQUE KEY `languages_icon_unique` (`icon`)
) ENGINE=InnoDB AUTO_INCREMENT=8 DEFAULT CHARSET=utf8mb4 COLLATE=utf8mb4_unicode_ci;

--
-- Dumping data for table `languages`
--

INSERT INTO `languages` (`id`, `name`, `code`, `icon`, `direction`, `created_at`, `updated_at`, `status`) VALUES
(1, 'English', 'en', '', 'ltr', '2023-10-18 23:50:06', '2024-04-02 17:35:53', '1'),
(6, 'العربية', 'ar', NULL, 'rtl', '2023-10-26 04:17:05', '2024-04-02 17:35:47', '0'),
(7, 'বাংলা', 'bn', NULL, 'ltr', '2023-10-26 04:23:23', '2024-04-02 17:35:53', '0');

-- --------------------------------------------------------

--
-- Table structure for table `maintainance_texts`
--

CREATE TABLE IF NOT EXISTS `maintainance_texts` (
  `id` bigint UNSIGNED NOT NULL AUTO_INCREMENT,
  `status` int NOT NULL DEFAULT '0',
  `image` varchar(255) CHARACTER SET utf8mb4 COLLATE utf8mb4_unicode_ci NOT NULL,
  `description` text CHARACTER SET utf8mb4 COLLATE utf8mb4_unicode_ci,
  `created_at` timestamp NULL DEFAULT NULL,
  `updated_at` timestamp NULL DEFAULT NULL,
  PRIMARY KEY (`id`)
) ENGINE=InnoDB AUTO_INCREMENT=2 DEFAULT CHARSET=utf8mb4 COLLATE=utf8mb4_unicode_ci;

--
-- Dumping data for table `maintainance_texts`
--

INSERT INTO `maintainance_texts` (`id`, `status`, `image`, `description`, `created_at`, `updated_at`) VALUES
(1, 0, 'uploads/website-images/maintainance-mode-2022-09-20-02-13-54-5890.png', 'We are upgrading our site.  We will come back soon.  \r\nPlease stay with us. \r\nThank you.', NULL, '2022-12-07 03:25:18');

-- --------------------------------------------------------

--
-- Table structure for table `menu_visibilities`
--

CREATE TABLE IF NOT EXISTS `menu_visibilities` (
  `id` bigint UNSIGNED NOT NULL AUTO_INCREMENT,
  `menu_name` varchar(255) CHARACTER SET utf8mb4 COLLATE utf8mb4_unicode_ci DEFAULT NULL,
  `custom_name` varchar(255) CHARACTER SET utf8mb4 COLLATE utf8mb4_unicode_ci NOT NULL,
  `status` int NOT NULL DEFAULT '1',
  `created_at` timestamp NULL DEFAULT NULL,
  `updated_at` timestamp NULL DEFAULT NULL,
  PRIMARY KEY (`id`)
) ENGINE=InnoDB AUTO_INCREMENT=15 DEFAULT CHARSET=utf8mb4 COLLATE=utf8mb4_unicode_ci;

--
-- Dumping data for table `menu_visibilities`
--

INSERT INTO `menu_visibilities` (`id`, `menu_name`, `custom_name`, `status`, `created_at`, `updated_at`) VALUES
(1, 'Home', 'Home', 1, NULL, '2022-11-07 10:29:30'),
(2, 'About Us', 'About Us', 1, NULL, '2022-11-07 10:29:30'),
(3, 'Property', 'Property', 1, NULL, '2022-11-07 10:29:30'),
(4, 'All Property', 'All Property', 1, NULL, '2022-11-07 10:29:30'),
(5, 'Featured Property', 'Featured Property', 1, NULL, '2022-11-07 10:16:37'),
(6, 'Top Property', 'Top Property', 1, NULL, NULL),
(7, 'Urgent Property', 'Urgent Property', 1, NULL, NULL),
(8, 'Our Agents', 'Our Agent', 1, NULL, '2022-11-07 10:30:54'),
(9, 'Pages', 'Pages', 1, NULL, '2022-11-07 10:29:30'),
(10, 'Pricing Plan', 'Pricing Plan', 1, NULL, NULL),
(11, 'FAQ', 'FAQ', 1, NULL, NULL),
(12, 'Blog', 'Blog', 1, NULL, '2022-11-03 11:56:14'),
(13, 'Contact Us', 'Contact', 1, NULL, '2022-11-07 10:31:27'),
(14, 'Career Page', 'Career Page', 1, NULL, '2022-11-07 10:29:30');

-- --------------------------------------------------------

--
-- Table structure for table `menu_visibility_translations`
--

CREATE TABLE IF NOT EXISTS `menu_visibility_translations` (
  `id` bigint UNSIGNED NOT NULL AUTO_INCREMENT,
  `menu_visibility_id` bigint UNSIGNED NOT NULL,
  `language_code` varchar(255) CHARACTER SET utf8mb4 COLLATE utf8mb4_unicode_ci NOT NULL,
  `custom_name` varchar(255) CHARACTER SET utf8mb4 COLLATE utf8mb4_unicode_ci DEFAULT NULL,
  `created_at` timestamp NULL DEFAULT NULL,
  `updated_at` timestamp NULL DEFAULT NULL,
  PRIMARY KEY (`id`)
) ENGINE=InnoDB AUTO_INCREMENT=43 DEFAULT CHARSET=utf8mb4 COLLATE=utf8mb4_unicode_ci;

--
-- Dumping data for table `menu_visibility_translations`
--

INSERT INTO `menu_visibility_translations` (`id`, `menu_visibility_id`, `language_code`, `custom_name`, `created_at`, `updated_at`) VALUES
(1, 1, 'en', 'Home', '2023-10-22 11:44:04', '2023-10-22 11:44:04'),
(2, 2, 'en', 'About Us', '2023-10-22 11:44:05', '2023-10-22 11:44:05'),
(3, 3, 'en', 'Property', '2023-10-22 11:44:05', '2023-10-22 11:44:05'),
(4, 4, 'en', 'All Property', '2023-10-22 11:44:05', '2023-10-22 11:44:05'),
(5, 5, 'en', 'Featured Property', '2023-10-22 11:44:06', '2023-10-22 11:44:06'),
(6, 6, 'en', 'Top Property', '2023-10-22 11:44:06', '2023-10-22 11:44:06'),
(7, 7, 'en', 'Urgent Property', '2023-10-22 11:44:06', '2023-10-22 11:44:06'),
(8, 8, 'en', 'Our Agents', '2023-10-22 11:44:07', '2023-10-22 11:44:07'),
(9, 9, 'en', 'Pages', '2023-10-22 11:44:07', '2023-10-22 11:44:07'),
(10, 10, 'en', 'Pricing Plan', '2023-10-22 11:44:07', '2023-10-22 11:44:07'),
(11, 11, 'en', 'FAQ', '2023-10-22 11:44:08', '2023-10-22 11:44:08'),
(12, 12, 'en', 'Blog', '2023-10-22 11:44:08', '2023-10-22 11:44:08'),
(13, 13, 'en', 'Contact Us', '2023-10-22 11:44:09', '2023-10-22 11:44:09'),
(14, 14, 'en', 'Career Page', '2023-10-22 11:44:09', '2023-10-22 11:44:09'),
(15, 1, 'bn', 'বাড়ি', '2023-10-22 11:44:38', '2023-10-22 11:44:38'),
(16, 2, 'bn', 'আমাদের সম্পর্কে', '2023-10-22 11:44:39', '2023-10-22 11:44:39'),
(17, 3, 'bn', 'সম্পত্তি', '2023-10-22 11:44:39', '2023-10-22 11:44:39'),
(18, 4, 'bn', 'সমস্ত সম্পত্তি', '2023-10-22 11:44:40', '2023-10-22 11:44:40'),
(19, 5, 'bn', 'বৈশিষ্ট্যযুক্ত সম্পত্তি', '2023-10-22 11:44:40', '2023-10-22 11:44:40'),
(20, 6, 'bn', 'শীর্ষ সম্পত্তি', '2023-10-22 11:44:40', '2023-10-22 11:44:40'),
(21, 7, 'bn', 'জরুরী সম্পত্তি', '2023-10-22 11:44:40', '2023-10-22 11:44:40'),
(22, 8, 'bn', 'আমাদের এজেন্ট', '2023-10-22 11:44:41', '2023-10-22 11:44:41'),
(23, 9, 'bn', 'পাতা', '2023-10-22 11:44:41', '2023-10-22 11:44:41'),
(24, 10, 'bn', 'মূল্য পরিকল্পনা', '2023-10-22 11:44:42', '2023-10-22 11:44:42'),
(25, 11, 'bn', 'এফএকিউ', '2023-10-22 11:44:42', '2023-10-22 11:47:13'),
(26, 12, 'bn', 'ব্লগ', '2023-10-22 11:44:42', '2023-10-22 11:44:42'),
(27, 13, 'bn', 'যোগাযোগ করুন', '2023-10-22 11:44:43', '2023-10-22 11:44:43'),
(28, 14, 'bn', 'কর্মজীবন পাতা', '2023-10-22 11:44:43', '2023-10-22 11:44:43'),
(29, 1, 'ar', 'بيت', '2023-10-31 06:01:56', '2023-10-31 06:01:57'),
(30, 2, 'ar', 'معلومات عنا', '2023-10-31 06:01:57', '2023-10-31 06:01:57'),
(31, 3, 'ar', 'ملكية', '2023-10-31 06:01:57', '2023-10-31 06:01:57'),
(32, 4, 'ar', 'جميع الممتلكات', '2023-10-31 06:01:57', '2023-10-31 06:01:58'),
(33, 5, 'ar', 'خاصية مميزة', '2023-10-31 06:01:58', '2023-10-31 06:01:58'),
(34, 6, 'ar', 'أعلى الممتلكات', '2023-10-31 06:01:58', '2023-10-31 06:01:59'),
(35, 7, 'ar', 'الملكية العاجلة', '2023-10-31 06:01:59', '2023-10-31 06:01:59'),
(36, 8, 'ar', 'وكلائنا', '2023-10-31 06:01:59', '2023-10-31 06:01:59'),
(37, 9, 'ar', 'الصفحات', '2023-10-31 06:01:59', '2023-10-31 06:02:00'),
(38, 10, 'ar', 'خطة التسعير', '2023-10-31 06:02:00', '2023-10-31 06:02:00'),
(39, 11, 'ar', 'التعليمات', '2023-10-31 06:02:00', '2023-10-31 06:02:00'),
(40, 12, 'ar', 'مدونة', '2023-10-31 06:02:00', '2023-10-31 06:02:01'),
(41, 13, 'ar', 'اتصل بنا', '2023-10-31 06:02:01', '2023-10-31 06:02:01'),
(42, 14, 'ar', 'الصفحة المهنية', '2023-10-31 06:02:01', '2023-10-31 06:02:01');

-- --------------------------------------------------------

--
-- Table structure for table `messages`
--

CREATE TABLE IF NOT EXISTS `messages` (
  `id` bigint UNSIGNED NOT NULL AUTO_INCREMENT,
  `customer_id` int NOT NULL,
  `seller_id` int NOT NULL,
  `message` text CHARACTER SET utf8mb4 COLLATE utf8mb4_unicode_ci NOT NULL,
  `customer_read_msg` int NOT NULL DEFAULT '0',
  `seller_read_msg` int NOT NULL,
  `send_customer` int NOT NULL DEFAULT '0',
  `send_seller` int NOT NULL DEFAULT '0',
  `created_at` timestamp NULL DEFAULT NULL,
  `updated_at` timestamp NULL DEFAULT NULL,
  PRIMARY KEY (`id`)
) ENGINE=InnoDB DEFAULT CHARSET=utf8mb4 COLLATE=utf8mb4_unicode_ci;

-- --------------------------------------------------------

--
-- Table structure for table `migrations`
--

CREATE TABLE IF NOT EXISTS `migrations` (
  `id` int UNSIGNED NOT NULL AUTO_INCREMENT,
  `migration` varchar(255) CHARACTER SET utf8mb4 COLLATE utf8mb4_unicode_ci NOT NULL,
  `batch` int NOT NULL,
  PRIMARY KEY (`id`)
) ENGINE=InnoDB AUTO_INCREMENT=151 DEFAULT CHARSET=utf8mb4 COLLATE=utf8mb4_unicode_ci;

--
-- Dumping data for table `migrations`
--

INSERT INTO `migrations` (`id`, `migration`, `batch`) VALUES
(1, '2014_10_12_000000_create_users_table', 1),
(2, '2014_10_12_100000_create_password_resets_table', 1),
(3, '2019_08_19_000000_create_failed_jobs_table', 1),
(4, '2019_12_14_000001_create_personal_access_tokens_table', 1),
(5, '2021_11_30_035230_create_admins_table', 2),
(6, '2021_11_30_065435_create_email_configurations_table', 3),
(7, '2021_11_30_065508_create_email_templates_table', 3),
(8, '2021_12_01_035206_create_categories_table', 4),
(9, '2021_12_01_035220_create_sub_categories_table', 4),
(10, '2021_12_01_035231_create_child_categories_table', 4),
(11, '2021_12_01_035735_create_brands_table', 4),
(12, '2021_12_02_055907_create_product_taxes_table', 5),
(13, '2021_12_02_083742_create_return_policies_table', 6),
(14, '2021_12_02_084030_create_product_specification_keys_table', 6),
(15, '2021_12_03_093645_create_products_table', 7),
(16, '2021_12_03_101949_create_product_galleries_table', 7),
(17, '2021_12_04_053018_create_product_specifications_table', 8),
(18, '2021_12_06_045447_create_services_table', 9),
(19, '2021_12_06_054423_create_about_us_table', 10),
(20, '2021_12_06_055028_create_custom_pages_table', 10),
(21, '2021_12_07_030532_create_terms_and_conditions_table', 11),
(22, '2021_12_07_035810_create_blog_categories_table', 12),
(23, '2021_12_07_035822_create_blogs_table', 12),
(24, '2021_12_07_040749_create_popular_posts_table', 12),
(25, '2021_12_07_061613_create_blog_comments_table', 13),
(26, '2021_12_07_081832_create_product_variants_table', 14),
(27, '2021_12_07_081858_create_product_variant_items_table', 14),
(28, '2021_12_08_125540_create_campaigns_table', 15),
(29, '2021_12_08_130025_create_campaign_products_table', 15),
(30, '2021_12_09_095158_create_contact_messages_table', 16),
(31, '2021_12_09_095220_create_subscribers_table', 16),
(32, '2021_12_09_124226_create_settings_table', 17),
(33, '2021_12_11_022207_create_cookie_consents_table', 18),
(34, '2021_12_11_025358_create_google_recaptchas_table', 19),
(35, '2021_12_11_025449_create_facebook_comments_table', 19),
(36, '2021_12_11_025556_create_tawk_chats_table', 19),
(37, '2021_12_11_025618_create_google_analytics_table', 19),
(38, '2021_12_11_025712_create_custom_paginations_table', 19),
(39, '2021_12_11_083503_create_faqs_table', 20),
(40, '2021_12_11_094707_create_currencies_table', 21),
(41, '2021_12_13_085612_create_product_reviews_table', 22),
(42, '2021_12_13_090609_create_product_review_galleries_table', 22),
(43, '2021_12_13_101056_create_error_pages_table', 23),
(44, '2021_12_13_102725_create_maintainance_texts_table', 24),
(45, '2021_12_13_110144_create_subscribe_modals_table', 25),
(46, '2021_12_13_111140_create_announcement_modals_table', 26),
(47, '2021_12_13_132626_create_countries_table', 27),
(48, '2021_12_13_132909_create_country_states_table', 27),
(49, '2021_12_13_132935_create_cities_table', 27),
(50, '2021_12_14_032937_create_social_login_information_table', 28),
(51, '2021_12_14_042928_create_facebook_pixels_table', 29),
(52, '2021_12_14_054908_create_paypal_payments_table', 30),
(53, '2021_12_14_054922_create_stripe_payments_table', 30),
(54, '2021_12_14_054939_create_razorpay_payments_table', 30),
(55, '2021_12_14_055252_create_bank_payments_table', 30),
(56, '2021_12_14_084759_create_vendors_table', 31),
(57, '2021_12_14_090013_create_vendor_social_links_table', 31),
(58, '2021_12_15_095059_create_wholesells_table', 32),
(59, '2021_12_16_071213_create_seller_mail_logs_table', 33),
(60, '2021_12_21_093939_create_mega_menu_categories_table', 34),
(61, '2021_12_21_093958_create_mega_menu_sub_categories_table', 34),
(62, '2021_12_22_034106_create_banner_images_table', 35),
(63, '2021_12_22_044839_create_sliders_table', 36),
(64, '2021_12_22_081311_create_popular_categories_table', 37),
(65, '2021_12_23_021844_create_three_column_categories_table', 38),
(66, '2021_12_23_033230_create_shipping_methods_table', 39),
(67, '2021_12_23_065722_create_paystack_and_mollies_table', 40),
(68, '2021_12_23_085225_create_withdraw_methods_table', 41),
(71, '2021_12_25_172918_create_seller_withdraws_table', 42),
(74, '2021_12_25_200413_create_product_reports_table', 43),
(75, '2021_12_25_200707_create_product_report_images_table', 44),
(79, '2021_12_26_052326_create_billing_addresses_table', 45),
(80, '2021_12_26_053952_create_shipping_addresses_table', 45),
(81, '2021_12_26_054841_create_orders_table', 45),
(82, '2021_12_26_164912_create_order_addresses_table', 45),
(83, '2021_12_26_165705_create_order_products_table', 45),
(84, '2021_12_26_170803_create_order_product_variants_table', 45),
(87, '2021_12_28_163200_create_coupons_table', 46),
(88, '2021_12_28_192057_create_contact_pages_table', 47),
(89, '2021_12_28_200846_create_breadcrumb_images_table', 48),
(90, '2021_12_30_032959_create_flutterwaves_table', 49),
(91, '2021_12_30_034716_create_footers_table', 50),
(92, '2021_12_30_035201_create_footer_links_table', 50),
(93, '2021_12_30_035247_create_footer_social_links_table', 50),
(95, '2021_12_30_061157_create_home_page_one_visibilities_table', 51),
(96, '2022_01_11_103950_create_wishlists_table', 52),
(97, '2022_01_12_070110_create_shop_pages_table', 53),
(99, '2022_01_12_080218_create_seo_settings_table', 54),
(100, '2022_01_17_012111_create_menu_visibilities_table', 55),
(101, '2022_01_17_122016_create_instamojo_payments_table', 56),
(102, '2022_01_29_055523_create_messages_table', 57),
(103, '2022_01_29_122621_create_pusher_credentails_table', 58),
(104, '2022_04_27_083907_create_shopping_carts_table', 59),
(105, '2022_04_27_084235_create_shopping_cart_variants_table', 59),
(106, '2022_06_11_095338_create_testimonials_table', 60),
(107, '2022_06_13_053409_create_flash_sales_table', 61),
(108, '2022_06_13_053644_create_flash_sale_products_table', 62),
(109, '2022_06_14_102451_create_shippings_table', 63),
(112, '2022_06_19_073137_create_addresses_table', 64),
(113, '2022_06_19_093939_create_compare_products_table', 65),
(114, '2022_07_27_101723_create_featured_categories_table', 66),
(115, '2022_10_27_063847_create_home_pages_table', 67),
(116, '2022_10_31_043801_create_price_ranges_table', 68),
(117, '2023_01_04_065049_create_forum_categories_table', 68),
(119, '2023_01_04_084910_create_forum_tags_table', 69),
(120, '2023_01_04_091145_create_forum_badges_table', 70),
(121, '2023_01_04_093334_create_forum_questions_table', 71),
(122, '2023_01_04_104439_create_question_likes_table', 72),
(123, '2023_01_04_105533_create_question_comments_table', 73),
(124, '2023_01_04_112509_create_comment_replies_table', 74),
(126, '2023_01_05_094629_create_author_followers_table', 75),
(127, '2023_01_10_100923_create_advertisements_table', 76),
(128, '2023_10_19_044323_create_languages_table', 77),
(129, '2023_10_19_064336_create_blog_category_translations_table', 78),
(130, '2023_10_21_045554_create_blog_translations_table', 79),
(131, '2023_10_21_060429_create_home_page_translations_table', 80),
(132, '2023_10_21_095717_create_about_us_translations_table', 81),
(133, '2023_10_22_044206_create_custom_page_translations_table', 82),
(134, '2023_10_22_060149_create_terms_and_condition_translations_table', 83),
(135, '2023_10_22_095344_create_faq_translations_table', 84),
(136, '2023_10_22_112326_create_menu_visibility_translations_table', 85),
(137, '2023_10_23_044344_create_footer_translations_table', 86),
(138, '2023_10_23_060353_create_service_translations_table', 87),
(139, '2023_10_23_064415_create_partner_translations_table', 88),
(140, '2023_10_23_102855_create_testimonial_translations_table', 89),
(141, '2023_10_23_104524_create_overview_translations_table', 90),
(142, '2023_10_23_115038_create_city_translations_table', 91),
(143, '2023_10_23_120809_create_aminity_translations_table', 92),
(144, '2023_10_24_045630_create_package_translations_table', 93),
(145, '2023_10_24_071302_create_nearest_location_translations_table', 94),
(146, '2023_10_24_102205_create_property_type_translations_table', 95),
(147, '2023_10_25_042339_create_property_purpose_translations_table', 96),
(148, '2023_10_25_050705_create_property_translations_table', 97),
(149, '2023_10_26_054529_create_slider_translations_table', 98),
(150, '2023_10_31_041721_add_versin_to_settings_tables', 99);

-- --------------------------------------------------------

--
-- Table structure for table `nearest_locations`
--

CREATE TABLE IF NOT EXISTS `nearest_locations` (
  `id` bigint UNSIGNED NOT NULL AUTO_INCREMENT,
  `location` varchar(255) CHARACTER SET utf8mb4 COLLATE utf8mb4_unicode_ci NOT NULL,
  `slug` varchar(255) CHARACTER SET utf8mb4 COLLATE utf8mb4_unicode_ci NOT NULL,
  `status` tinyint NOT NULL,
  `created_at` timestamp NULL DEFAULT NULL,
  `updated_at` timestamp NULL DEFAULT NULL,
  PRIMARY KEY (`id`)
) ENGINE=InnoDB AUTO_INCREMENT=17 DEFAULT CHARSET=utf8mb4 COLLATE=utf8mb4_unicode_ci;

--
-- Dumping data for table `nearest_locations`
--

INSERT INTO `nearest_locations` (`id`, `location`, `slug`, `status`, `created_at`, `updated_at`) VALUES
(1, 'Rail Station', 'rail-station', 1, '2021-09-09 03:00:20', '2021-09-11 03:21:10'),
(2, 'Bus Station', 'bus-station', 1, '2021-09-09 03:00:52', '2021-09-09 03:00:52'),
(3, 'Airport', 'airport', 1, '2021-09-09 03:02:24', '2021-09-09 03:02:24'),
(4, 'Beach', 'beach', 1, '2021-09-09 03:02:33', '2021-10-08 02:58:20'),
(5, 'Metro', 'metro', 1, '2021-09-09 03:02:39', '2021-10-10 03:02:22'),
(6, 'Bank', 'bank', 1, '2021-09-09 03:02:45', '2021-09-09 03:02:45'),
(7, 'School', 'school', 1, '2021-09-09 03:02:52', '2021-09-09 03:02:52'),
(8, 'Hospital', 'hospital', 1, '2021-09-09 03:07:40', '2021-09-09 03:12:28'),
(10, 'Super Market', 'super-market', 1, '2021-09-09 03:56:40', '2021-09-09 03:56:40'),
(11, 'Pharmacy', 'pharmacy', 1, '2021-09-09 03:56:54', '2022-11-05 11:51:01');

-- --------------------------------------------------------

--
-- Table structure for table `nearest_location_translations`
--

CREATE TABLE IF NOT EXISTS `nearest_location_translations` (
  `id` bigint UNSIGNED NOT NULL AUTO_INCREMENT,
  `nearest_location_id` bigint UNSIGNED NOT NULL,
  `language_code` varchar(255) CHARACTER SET utf8mb4 COLLATE utf8mb4_unicode_ci NOT NULL,
  `location` varchar(255) CHARACTER SET utf8mb4 COLLATE utf8mb4_unicode_ci DEFAULT NULL,
  `created_at` timestamp NULL DEFAULT NULL,
  `updated_at` timestamp NULL DEFAULT NULL,
  PRIMARY KEY (`id`)
) ENGINE=InnoDB AUTO_INCREMENT=22 DEFAULT CHARSET=utf8mb4 COLLATE=utf8mb4_unicode_ci;

--
-- Dumping data for table `nearest_location_translations`
--

INSERT INTO `nearest_location_translations` (`id`, `nearest_location_id`, `language_code`, `location`, `created_at`, `updated_at`) VALUES
(1, 11, 'en', 'Pharmacy', '2023-10-24 06:39:26', '2023-10-24 06:39:26'),
(2, 11, 'bn', 'ফার্মেসি', '2023-10-24 06:39:42', '2023-10-24 06:39:43'),
(3, 10, 'bn', 'সুপার মার্কেট', '2023-10-24 06:39:46', '2023-10-24 06:39:46'),
(4, 8, 'bn', 'হাসপাতাল', '2023-10-24 06:39:49', '2023-10-24 06:39:49'),
(5, 7, 'bn', 'বিদ্যালয়', '2023-10-24 06:39:52', '2023-10-24 06:39:52'),
(6, 6, 'bn', 'ব্যাংক', '2023-10-24 06:39:55', '2023-10-24 06:39:56'),
(7, 5, 'bn', 'মেট্রো', '2023-10-24 06:39:59', '2023-10-24 06:40:00'),
(8, 4, 'bn', 'সৈকত', '2023-10-24 06:40:03', '2023-10-24 06:40:03'),
(9, 3, 'bn', 'বিমানবন্দর', '2023-10-24 06:40:07', '2023-10-24 06:40:07'),
(10, 2, 'bn', 'বাস থামিবার জায়গা', '2023-10-24 06:40:11', '2023-10-24 06:40:11'),
(11, 1, 'bn', 'রেল স্টেশন', '2023-10-24 06:40:14', '2023-10-24 06:40:15'),
(12, 1, 'ar', 'محطة السكك الحديدية', '2023-10-31 05:58:38', '2023-10-31 05:58:39'),
(13, 2, 'ar', 'محطة الباص', '2023-10-31 05:58:42', '2023-10-31 05:58:42'),
(14, 11, 'ar', 'مقابل', '2023-10-31 05:58:45', '2023-10-31 05:58:45'),
(15, 10, 'ar', 'سوبر ماركت', '2023-10-31 05:58:45', '2023-10-31 05:58:46'),
(16, 8, 'ar', 'مستشفى', '2023-10-31 05:58:46', '2023-10-31 05:58:47'),
(17, 7, 'ar', 'مدرسة', '2023-10-31 05:58:47', '2023-10-31 05:58:47'),
(18, 6, 'ar', 'بنك', '2023-10-31 05:58:47', '2023-10-31 05:58:48'),
(19, 5, 'ar', 'مترو', '2023-10-31 05:58:48', '2023-10-31 05:58:48'),
(20, 3, 'ar', 'مطار', '2023-10-31 05:58:51', '2023-10-31 05:58:52'),
(21, 4, 'ar', 'شاطئ', '2023-10-31 05:58:52', '2023-10-31 05:58:53');

-- --------------------------------------------------------

--
-- Table structure for table `orders`
--

CREATE TABLE IF NOT EXISTS `orders` (
  `id` bigint UNSIGNED NOT NULL AUTO_INCREMENT,
  `order_id` varchar(191) CHARACTER SET utf8mb4 COLLATE utf8mb4_unicode_ci NOT NULL,
  `user_id` int NOT NULL,
  `package_id` int NOT NULL,
  `purchase_date` date NOT NULL,
  `last_renew_date` varchar(255) CHARACTER SET utf8mb4 COLLATE utf8mb4_unicode_ci DEFAULT NULL,
  `expired_day` int NOT NULL,
  `expired_date` date DEFAULT NULL,
  `payment_method` varchar(255) CHARACTER SET utf8mb4 COLLATE utf8mb4_unicode_ci DEFAULT NULL,
  `transaction_id` text CHARACTER SET utf8mb4 COLLATE utf8mb4_unicode_ci,
  `payment_status` tinyint NOT NULL DEFAULT '0',
  `renew_payment_status` int DEFAULT NULL,
  `amount_usd` decimal(10,0) NOT NULL,
  `amount_real_currency` int NOT NULL,
  `currency_type` varchar(191) CHARACTER SET utf8mb4 COLLATE utf8mb4_unicode_ci NOT NULL,
  `currency_icon` varchar(191) CHARACTER SET utf8mb4 COLLATE utf8mb4_unicode_ci NOT NULL,
  `status` tinyint NOT NULL DEFAULT '0',
  `created_at` timestamp NULL DEFAULT NULL,
  `updated_at` timestamp NULL DEFAULT NULL,
  PRIMARY KEY (`id`)
) ENGINE=InnoDB AUTO_INCREMENT=199 DEFAULT CHARSET=utf8mb4 COLLATE=utf8mb4_unicode_ci;

--
-- Dumping data for table `orders`
--

INSERT INTO `orders` (`id`, `order_id`, `user_id`, `package_id`, `purchase_date`, `last_renew_date`, `expired_day`, `expired_date`, `payment_method`, `transaction_id`, `payment_status`, `renew_payment_status`, `amount_usd`, `amount_real_currency`, `currency_type`, `currency_icon`, `status`, `created_at`, `updated_at`) VALUES
(63, '#6587452', 2, 3, '2021-09-23', NULL, 250, '2022-05-31', NULL, NULL, 1, NULL, 0, 0, 'INR', '₹', 0, '2021-09-23 05:17:19', '2022-11-07 05:33:18'),
(64, '#263202123092354', 2, 3, '2021-09-23', NULL, 250, '2022-05-31', NULL, NULL, 1, NULL, 0, 0, 'INR', '₹', 0, '2021-09-23 06:23:54', '2022-11-07 05:33:18'),
(65, '#23202123090817', 2, 1, '2021-09-23', NULL, -1, NULL, 'Stripe', 'txn_3JctX9HWLjS9yT0S1yc5lByq', 1, NULL, 4, 300, 'INR', '₹', 0, '2021-09-23 15:08:17', '2022-11-07 05:33:18'),
(66, '#30202123091051', 2, 4, '2021-09-23', NULL, 33, '2021-10-26', 'Stripe', 'txn_3JctZiHWLjS9yT0S0vmTBDPC', 1, NULL, 1, 50, 'INR', '₹', 0, '2021-09-23 15:10:51', '2022-11-07 05:33:18'),
(67, '#40202123091201', 2, 1, '2021-09-23', NULL, -1, NULL, 'Stripe', 'txn_3JctapHWLjS9yT0S1hQKRtre', 1, NULL, 4, 300, 'INR', '₹', 0, '2021-09-23 15:12:01', '2022-11-07 05:33:18'),
(68, '#30202123091952', 2, 1, '2021-09-23', NULL, -1, NULL, 'Stripe', 'txn_3JctiRHWLjS9yT0S1e7h6xLl', 1, NULL, 4, 300, 'INR', '₹', 0, '2021-09-23 15:19:52', '2022-11-07 05:33:18'),
(69, '#33202123092135', 2, 1, '2021-09-23', NULL, -1, NULL, 'Stripe', 'txn_3Jctk6HWLjS9yT0S02xBglB9', 1, NULL, 4, 300, 'INR', '₹', 0, '2021-09-23 15:21:35', '2022-11-07 05:33:18'),
(70, '#36202123092330', 2, 1, '2021-09-23', NULL, -1, NULL, 'Stripe', 'txn_3JctlxHWLjS9yT0S0mXVNxGq', 1, NULL, 4, 300, 'INR', '₹', 0, '2021-09-23 15:23:30', '2022-11-07 05:33:18'),
(71, '#42202123093454', 2, 4, '2021-09-23', NULL, 33, '2021-10-26', 'Stripe', 'txn_3JctwzHWLjS9yT0S06KFE6Bz', 1, NULL, 1, 50, 'INR', '₹', 0, '2021-09-23 15:34:54', '2022-11-07 05:33:18'),
(72, '#35202123094115', 2, 4, '2021-09-23', NULL, 33, '2021-10-26', 'Paypal', 'PAYID-MFGJ7TQ6N4589527E0608614', 1, NULL, 1, 50, 'INR', '₹', 0, '2021-09-23 15:41:15', '2022-11-07 05:33:18'),
(73, '#33202123095745', 2, 4, '2021-09-23', NULL, 33, '2021-10-26', 'Stripe', 'txn_3JcuJ5HWLjS9yT0S04BCoqjw', 1, NULL, 1, 50, 'INR', '₹', 0, '2021-09-23 15:57:45', '2022-11-07 05:33:18'),
(74, '#24202125094213', 2, 1, '2021-09-25', NULL, -1, NULL, 'Stripe', 'txn_3JdUaaHWLjS9yT0S0SLu685p', 1, NULL, 4, 300, 'INR', '₹', 0, '2021-09-25 06:42:13', '2022-11-07 05:33:18'),
(75, '#34202125094358', 2, 4, '2021-09-25', NULL, 33, '2021-10-28', 'Paypal', 'PAYID-MFHMKBY6LU93132N5092732T', 1, NULL, 1, 50, 'INR', '₹', 0, '2021-09-25 06:43:58', '2022-11-07 05:33:18'),
(76, '#25202125094901', 2, 1, '2021-09-25', NULL, -1, NULL, 'Paypal', 'PAYID-MFHMMTA2PT15047BD7364259', 1, NULL, 4, 300, 'INR', '₹', 0, '2021-09-25 06:49:01', '2022-11-07 05:33:18'),
(77, '#25202125095013', 2, 4, '2021-09-25', NULL, 33, '2021-10-28', 'Stripe', 'txn_3JdUiMHWLjS9yT0S0PH3qcWI', 1, NULL, 1, 50, 'INR', '₹', 0, '2021-09-25 06:50:13', '2022-11-07 05:33:18'),
(78, '#32202125095152', 2, 4, '2021-09-25', NULL, 33, '2021-10-28', 'Stripe', 'txn_3JdUjxHWLjS9yT0S1vgSu7UE', 1, NULL, 1, 50, 'INR', '₹', 0, '2021-09-25 06:51:52', '2022-11-07 05:33:18'),
(79, '#28202126093906', 23, 4, '2021-09-26', NULL, 33, '2021-10-29', 'Stripe', 'txn_3JdulMHWLjS9yT0S0BtYjl02', 1, NULL, 1, 50, 'INR', '₹', 0, '2021-09-26 10:39:06', '2022-11-02 07:25:11'),
(80, '#25202128090755', 2, 4, '2021-09-28', NULL, 33, '2021-10-31', 'Stripe', 'txn_3JeeANHWLjS9yT0S1otmMFqG', 1, NULL, 1, 50, 'INR', '₹', 0, '2021-09-28 11:07:55', '2022-11-07 05:33:18'),
(81, '#36202130093539', 2, 1, '2021-09-30', NULL, -1, NULL, 'Stripe', 'txn_3JfIs1HWLjS9yT0S0vye7z13', 1, NULL, 4, 300, 'INR', '₹', 0, '2021-09-30 06:35:39', '2022-11-07 05:33:18'),
(82, '#22202107105303', 2, 4, '2021-10-07', NULL, 33, '2021-11-09', 'Stripe', 'txn_3JhmjXHWLjS9yT0S0aK3Y2A6', 1, NULL, 1, 50, 'INR', '₹', 0, '2021-10-07 02:53:03', '2022-11-07 05:33:18'),
(83, '#41202110103645', 2, 1, '2021-10-10', NULL, -1, NULL, 'Stripe', 'txn_3Jj0L5HWLjS9yT0S0vaboVSJ', 1, NULL, 4, 300, 'INR', '₹', 0, '2021-10-10 11:36:45', '2022-11-07 05:33:18'),
(84, '#29202111102301', 2, 3, '2021-10-11', NULL, 250, '2022-06-18', NULL, NULL, 1, NULL, 0, 0, 'INR', '₹', 0, '2021-10-11 10:23:01', '2022-11-07 05:33:18'),
(85, '#38202111102412', 2, 3, '2021-10-11', NULL, 250, '2022-06-18', NULL, NULL, 1, NULL, 0, 0, 'INR', '₹', 0, '2021-10-11 10:24:12', '2022-11-07 05:33:18'),
(87, '#31202112100209', 2, 3, '2021-10-12', NULL, 250, '2022-06-19', NULL, NULL, 1, NULL, 0, 0, 'INR', '₹', 0, '2021-10-12 03:02:09', '2022-11-07 05:33:18'),
(88, '#29202112100301', 2, 4, '2021-10-12', NULL, 33, '2021-11-14', 'Paypal', 'PAYID-MFSPV2I2A310576N35436326', 1, NULL, 1, 50, 'INR', '₹', 0, '2021-10-12 03:03:01', '2022-11-07 05:33:18'),
(89, '#26202112101441', 2, 6, '2021-10-12', NULL, 3, '2021-10-15', 'Stripe', 'txn_3JjeGYHWLjS9yT0S1GROdj7c', 1, NULL, 4, 300, 'INR', '₹', 0, '2021-10-12 06:14:41', '2022-11-07 05:33:18'),
(90, '#27202112101607', 2, 1, '2021-10-12', NULL, -1, NULL, 'Paypal', 'PAYID-MFSSQKI0R341950FH265990B', 1, NULL, 4, 300, 'INR', '₹', 0, '2021-10-12 06:16:07', '2022-11-07 05:33:18'),
(91, '#36202112101340', 2, 1, '2021-10-12', NULL, -1, NULL, 'Paypal', 'PAYID-MFSUHNY0PA62113Y0097705Y', 1, NULL, 4, 300, 'INR', '₹', 0, '2021-10-12 08:13:40', '2022-11-07 05:33:18'),
(92, '#42202117101247', 2, 3, '2021-10-17', NULL, 250, '2022-06-24', NULL, NULL, 1, NULL, 0, 0, 'INR', '₹', 0, '2021-10-17 08:12:47', '2022-11-07 05:33:18'),
(93, '#42202117101339', 2, 4, '2021-10-17', NULL, 33, '2021-11-19', 'Stripe', 'txn_3JlUVTHWLjS9yT0S0d0Ywlbf', 1, NULL, 1, 50, 'INR', '₹', 0, '2021-10-17 08:13:39', '2022-11-07 05:33:18'),
(94, '#25202117101447', 2, 1, '2021-10-17', NULL, -1, NULL, 'Paypal', 'PAYID-MFV5W7I69U93169WB267173B', 1, NULL, 4, 300, 'INR', '₹', 0, '2021-10-17 08:14:47', '2022-11-07 05:33:18'),
(95, '#34202118103715', 27, 4, '2021-10-18', NULL, 100, '2022-01-26', 'Stripe', 'txn_3JlljUHWLjS9yT0S1uvOoMU9', 1, NULL, 1, 50, 'INR', '₹', 0, '2021-10-18 02:37:15', '2022-11-02 07:00:26'),
(96, '#39202118104913', 24, 1, '2021-10-18', NULL, 365, '2022-10-18', 'Stripe', 'txn_3Jllv6HWLjS9yT0S17CTvKpy', 1, NULL, 4, 300, 'INR', '₹', 0, '2021-10-18 02:49:13', '2022-11-02 07:20:04'),
(97, '#34202117112138', 2, 4, '2021-11-17', NULL, 100, '2022-02-25', 'Bank Payment', '45984554dsad', 1, NULL, 1, 50, 'INR', '₹', 0, '2021-11-17 09:21:38', '2022-11-07 05:33:18'),
(98, '#42202117112442', 2, 1, '2021-11-17', NULL, 365, '2022-11-17', 'Bank Payment', '65844fgfdgdggf', 1, NULL, 4, 300, 'INR', '₹', 0, '2021-11-17 09:24:42', '2022-11-07 05:33:18'),
(100, '#42202117110818', 2, 1, '2021-11-17', NULL, 365, '2022-11-17', 'Bank Payment', '65844fgfdgdggf', 1, NULL, 4, 300, 'INR', '₹', 0, '2021-11-17 10:08:18', '2022-11-07 05:33:18'),
(101, '#23202117111218', 2, 1, '2021-11-17', NULL, 365, '2022-11-17', 'Bank Payment', '65844fgfdgdggf', 1, NULL, 4, 300, 'INR', '₹', 0, '2021-11-17 10:12:18', '2022-11-07 05:33:18'),
(103, '#26202117115038', 2, 3, '2021-11-17', NULL, 30, '2021-12-17', NULL, NULL, 1, NULL, 0, 0, 'INR', '₹', 0, '2021-11-17 10:50:38', '2022-11-07 05:33:18'),
(104, '#32202117112945', 2, 4, '2021-11-17', NULL, 100, '2022-02-25', 'Bank Payment', 'Bank Name: Your bank name\r\n58745962', 1, NULL, 1, 50, 'INR', '₹', 0, '2021-11-17 12:29:45', '2022-11-07 05:33:18'),
(105, '#27202117114017', 2, 3, '2021-11-17', NULL, 30, '2021-12-17', NULL, NULL, 1, NULL, 0, 0, 'INR', '₹', 0, '2021-11-17 12:40:17', '2022-11-07 05:33:18'),
(106, '#28202117114055', 2, 4, '2021-11-17', NULL, 100, '2022-02-25', 'Bank Payment', 'Sonali Bank, Barguna\r\ntxn_3Jllv6HWLjS9yT0S17CTvKpy', 1, NULL, 1, 50, 'INR', '₹', 0, '2021-11-17 12:40:55', '2022-11-07 05:33:18'),
(107, '#32202118115107', 2, 4, '2021-11-18', NULL, 100, '2022-02-26', 'RazorPay', 'pay_IMvNkcNu3bk9Ui', 1, NULL, 1, 50, 'INR', '₹', 0, '2021-11-18 03:51:07', '2022-11-07 05:33:18'),
(108, '#27202118115305', 2, 1, '2021-11-18', NULL, 365, '2022-11-18', 'RazorPay', 'pay_IMvPkBRRCVx0lx', 1, NULL, 4, 300, 'INR', '₹', 0, '2021-11-18 03:53:05', '2022-11-07 05:33:18'),
(109, '#22202118114717', 2, 4, '2021-11-18', NULL, 100, '2022-02-26', 'RazorPay', 'pay_IMwL5DV9S3wJrM', 1, NULL, 1, 50, 'INR', '₹', 0, '2021-11-18 04:47:17', '2022-11-07 05:33:18'),
(110, '#29202118110325', 2, 4, '2021-11-18', NULL, 100, '2022-02-26', 'Bank Payment', 'IBBL Barguna branch\r\ntrx_8338929222', 1, NULL, 1, 50, 'INR', '₹', 0, '2021-11-18 05:03:25', '2022-11-07 05:33:18'),
(111, '#40202118110640', 2, 1, '2021-11-18', NULL, 365, '2022-11-18', 'RazorPay', 'pay_IMwfYgzfX4sDTd', 1, NULL, 4, 300, 'INR', '₹', 0, '2021-11-18 05:06:40', '2022-11-07 05:33:18'),
(112, '#24202118114147', 2, 4, '2021-11-18', NULL, 100, '2022-02-26', 'Bank Payment', 'DBBL Barguna branch,\r\ntnx_883832jdjdjdj3', 1, NULL, 1, 50, 'INR', '₹', 0, '2021-11-18 16:41:47', '2022-11-07 05:33:18'),
(114, '#41202124115938', 2, 4, '2021-11-24', NULL, 100, '2022-03-04', 'RazorPay', 'pay_IPLndqBwqqmq4z', 1, NULL, 50, 50, 'INR', '$', 0, '2021-11-24 06:59:38', '2022-11-07 05:33:18'),
(116, '#23202128120218', 2, 1, '2021-12-28', NULL, 365, '2022-12-28', 'Flutterwave', '2776065', 1, NULL, 4, 300, 'INR', '₹', 0, '2021-12-28 14:02:18', '2022-11-07 05:33:18'),
(117, '#39202128121951', 2, 1, '2021-12-28', NULL, 365, '2022-12-28', 'Flutterwave', '2776694', 1, NULL, 4, 300, 'INR', '₹', 0, '2021-12-28 16:19:51', '2022-11-07 05:33:18'),
(118, '#31202128120832', 2, 1, '2021-12-28', NULL, 365, '2022-12-28', 'Stripe', 'txn_3KBUCOHWLjS9yT0S0BdULz5G', 1, NULL, 4, 300, 'INR', '₹', 0, '2021-12-29 05:08:32', '2022-11-07 05:33:18'),
(119, '#44202128121025', 2, 1, '2021-12-28', NULL, 365, '2022-12-28', 'Paypal', 'PAYID-MHFGILQ5MA11909L2862163F', 1, NULL, 4, 300, 'INR', '₹', 0, '2021-12-29 05:10:25', '2022-11-07 05:33:18'),
(120, '#26202128121228', 2, 1, '2021-12-28', NULL, 365, '2022-12-28', 'Paypal', 'PAYID-MHFGJPI3TM33003UM030863F', 1, NULL, 4, 300, 'INR', '₹', 0, '2021-12-29 05:12:28', '2022-11-07 05:33:18'),
(121, '#37202128121450', 2, 1, '2021-12-28', NULL, 365, '2022-12-28', 'RazorPay', 'pay_Ici5uOd5G34UGG', 1, NULL, 4, 300, 'INR', '₹', 0, '2021-12-29 05:14:50', '2022-11-07 05:33:18'),
(122, '#33202128121901', 2, 1, '2021-12-28', NULL, 365, '2022-12-28', 'Flutterwave', '2777842', 1, NULL, 4, 300, 'INR', '₹', 0, '2021-12-29 05:19:01', '2022-11-07 05:33:18'),
(123, '#41202216012756', 2, 4, '2022-01-16', NULL, 100, '2022-04-26', 'Flutterwave', '2827106', 1, NULL, 0, 50, 'NGR', '₦', 0, '2022-01-16 16:27:56', '2022-11-07 05:33:18'),
(124, '#44202224022919', 2, 4, '2022-02-24', NULL, 100, '2022-06-04', 'Stripe', 'txn_3KWapHHWLjS9yT0S17nMSPcX', 1, NULL, 50, 50, 'USD', '$', 0, '2022-02-24 06:29:19', '2022-11-07 05:33:18'),
(125, '#26202224020503', 2, 4, '2022-02-24', NULL, 100, '2022-06-04', 'RazorPay', 'pay_Izl1LwSPhLkPOE', 1, NULL, 50, 50, 'USD', '$', 0, '2022-02-24 07:05:03', '2022-11-07 05:33:18'),
(126, '#33202224021041', 2, 4, '2022-02-24', NULL, 100, '2022-06-04', 'Flutterwave', '3170490', 1, NULL, 50, 50, 'USD', '$', 0, '2022-02-24 07:10:41', '2022-11-07 05:33:18'),
(127, '#39202224021559', 2, 4, '2022-02-24', NULL, 100, '2022-06-04', 'Bank Payment', 'IBBL Uttara Branch, \r\ntnx_KDFLKDF9394KK', 0, NULL, 50, 50, 'USD', '$', 0, '2022-02-24 07:15:59', '2022-11-07 05:33:18'),
(128, '#41202225021337', 2, 4, '2022-02-25', NULL, 100, '2022-06-05', 'Paypal', 'PAYID-MIMGK3I5A0937362X009854W', 1, NULL, 50, 50, 'USD', '$', 0, '2022-02-25 05:13:37', '2022-11-07 05:33:18'),
(129, '#38202227025741', 2, 3, '2022-02-27', NULL, 30, '2022-03-29', NULL, NULL, 1, NULL, 0, 0, 'USD', '$', 0, '2022-02-27 05:57:41', '2022-11-07 05:33:18'),
(130, '#24202227020843', 2, 4, '2022-02-27', NULL, 100, '2022-06-07', 'Stripe', 'txn_3KXfvwHWLjS9yT0S0HIaxigb', 1, NULL, 50, 50, 'USD', '$', 0, '2022-02-27 06:08:43', '2022-11-07 05:33:18'),
(131, '#25202228023955', 2, 4, '2022-02-28', NULL, 100, '2022-06-08', 'Stripe', 'txn_3KXz9QHWLjS9yT0S07Szuza3', 1, NULL, 1, 50, 'BDT', '৳', 0, '2022-02-28 02:39:55', '2022-11-07 05:33:18'),
(132, '#24202228024338', 2, 4, '2022-02-28', NULL, 100, '2022-06-08', 'Stripe', 'txn_3KXzD4F56Pb8BOOX1YXbY9y4', 1, NULL, 1, 50, 'BDT', '৳', 0, '2022-02-28 02:43:38', '2022-11-07 05:33:18'),
(133, '#28202228025356', 2, 1, '2022-02-28', NULL, 365, '2023-02-28', 'Paypal', 'PAYID-MIODSGY5GN831667G6938333', 1, NULL, 4, 300, 'BDT', '৳', 0, '2022-02-28 02:53:56', '2022-11-07 05:33:18'),
(134, '#41202228020230', 2, 4, '2022-02-28', NULL, 100, '2022-06-08', 'RazorPay', 'pay_J1H1bogSc1fBgu', 1, NULL, 44, 50, 'BDT', '৳', 0, '2022-02-28 03:02:30', '2022-11-07 05:33:18'),
(135, '#43202228021407', 2, 4, '2022-02-28', NULL, 100, '2022-06-08', 'Flutterwave', '3181017', 1, NULL, 10, 50, 'BDT', '৳', 0, '2022-02-28 03:14:07', '2022-11-07 05:33:18'),
(136, '#29202228023704', 2, 4, '2022-02-28', NULL, 100, '2022-06-08', 'Paystack', '1651508987', 1, NULL, 242, 50, 'BDT', '৳', 0, '2022-02-28 03:37:04', '2022-11-07 05:33:18'),
(137, '#25202228023606', 2, 1, '2022-02-28', NULL, 365, '2023-02-28', 'Mollie', 'tr_7Gb32gEwm9', 1, NULL, 5, 300, 'BDT', '৳', 0, '2022-02-28 04:36:06', '2022-11-07 05:33:18'),
(138, '#25202228023640', 2, 1, '2022-02-28', NULL, 365, '2023-02-28', 'Mollie', 'tr_7Gb32gEwm9', 1, NULL, 5, 300, 'BDT', '৳', 0, '2022-02-28 04:36:40', '2022-11-07 05:33:18'),
(139, '#26202228025627', 2, 1, '2022-02-28', NULL, 365, '2023-02-28', 'Instamojo', 'MOJO2228Y05A76552905', 1, NULL, 264, 300, 'BDT', '৳', 0, '2022-02-28 04:56:27', '2022-11-07 05:33:18'),
(140, '#42202228022019', 2, 4, '2022-02-28', NULL, 100, '2022-06-08', 'Bank Payment', 'IBBL Dhaka', 1, NULL, 50, 50, 'BDT', '৳', 0, '2022-02-28 08:20:19', '2022-11-07 05:33:18'),
(141, '#27202228022529', 2, 1, '2022-02-28', NULL, 365, '2023-02-28', 'Stripe', 'txn_3KY4XrF56Pb8BOOX1yjxa5KB', 1, NULL, 4, 300, 'BDT', '৳', 0, '2022-02-28 08:25:29', '2022-11-07 05:33:18'),
(142, '#33202228020155', 2, 1, '2022-02-28', NULL, 365, '2023-02-28', 'Paypal', 'PAYID-MIOJ2ZI9AR849620Y101442N', 1, NULL, 300, 300, 'USD', '$', 0, '2022-02-28 10:01:55', '2022-11-07 05:33:18'),
(143, '#36202201033255', 27, 1, '2022-03-01', NULL, 365, '2023-03-01', 'Stripe', 'txn_3KYLWFF56Pb8BOOX0DrAojyS', 1, NULL, 300, 300, 'USD', '$', 0, '2022-03-01 02:32:55', '2022-11-02 07:00:26'),
(144, '#35202230060022', 2, 4, '2022-06-30', NULL, 100, '2022-10-08', 'Paymongo', 'pi_eyLUJNCGiLNhXFviYphLB6P5', 1, NULL, 50, 50, 'USD', '$', 0, '2022-06-30 11:00:22', '2022-11-07 05:33:18'),
(145, '#42202230060214', 2, 1, '2022-06-30', NULL, 365, '2023-06-30', 'Paymongo', 'src_jzUkqswYATZKzHhXgoxzkpFz', 1, NULL, 300, 300, 'USD', '$', 0, '2022-06-30 11:02:14', '2022-11-07 05:33:18'),
(146, '#43202230060235', 2, 1, '2022-06-30', NULL, 365, '2023-06-30', 'Paymongo', 'src_hhJpTKREzFp8e29tGp4FGHfV', 1, NULL, 300, 300, 'USD', '$', 0, '2022-06-30 11:02:35', '2022-11-07 05:33:18'),
(147, '#27202231101325', 2, 4, '2022-10-31', NULL, 100, '2023-02-08', 'Stripe', 'txn_3Lyt7eF56Pb8BOOX1zkwIXuR', 1, NULL, 50, 50, 'USD', '$', 0, '2022-10-31 08:13:25', '2022-11-07 05:33:18'),
(148, '#30202231101343', 2, 4, '2022-10-31', NULL, 100, '2023-02-08', 'Stripe', 'txn_3Lyu41F56Pb8BOOX0VZ2NYAJ', 1, NULL, 50, 50, 'USD', '$', 0, '2022-10-31 09:13:43', '2022-11-07 05:33:18'),
(149, '#28202231101458', 2, 4, '2022-10-31', NULL, 100, '2023-02-08', 'Stripe', 'txn_3Lyu5EF56Pb8BOOX1GaPTXVh', 1, NULL, 50, 50, 'USD', '$', 0, '2022-10-31 09:14:58', '2022-11-07 05:33:18'),
(150, '#28202231104259', 2, 1, '2022-10-31', NULL, 365, '2023-10-31', 'Paypal', 'PAYID-MNPZQ3Q8MV52921HH342103Y', 1, NULL, 300, 300, 'USD', '$', 0, '2022-10-31 09:42:59', '2022-11-07 05:33:18'),
(151, '#38202231104328', 2, 1, '2022-10-31', NULL, 365, '2023-10-31', 'Paypal', 'PAYID-MNPZQ3Q8MV52921HH342103Y', 1, NULL, 300, 300, 'USD', '$', 0, '2022-10-31 09:43:28', '2022-11-07 05:33:18'),
(152, '#36202231105633', 2, 4, '2022-10-31', NULL, 100, '2023-02-08', 'Razorpay', 'pay_KaKxUiiKhoXOVa', 1, NULL, 3733, 50, 'USD', '$', 0, '2022-10-31 09:56:33', '2022-11-07 05:33:18'),
(153, '#39202231100401', 2, 4, '2022-10-31', NULL, 100, '2023-02-08', 'Flutterwave', '3908761', 1, NULL, 20868, 50, 'USD', '$', 0, '2022-10-31 10:04:01', '2022-11-07 05:33:18'),
(154, '#29202231100849', 2, 4, '2022-10-31', NULL, 100, '2023-02-08', 'Paystack', '2239128007', 1, NULL, 20868, 50, 'USD', '$', 0, '2022-10-31 10:08:49', '2022-11-07 05:33:18'),
(155, '#34202231101059', 2, 4, '2022-10-31', NULL, 100, '2023-02-08', 'Mollie', 'tr_kM73FZjwHT', 1, NULL, 64, 50, 'USD', '$', 0, '2022-10-31 10:10:59', '2022-11-07 05:33:18'),
(156, '#23202231101620', 2, 4, '2022-10-31', NULL, 100, '2023-02-08', 'Instamojo', 'MOJO2a31U05A17539896', 1, NULL, 3733, 50, 'USD', '$', 0, '2022-10-31 10:16:20', '2022-11-07 05:33:18'),
(158, '#40202231102745', 2, 4, '2022-10-31', NULL, 100, '2023-02-08', 'Stripe', 'txn_3LyvDfF56Pb8BOOX1WSxiI5S', 1, NULL, 50, 50, 'USD', '$', 0, '2022-10-31 10:27:45', '2022-11-07 05:33:18'),
(159, '#36202231102819', 2, 1, '2022-10-31', NULL, 365, '2023-10-31', 'Bank Payment', 'Branch: Your bank branch name', 1, NULL, 4, 300, 'USD', '$', 0, '2022-10-31 10:28:19', '2022-11-07 05:33:18'),
(166, '#34202202114449', 27, 1, '2022-11-02', NULL, -1, NULL, 'Stripe', 'txn_3Lzah1F56Pb8BOOX0RSlaiO0', 1, NULL, 300, 300, 'USD', '$', 0, '2022-11-02 06:44:49', '2022-11-02 07:00:26'),
(167, '#23202202114952', 27, 1, '2022-11-02', NULL, -1, NULL, 'Stripe', 'txn_3LzalwF56Pb8BOOX1iKsAEWb', 1, NULL, 300, 300, 'USD', '$', 0, '2022-11-02 06:49:52', '2022-11-02 07:00:26'),
(168, '#22202202115200', 27, 1, '2022-11-02', NULL, -1, NULL, 'Stripe', 'txn_3LzanzF56Pb8BOOX0cTyp1ux', 1, NULL, 300, 300, 'USD', '$', 0, '2022-11-02 06:52:00', '2022-11-02 07:00:26'),
(169, '#39202202115519', 27, 1, '2022-11-02', NULL, -1, NULL, 'Stripe', 'txn_3LzarDF56Pb8BOOX1i0aGDWq', 1, NULL, 300, 300, 'USD', '$', 0, '2022-11-02 06:55:19', '2022-11-02 07:00:26'),
(170, '#35202202115853', 27, 4, '2022-11-02', NULL, 100, '2023-02-10', 'Stripe', 'txn_3LzaugF56Pb8BOOX0waUSiaS', 1, NULL, 50, 50, 'USD', '$', 0, '2022-11-02 06:58:53', '2022-11-02 07:00:26'),
(171, '#25202202110026', 27, 1, '2022-11-02', NULL, -1, NULL, 'Stripe', 'txn_3LzawBF56Pb8BOOX1IbjeW3n', 1, NULL, 300, 300, 'USD', '$', 1, '2022-11-02 07:00:26', '2022-11-02 07:00:26'),
(172, '#24202202112004', 24, 1, '2022-11-02', NULL, -1, NULL, 'Stripe', 'txn_3LzbFAF56Pb8BOOX0UaOlkzw', 1, NULL, 300, 300, 'USD', '$', 1, '2022-11-02 07:20:04', '2022-11-02 07:20:04'),
(173, '#37202202112511', 23, 1, '2022-11-02', NULL, -1, NULL, 'Paypal', 'PAYID-MNRBWRI95T87010UH728124D', 1, NULL, 300, 300, 'USD', '$', 1, '2022-11-02 07:25:11', '2022-11-02 07:25:11'),
(174, '#33202205113336', 2, 3, '2022-11-05', NULL, 30, '2022-12-05', NULL, NULL, 1, NULL, 0, 0, 'USD', '$', 0, '2022-11-05 05:33:36', '2022-11-07 05:33:18'),
(175, '#32202205113527', 2, 3, '2022-11-05', NULL, 30, '2022-12-05', NULL, NULL, 1, NULL, 0, 0, 'USD', '$', 0, '2022-11-05 05:35:27', '2022-11-07 05:33:18'),
(176, '#39202205113538', 2, 3, '2022-11-05', NULL, 30, '2022-12-05', NULL, NULL, 1, NULL, 0, 0, 'USD', '$', 0, '2022-11-05 05:35:38', '2022-11-07 05:33:18'),
(177, '#40202207111339', 2, 4, '2022-11-07', NULL, 100, '2023-02-15', 'Stripe', 'txn_3M1NeaF56Pb8BOOX0rZURp4A', 1, NULL, 50, 50, 'USD', '$', 0, '2022-11-07 05:13:39', '2022-11-07 05:33:18'),
(178, '#40202207111708', 2, 1, '2022-11-07', NULL, -1, NULL, 'Paypal', 'PAYID-MNUJJJA79014732NW834604U', 1, NULL, 300, 300, 'USD', '$', 0, '2022-11-07 05:17:08', '2022-11-07 05:33:18'),
(179, '#30202207111926', 2, 1, '2022-11-07', NULL, -1, NULL, 'Razorpay', 'pay_Kd1ylR9dhXYzUX', 1, NULL, 22398, 300, 'USD', '$', 0, '2022-11-07 05:19:26', '2022-11-07 05:33:18'),
(180, '#36202207112139', 2, 4, '2022-11-07', NULL, 100, '2023-02-15', 'Flutterwave', '3926394', 1, NULL, 20868, 50, 'USD', '$', 0, '2022-11-07 05:21:39', '2022-11-07 05:33:18'),
(181, '#39202207112233', 2, 4, '2022-11-07', NULL, 100, '2023-02-15', 'Paystack', '2260559359', 1, NULL, 20868, 50, 'USD', '$', 0, '2022-11-07 05:22:33', '2022-11-07 05:33:18'),
(182, '#41202207112347', 2, 4, '2022-11-07', NULL, 100, '2023-02-15', 'Mollie', 'tr_yE5RPf9dCS', 1, NULL, 64, 50, 'USD', '$', 0, '2022-11-07 05:23:47', '2022-11-07 05:33:18'),
(183, '#36202207112415', 2, 4, '2022-11-07', NULL, 100, '2023-02-15', 'Mollie', 'tr_yE5RPf9dCS', 1, NULL, 64, 50, 'USD', '$', 0, '2022-11-07 05:24:15', '2022-11-07 05:33:18'),
(184, '#43202207112640', 2, 4, '2022-11-07', NULL, 100, '2023-02-15', 'Instamojo', 'MOJO2b07I05A15935887', 1, NULL, 3733, 50, 'USD', '$', 0, '2022-11-07 05:26:40', '2022-11-07 05:33:18'),
(185, '#24202207113000', 2, 4, '2022-11-07', NULL, 100, '2023-02-15', 'Mercadopago', '1310605253', 1, NULL, 112, 50, 'USD', '$', 0, '2022-11-07 05:30:00', '2022-11-07 05:33:18'),
(186, '#28202207113048', 2, 4, '2022-11-07', NULL, 100, '2023-02-15', 'Bank Payment', 'IBBL Uttara Branch, tnx_jkdkfkls9384343', 1, NULL, 1, 50, 'USD', '$', 0, '2022-11-07 05:30:48', '2022-11-07 05:33:18'),
(187, '#37202207113233', 2, 3, '2022-11-07', NULL, 30, '2022-12-07', NULL, NULL, 1, NULL, 0, 0, 'USD', '$', 0, '2022-11-07 05:32:33', '2022-11-07 05:33:18'),
(188, '#25202207113318', 2, 1, '2022-11-07', NULL, -1, NULL, 'Stripe', 'txn_3M1NxeF56Pb8BOOX0jKtUi4y', 1, NULL, 300, 300, 'USD', '$', 1, '2022-11-07 05:33:18', '2022-11-07 05:33:18');

-- --------------------------------------------------------

--
-- Table structure for table `overviews`
--

CREATE TABLE IF NOT EXISTS `overviews` (
  `id` bigint UNSIGNED NOT NULL AUTO_INCREMENT,
  `name` varchar(255) CHARACTER SET utf8mb4 COLLATE utf8mb4_unicode_ci NOT NULL,
  `qty` varchar(255) CHARACTER SET utf8mb4 COLLATE utf8mb4_unicode_ci NOT NULL,
  `icon` varchar(255) CHARACTER SET utf8mb4 COLLATE utf8mb4_unicode_ci NOT NULL,
  `status` varchar(255) CHARACTER SET utf8mb4 COLLATE utf8mb4_unicode_ci NOT NULL,
  `created_at` timestamp NULL DEFAULT NULL,
  `updated_at` timestamp NULL DEFAULT NULL,
  PRIMARY KEY (`id`)
) ENGINE=InnoDB AUTO_INCREMENT=16 DEFAULT CHARSET=utf8mb4 COLLATE=utf8mb4_unicode_ci;

--
-- Dumping data for table `overviews`
--

INSERT INTO `overviews` (`id`, `name`, `qty`, `icon`, `status`, `created_at`, `updated_at`) VALUES
(1, 'Total Properties', '330', 'far fa-building', '1', '2021-09-12 06:48:56', '2022-03-01 06:50:56'),
(2, 'Happy Clients', '115', 'fal fa-handshake', '1', '2021-09-12 06:50:04', '2022-03-01 06:52:42'),
(3, 'Successfull Orders', '220', 'fal fa-house-user', '1', '2021-09-12 06:56:34', '2022-03-01 06:52:02'),
(7, 'Our Teams', '123', 'fas fa-id-card', '1', '2021-09-12 07:14:39', '2022-03-01 06:54:55');

-- --------------------------------------------------------

--
-- Table structure for table `overview_translations`
--

CREATE TABLE IF NOT EXISTS `overview_translations` (
  `id` bigint UNSIGNED NOT NULL AUTO_INCREMENT,
  `overview_id` bigint UNSIGNED NOT NULL,
  `language_code` varchar(255) CHARACTER SET utf8mb4 COLLATE utf8mb4_unicode_ci NOT NULL,
  `name` varchar(255) CHARACTER SET utf8mb4 COLLATE utf8mb4_unicode_ci DEFAULT NULL,
  `created_at` timestamp NULL DEFAULT NULL,
  `updated_at` timestamp NULL DEFAULT NULL,
  PRIMARY KEY (`id`)
) ENGINE=InnoDB AUTO_INCREMENT=11 DEFAULT CHARSET=utf8mb4 COLLATE=utf8mb4_unicode_ci;

--
-- Dumping data for table `overview_translations`
--

INSERT INTO `overview_translations` (`id`, `overview_id`, `language_code`, `name`, `created_at`, `updated_at`) VALUES
(1, 1, 'en', 'Total Properties', '2023-10-23 09:58:29', '2023-10-23 09:58:29'),
(2, 1, 'bn', 'মোট সম্পত্তি', '2023-10-23 09:58:40', '2023-10-23 09:58:40'),
(3, 2, 'bn', 'খুশি ক্লায়েন্ট', '2023-10-23 09:58:43', '2023-10-23 09:58:44'),
(4, 3, 'bn', 'সফল আদেশ', '2023-10-23 09:58:47', '2023-10-23 09:58:48'),
(5, 7, 'bn', 'আমাদের দল', '2023-10-23 09:58:50', '2023-10-23 09:58:51'),
(6, 3, 'en', 'Successfull Orders', '2023-10-23 09:58:56', '2023-10-23 09:58:56'),
(7, 1, 'ar', 'إجمالي الخصائص', '2023-10-31 06:01:30', '2023-10-31 06:01:30'),
(8, 2, 'ar', 'عملاء سعداء', '2023-10-31 06:01:33', '2023-10-31 06:01:34'),
(9, 3, 'ar', 'الطلبات الناجحة', '2023-10-31 06:01:34', '2023-10-31 06:01:34'),
(10, 7, 'ar', 'فرقنا', '2023-10-31 06:01:34', '2023-10-31 06:01:35');

-- --------------------------------------------------------

--
-- Table structure for table `packages`
--

CREATE TABLE IF NOT EXISTS `packages` (
  `id` bigint UNSIGNED NOT NULL AUTO_INCREMENT,
  `package_name` varchar(255) CHARACTER SET utf8mb4 COLLATE utf8mb4_unicode_ci DEFAULT NULL,
  `package_type` varchar(255) CHARACTER SET utf8mb4 COLLATE utf8mb4_unicode_ci DEFAULT NULL,
  `price` int DEFAULT NULL,
  `number_of_days` int DEFAULT NULL,
  `number_of_aminities` int DEFAULT NULL,
  `number_of_nearest_place` int DEFAULT NULL,
  `number_of_photo` int DEFAULT NULL,
  `number_of_property` int DEFAULT NULL,
  `number_of_feature_property` int DEFAULT NULL,
  `number_of_top_property` int DEFAULT NULL,
  `number_of_urgent_property` int DEFAULT NULL,
  `status` tinyint NOT NULL DEFAULT '0',
  `is_featured` tinyint NOT NULL DEFAULT '0',
  `is_top` tinyint NOT NULL DEFAULT '0',
  `is_urgent` tinyint NOT NULL DEFAULT '0',
  `package_order` int NOT NULL,
  `created_at` timestamp NULL DEFAULT NULL,
  `updated_at` timestamp NULL DEFAULT NULL,
  PRIMARY KEY (`id`)
) ENGINE=InnoDB AUTO_INCREMENT=8 DEFAULT CHARSET=utf8mb4 COLLATE=utf8mb4_unicode_ci;

--
-- Dumping data for table `packages`
--

INSERT INTO `packages` (`id`, `package_name`, `package_type`, `price`, `number_of_days`, `number_of_aminities`, `number_of_nearest_place`, `number_of_photo`, `number_of_property`, `number_of_feature_property`, `number_of_top_property`, `number_of_urgent_property`, `status`, `is_featured`, `is_top`, `is_urgent`, `package_order`, `created_at`, `updated_at`) VALUES
(1, 'Pro', '1', 300, -1, 15, -1, -1, 30, -1, -1, -1, 1, 1, 1, 1, 3, '2021-09-20 05:35:19', '2022-11-02 06:44:16'),
(3, 'Free', '0', 0, 30, 7, 5, 3, 5, 0, 0, 0, 1, 0, 0, 0, 1, '2021-09-20 05:48:19', '2021-10-18 01:35:43'),
(4, 'Basic', '1', 50, 100, 10, 4, 4, 7, 1, 0, 0, 1, 1, 0, 0, 2, '2021-09-20 06:16:36', '2021-10-18 01:36:39'),
(6, 'Golden', '1', 300, -1, -1, -1, -1, -1, -1, -1, -1, 0, 1, 1, 1, 4, '2021-10-10 03:07:23', '2022-11-05 05:37:43');

-- --------------------------------------------------------

--
-- Table structure for table `package_translations`
--

CREATE TABLE IF NOT EXISTS `package_translations` (
  `id` bigint UNSIGNED NOT NULL AUTO_INCREMENT,
  `package_id` bigint UNSIGNED NOT NULL,
  `language_code` varchar(255) CHARACTER SET utf8mb4 COLLATE utf8mb4_unicode_ci NOT NULL,
  `package_name` varchar(255) CHARACTER SET utf8mb4 COLLATE utf8mb4_unicode_ci DEFAULT NULL,
  `created_at` timestamp NULL DEFAULT NULL,
  `updated_at` timestamp NULL DEFAULT NULL,
  PRIMARY KEY (`id`)
) ENGINE=InnoDB AUTO_INCREMENT=13 DEFAULT CHARSET=utf8mb4 COLLATE=utf8mb4_unicode_ci;

--
-- Dumping data for table `package_translations`
--

INSERT INTO `package_translations` (`id`, `package_id`, `language_code`, `package_name`, `created_at`, `updated_at`) VALUES
(1, 3, 'en', 'Free', '2023-10-24 05:06:32', '2023-10-24 05:06:32'),
(2, 4, 'en', 'Basic', '2023-10-24 05:06:42', '2023-10-24 05:06:42'),
(3, 1, 'en', 'Pro', '2023-10-24 05:06:44', '2023-10-24 05:06:44'),
(4, 6, 'en', 'Golden', '2023-10-24 05:06:46', '2023-10-24 05:06:46'),
(5, 3, 'bn', 'বিনামূল্যে', '2023-10-24 05:07:16', '2023-10-24 05:07:17'),
(6, 4, 'bn', 'মৌলিক', '2023-10-24 05:09:23', '2023-10-24 05:09:24'),
(7, 1, 'bn', 'প্রো', '2023-10-24 05:09:27', '2023-10-24 05:09:27'),
(8, 6, 'bn', 'সোনালী', '2023-10-24 05:09:30', '2023-10-24 05:09:30'),
(9, 3, 'ar', 'حر', '2023-10-31 05:59:54', '2023-10-31 05:59:54'),
(10, 4, 'ar', 'أساسي', '2023-10-31 05:59:57', '2023-10-31 05:59:57'),
(11, 1, 'ar', 'طليعة', '2023-10-31 05:59:57', '2023-10-31 05:59:57'),
(12, 6, 'ar', 'ذهبي', '2023-10-31 05:59:57', '2023-10-31 05:59:58');

-- --------------------------------------------------------

--
-- Table structure for table `partners`
--

CREATE TABLE IF NOT EXISTS `partners` (
  `id` bigint UNSIGNED NOT NULL AUTO_INCREMENT,
  `name` varchar(191) CHARACTER SET utf8mb4 COLLATE utf8mb4_unicode_ci NOT NULL,
  `image` varchar(255) CHARACTER SET utf8mb4 COLLATE utf8mb4_unicode_ci NOT NULL,
  `first_icon` varchar(255) CHARACTER SET utf8mb4 COLLATE utf8mb4_unicode_ci DEFAULT NULL,
  `designation` varchar(191) CHARACTER SET utf8mb4 COLLATE utf8mb4_unicode_ci DEFAULT NULL,
  `first_link` varchar(191) CHARACTER SET utf8mb4 COLLATE utf8mb4_unicode_ci DEFAULT NULL,
  `second_icon` varchar(191) CHARACTER SET utf8mb4 COLLATE utf8mb4_unicode_ci DEFAULT NULL,
  `second_link` varchar(191) CHARACTER SET utf8mb4 COLLATE utf8mb4_unicode_ci DEFAULT NULL,
  `third_icon` varchar(191) CHARACTER SET utf8mb4 COLLATE utf8mb4_unicode_ci DEFAULT NULL,
  `third_link` varchar(191) CHARACTER SET utf8mb4 COLLATE utf8mb4_unicode_ci DEFAULT NULL,
  `four_icon` varchar(191) CHARACTER SET utf8mb4 COLLATE utf8mb4_unicode_ci DEFAULT NULL,
  `four_link` varchar(191) CHARACTER SET utf8mb4 COLLATE utf8mb4_unicode_ci DEFAULT NULL,
  `status` tinyint NOT NULL DEFAULT '0',
  `created_at` timestamp NULL DEFAULT NULL,
  `updated_at` timestamp NULL DEFAULT NULL,
  PRIMARY KEY (`id`)
) ENGINE=InnoDB AUTO_INCREMENT=15 DEFAULT CHARSET=utf8mb4 COLLATE=utf8mb4_unicode_ci;

--
-- Dumping data for table `partners`
--

INSERT INTO `partners` (`id`, `name`, `image`, `first_icon`, `designation`, `first_link`, `second_icon`, `second_link`, `third_icon`, `third_link`, `four_icon`, `four_link`, `status`, `created_at`, `updated_at`) VALUES
(1, 'Stiven Smith', 'uploads/custom-images/our-team-2022-10-23-04-09-57-8127.png', 'fab fa-facebook', 'Lawyer', 'https://www.facebook.com', 'fab fa-linkedin', 'https://www.linkedin.com', 'fab fa-whatsapp', 'https://www.whatsapp.com', 'fab fa-twitter', 'https://www.twitter.com', 1, '2021-08-01 04:28:48', '2022-10-23 10:09:57'),
(3, 'David Richard', 'uploads/custom-images/our-team-2022-10-23-04-10-10-6922.png', 'fab fa-facebook', 'Teacher', 'https://www.facebook.com', 'fab fa-linkedin', 'https://www.linkedin.com', 'fab fa-whatsapp', 'https://www.whatsapp.com', 'fab fa-twitter', 'https://www.twitter.com', 1, '2021-08-01 04:29:12', '2022-10-23 10:10:10'),
(4, 'Thomas Charles', 'uploads/custom-images/our-team-2022-11-07-01-57-12-8143.jpg', 'fab fa-linkedin-in', 'Founder', 'https://www.linkedin.com', 'fab fa-facebook', 'https://www.facebook.com', 'fab fa-twitter', 'https://www.twitter.com', 'fab fa-whatsapp', 'https://www.whatsapp.com', 1, '2021-09-21 05:24:10', '2022-11-07 07:57:12'),
(6, 'Matthew Anthony', 'uploads/custom-images/our-team-2022-11-08-10-48-48-7096.jpg', 'fab fa-whatsapp', 'Founder', 'https://www.whatsapp.com', 'fab fa-twitter', 'https://www.twitter.com', 'fab fa-linkedin-in', 'https://www.linkedin.com', 'fab fa-facebook', 'https://www.facebook.com', 1, '2021-09-21 05:26:01', '2022-11-08 04:48:48');

-- --------------------------------------------------------

--
-- Table structure for table `partner_translations`
--

CREATE TABLE IF NOT EXISTS `partner_translations` (
  `id` bigint UNSIGNED NOT NULL AUTO_INCREMENT,
  `partner_id` bigint UNSIGNED NOT NULL,
  `language_code` varchar(255) CHARACTER SET utf8mb4 COLLATE utf8mb4_unicode_ci NOT NULL,
  `name` varchar(255) CHARACTER SET utf8mb4 COLLATE utf8mb4_unicode_ci DEFAULT NULL,
  `designation` varchar(255) CHARACTER SET utf8mb4 COLLATE utf8mb4_unicode_ci DEFAULT NULL,
  `created_at` timestamp NULL DEFAULT NULL,
  `updated_at` timestamp NULL DEFAULT NULL,
  PRIMARY KEY (`id`)
) ENGINE=InnoDB AUTO_INCREMENT=11 DEFAULT CHARSET=utf8mb4 COLLATE=utf8mb4_unicode_ci;

--
-- Dumping data for table `partner_translations`
--

INSERT INTO `partner_translations` (`id`, `partner_id`, `language_code`, `name`, `designation`, `created_at`, `updated_at`) VALUES
(1, 1, 'en', 'Stiven Smith', 'Lawyer', '2023-10-23 08:00:19', '2023-10-23 08:00:19'),
(2, 1, 'bn', 'স্টিভেন স্মিথ', 'আইনজীবী', '2023-10-23 08:00:33', '2023-10-23 08:00:33'),
(3, 3, 'en', 'David Richard', 'Teacher', '2023-10-23 08:00:37', '2023-10-23 08:00:37'),
(4, 3, 'bn', 'ডেভিড রিচার্ড', 'শিক্ষক', '2023-10-23 08:00:39', '2023-10-23 08:00:40'),
(5, 4, 'bn', 'টমাস চার্লস', 'প্রতিষ্ঠাতা', '2023-10-23 08:00:43', '2023-10-23 08:00:43'),
(6, 6, 'bn', 'ম্যাথু অ্যান্টনি', 'প্রতিষ্ঠাতা', '2023-10-23 08:00:46', '2023-10-23 08:00:47'),
(7, 1, 'ar', 'ستيفن سميث', 'محامي', '2023-10-31 06:01:08', '2023-10-31 06:01:09'),
(8, 3, 'ar', 'ديفيد ريتشارد', 'مدرس', '2023-10-31 06:01:08', '2023-10-31 06:01:09'),
(9, 4, 'ar', 'توماس تشارلز', 'مؤسس', '2023-10-31 06:01:09', '2023-10-31 06:01:10'),
(10, 6, 'ar', 'ماثيو أنتوني', 'مؤسس', '2023-10-31 06:01:14', '2023-10-31 06:01:15');

-- --------------------------------------------------------

--
-- Table structure for table `popular_posts`
--

CREATE TABLE IF NOT EXISTS `popular_posts` (
  `id` bigint UNSIGNED NOT NULL AUTO_INCREMENT,
  `blog_id` int NOT NULL,
  `status` int NOT NULL,
  `created_at` timestamp NULL DEFAULT NULL,
  `updated_at` timestamp NULL DEFAULT NULL,
  PRIMARY KEY (`id`)
) ENGINE=InnoDB AUTO_INCREMENT=6 DEFAULT CHARSET=utf8mb4 COLLATE=utf8mb4_unicode_ci;

--
-- Dumping data for table `popular_posts`
--

INSERT INTO `popular_posts` (`id`, `blog_id`, `status`, `created_at`, `updated_at`) VALUES
(1, 2, 1, '2022-09-22 10:19:05', '2022-09-22 10:19:05'),
(2, 5, 1, '2022-09-22 10:19:08', '2022-09-22 10:19:08'),
(3, 4, 1, '2022-09-22 10:19:10', '2022-09-22 10:19:10'),
(4, 3, 1, '2022-09-22 10:19:22', '2022-09-22 10:19:22');

-- --------------------------------------------------------

--
-- Table structure for table `price_ranges`
--

CREATE TABLE IF NOT EXISTS `price_ranges` (
  `id` bigint UNSIGNED NOT NULL AUTO_INCREMENT,
  `start` varchar(255) CHARACTER SET utf8mb4 COLLATE utf8mb4_unicode_ci NOT NULL,
  `end` varchar(255) CHARACTER SET utf8mb4 COLLATE utf8mb4_unicode_ci NOT NULL,
  `created_at` timestamp NULL DEFAULT NULL,
  `updated_at` timestamp NULL DEFAULT NULL,
  PRIMARY KEY (`id`)
) ENGINE=InnoDB DEFAULT CHARSET=utf8mb4 COLLATE=utf8mb4_unicode_ci;

-- --------------------------------------------------------

--
-- Table structure for table `properties`
--

CREATE TABLE IF NOT EXISTS `properties` (
  `id` bigint UNSIGNED NOT NULL AUTO_INCREMENT,
  `property_search_id` varchar(255) CHARACTER SET utf8mb4 COLLATE utf8mb4_unicode_ci NOT NULL,
  `user_type` int NOT NULL DEFAULT '1',
  `admin_id` int NOT NULL DEFAULT '0',
  `user_id` int NOT NULL DEFAULT '0',
  `property_type_id` int NOT NULL DEFAULT '0',
  `city_id` int NOT NULL DEFAULT '0',
  `listing_package_id` int NOT NULL DEFAULT '0',
  `property_purpose_id` int NOT NULL DEFAULT '0',
  `title` text CHARACTER SET utf8mb4 COLLATE utf8mb4_unicode_ci NOT NULL,
  `slug` text CHARACTER SET utf8mb4 COLLATE utf8mb4_unicode_ci NOT NULL,
  `views` int NOT NULL DEFAULT '0',
  `address` text CHARACTER SET utf8mb4 COLLATE utf8mb4_unicode_ci,
  `phone` text CHARACTER SET utf8mb4 COLLATE utf8mb4_unicode_ci,
  `email` text CHARACTER SET utf8mb4 COLLATE utf8mb4_unicode_ci,
  `website` text CHARACTER SET utf8mb4 COLLATE utf8mb4_unicode_ci,
  `description` text CHARACTER SET utf8mb4 COLLATE utf8mb4_unicode_ci NOT NULL,
  `file` text CHARACTER SET utf8mb4 COLLATE utf8mb4_unicode_ci,
  `thumbnail_image` text CHARACTER SET utf8mb4 COLLATE utf8mb4_unicode_ci,
  `banner_image` text CHARACTER SET utf8mb4 COLLATE utf8mb4_unicode_ci,
  `number_of_unit` int DEFAULT NULL,
  `number_of_room` int DEFAULT NULL,
  `number_of_bedroom` int DEFAULT NULL,
  `number_of_bathroom` int DEFAULT NULL,
  `number_of_floor` int DEFAULT NULL,
  `number_of_kitchen` int DEFAULT NULL,
  `number_of_parking` int DEFAULT NULL,
  `area` double DEFAULT NULL,
  `google_map_embed_code` text CHARACTER SET utf8mb4 COLLATE utf8mb4_unicode_ci,
  `price` double DEFAULT NULL,
  `period` text CHARACTER SET utf8mb4 COLLATE utf8mb4_unicode_ci,
  `video_link` text CHARACTER SET utf8mb4 COLLATE utf8mb4_unicode_ci,
  `is_featured` tinyint NOT NULL DEFAULT '0',
  `verified` tinyint NOT NULL DEFAULT '0',
  `top_property` tinyint NOT NULL DEFAULT '0',
  `urgent_property` tinyint NOT NULL DEFAULT '0',
  `status` tinyint NOT NULL DEFAULT '0',
  `seo_title` text CHARACTER SET utf8mb4 COLLATE utf8mb4_unicode_ci,
  `expired_date` date DEFAULT NULL,
  `seo_description` text CHARACTER SET utf8mb4 COLLATE utf8mb4_unicode_ci,
  `created_at` timestamp NULL DEFAULT NULL,
  `updated_at` timestamp NULL DEFAULT NULL,
  PRIMARY KEY (`id`)
) ENGINE=InnoDB AUTO_INCREMENT=40 DEFAULT CHARSET=utf8mb4 COLLATE=utf8mb4_unicode_ci;

--
-- Dumping data for table `properties`
--

INSERT INTO `properties` (`id`, `property_search_id`, `user_type`, `admin_id`, `user_id`, `property_type_id`, `city_id`, `listing_package_id`, `property_purpose_id`, `title`, `slug`, `views`, `address`, `phone`, `email`, `website`, `description`, `file`, `thumbnail_image`, `banner_image`, `number_of_unit`, `number_of_room`, `number_of_bedroom`, `number_of_bathroom`, `number_of_floor`, `number_of_kitchen`, `number_of_parking`, `area`, `google_map_embed_code`, `price`, `period`, `video_link`, `is_featured`, `verified`, `top_property`, `urgent_property`, `status`, `seo_title`, `expired_date`, `seo_description`, `created_at`, `updated_at`) VALUES
(9, '43434', 1, 4, 0, 3, 2, 0, 1, '2811 Battery Place Northwest', '2811 Battery Place Northwest', 100, 'Melbourne', '1907485306', 'admin@gmail.com', NULL, '<p>Ut qui eligendi urbanitas. Assum periculis te mel, libris quidam te sit. Qui nisl nemore eleifend id, in illud ullum sea. Ut nusquam sapientem comprehensam ius. His molestie complectitur ex.</p>\r\n\r\n<p>Ei usu malis aeque efficiantur. Mazim dolor denique duo ad, augue ornatus sententiae vel at, duo id sumo vulputate. His legimus assueverit ut, commune maluisset deterruisset id mel. Oblique volumus eos ut, quo autem posidonium definitiones cu. Cu usu lorem consul concludaturque, pro ea fuisset consectetuer. Ex aeterno forensibus has, dicta propriae est ei, ex alterum apeirian quo.</p>\r\n\r\n<p>int dignissim consectetuer nec et, per ad probatus referrentur, vel cu consequat sententiae. Ad duis fugit dictas mea, et cum stet oratio cetero. Ne pri omittam fastidii. No per harum dicant neglegentur, sea ei esse volumus adolescens. Nulla argumentum at pri, vel apeirian principes in. An dicam dicant consul mea, ne per option appetere argumentum, vim legere senserit et.</p>\r\n\r\n<p>Te soleat legendos molestiae cum. Tale sanctus invidunt cu per, quo at modo recteque elaboraret. Ex mazim homero per. Eu nec exerci doctus, cu mei oblique copiosae. Consul diceret usu ne.</p>\r\n\r\n<p>Usu ad solet diceret, usu at appetere percipit appellantur, te est primis audire gloriatur. Scripta noluisse no mel, vis ne decore ridens labitur. Stet erant saepe eu mea. An mel dolore salutandi abhorreant. An quo aliquip maluisset, mea quaeque indoctum in, pro augue veritus praesent te.</p>\r\n\r\n<p>Vim et alterum ornatus vivendum, ut mea solum repudiare. His etiam delenit tibique no, ad harum omnes scribentur qui, ne wisi detracto his. Ei movet accusam pri. Ex vel diam quas urbanitas, ne has velit affert habemus. At quis nonumy disputando nec, falli scaevola vel ea. Omittantur concludaturque nam eu, ex est vocent virtute.</p>\r\n\r\n<p>Vim exerci sadipscing in, est simul recteque ei, dictas repudiandae comprehensam cu usu. Te melius veritus tibique pri. Sea nonumy euismod deserunt te. Ad ius nullam malorum assueverit.</p>', 'property-file-2021-10-10-08-15-45-7669.pdf', 'uploads/custom-images/property-thumb-2021-10-12-09-54-08-7799.png', 'uploads/custom-images/listing-banner-2021-10-12-09-54-10-2966.jpg', 40, 25, 22, 10, 10, 4, 4, 400, '<iframe src=\"https://www.google.com/maps/embed?pb=!1m18!1m12!1m3!1d62920.48427569165!2d-117.94932048380569!3d34.02204554042307!2m3!1f0!2f0!3f0!3m2!1i1024!2i768!4f13.1!3m3!1m2!1s0x80c2d5ff0cf28975%3A0x24ea9c3aea7b766c!2sPacific%20Palms%20Resort!5e0!3m2!1sen!2sbd!4v1634520695036!5m2!1sen!2sbd\" width=\"600\" height=\"450\" style=\"border:0;\" allowfullscreen=\"\" loading=\"lazy\"></iframe>', 200, 'Daily', 'SMKPKGW083c', 1, 1, 0, 1, 1, '2811 Battery Place Northwest', '2022-10-27', '2811 Battery Place Northwest', '2021-09-11 04:51:02', '2022-03-08 08:21:17'),
(11, '5181212', 1, 4, 0, 1, 4, 0, 2, 'Saybrook Point Resort', 'saybrook-point-resort-marina', 108, 'Agoura Hills', '123-343-4444', 'client@gmail.com', 'https://example.com', '<p>Vim exerci sadipscing in, est simul recteque ei, dictas repudiandae comprehensam cu usu. Te melius veritus tibique pri. Sea nonumy euismod deserunt te. Ad ius nullam malorum assueverit.</p>\r\n\r\n<p>Vim et alterum ornatus vivendum, ut mea solum repudiare. His etiam delenit tibique no, ad harum omnes scribentur qui, ne wisi detracto his. Ei movet accusam pri. Ex vel diam quas urbanitas, ne has velit affert habemus. At quis nonumy disputando nec, falli scaevola vel ea. Omittantur concludaturque nam eu, ex est vocent virtute.</p>\r\n\r\n<p>Appetere fabellas ius te. Nonumes splendide deseruisse ea vis, alii velit vel eu. Eos ut scaevola platonem rationibus. Vis natum vivendo sententiae in, ea aperiam apeirian pri, in partem eleifend quo. Pro ex nobis utinam, nam et vidit numquam fastidii, ne per munere adolescens.</p>\r\n\r\n<p>Ipsum volumus pertinax mea ut, eu erat tacimates nam. Tibique copiosae verterem mea no, eam ex melius option, soluta timeam et his. Sit simul gubergren reformidans id, amet minimum nominavi eos ea. Et augue dicta vix. Mea ne utamur referrentur.</p>\r\n\r\n<p>Doming aliquid te pro. Mei et quodsi ornatus praesent, summo debet vis eu, dolor soleat nostrud sea eu. Cu altera possim sanctus est. Ea iriure repudiandae per, no eam legendos consectetuer. Mel at justo doming voluptatum. Mel mentitum fabellas deserunt no, et duo amet unum appetere.</p>\r\n\r\n<p>Quo id nemore dignissim persequeris, unum melius option ei vix, oratio vidisse eam ei. Altera neglegentur cum te. Latine probatus cum cu. Vim dicta sonet intellegebat ne, ei mazim decore eleifend nam, no malis soleat usu. Est ei tale praesent, ad nibh iudicabit has.<br />\r\n&nbsp;</p>', 'property-file-2021-10-17-01-04-04-9188.pdf', 'uploads/custom-images/property-thumb-2021-10-12-09-50-10-9705.png', 'uploads/custom-images/listing-banner-2021-10-12-09-50-11-3241.png', 15, 20, 16, 4, 5, 6, 6, 450, '<iframe src=\"https://www.google.com/maps/embed?pb=!1m18!1m12!1m3!1d52921.92125018989!2d-118.00293421085884!3d34.00229109486106!2m3!1f0!2f0!3f0!3m2!1i1024!2i768!4f13.1!3m3!1m2!1s0x80c2d5d428c37789%3A0xe3df22dfc0a25528!2sHacienda%20Heights%2C%20CA%2C%20USA!5e0!3m2!1sen!2sbd!4v1634520209371!5m2!1sen!2sbd\" width=\"600\" height=\"450\" style=\"border:0;\" allowfullscreen=\"\" loading=\"lazy\"></iframe>', 500, 'Yearly', NULL, 1, 1, 0, 0, 1, 'Saybrook Point Resort & Marina', NULL, 'Saybrook Point Resort & Marina', '2021-09-16 09:38:07', '2022-11-07 07:58:22'),
(12, '8561214', 1, 4, 0, 3, 1, 0, 2, '3015 Grand Avenue', '3015-grand-avenue-cocowalk', 123, 'Newport', '651-458-754', 'client@gmail.com', 'https://example.com', '<p>Nec in rebum primis causae. Affert iisque ex pri, vis utinam vivendo definitionem ad, nostrum omnesque per et. Omnium antiopam cotidieque cu sit. Id pri placerat voluptatum, vero dicunt dissentiunt eum et, adhuc iisque vis no. Eu suavitate contentiones definitionem mel, ex vide insolens ocurreret eam. Et dico blandit mea. Sea tollit vidisse mandamus te, qui movet efficiendi ex.</p>\r\n\r\n<p>Doming aliquid te pro. Mei et quodsi ornatus praesent, summo debet vis eu, dolor soleat nostrud sea eu. Cu altera possim sanctus est. Ea iriure repudiandae per, no eam legendos consectetuer. Mel at justo doming voluptatum. Mel mentitum fabellas deserunt no, et duo amet unum appetere.</p>\r\n\r\n<p>Consetetur definitionem cu mea, usu legere minimum ne. Pro epicurei constituam ne, atqui lucilius indoctum nam id. Eu timeam volumus vel, eos te movet complectitur, te causae saperet eam. Minimum probatus vim te, eu eum ancillae mentitum comprehensam. Tantas decore adipisci vix no.</p>\r\n\r\n<p>Ut qui eligendi urbanitas. Assum periculis te mel, libris quidam te sit. Qui nisl nemore eleifend id, in illud ullum sea. Ut nusquam sapientem comprehensam ius. His molestie complectitur ex.Pri tempor appareat no, eruditi repudiandae vix at. Eos at brute omnesque voluptaria, facer putent intellegam eu pri. Mei debitis ullamcorper eu, at quo idque mundi. Vis in suas porro consequat, nec ad dolor adversarium, ut praesent cotidieque sit. Veniam civibus omittantur duo ut, te his alterum complectitur. Mea omnis oratio impedit ne.<br />\r\n&nbsp;</p>', NULL, 'uploads/custom-images/property-thumb-2021-09-22-12-42-07-7843.jpg', 'uploads/custom-images/listing-banner-2021-09-22-12-42-07-2026.jpg', 30, 21, 18, 10, 10, 5, 5, 300, '<iframe src=\"https://www.google.com/maps/embed?pb=!1m18!1m12!1m3!1d52921.92125018989!2d-118.00293421085884!3d34.00229109486106!2m3!1f0!2f0!3f0!3m2!1i1024!2i768!4f13.1!3m3!1m2!1s0x80c2d5d428c37789%3A0xe3df22dfc0a25528!2sHacienda%20Heights%2C%20CA%2C%20USA!5e0!3m2!1sen!2sbd!4v1634520209371!5m2!1sen!2sbd\" width=\"600\" height=\"450\" style=\"border:0;\" allowfullscreen=\"\" loading=\"lazy\"></iframe>', 500, 'Monthly', 'SMKPKGW083c', 1, 1, 1, 1, 1, '3015 Grand Avenue, CocoWalk', NULL, '3015 Grand Avenue, CocoWalk', '2021-09-22 06:42:08', '2023-10-31 06:10:18'),
(17, '561234', 0, 0, 2, 3, 1, 0, 2, 'Black glass house', 'black-glass-house', 65, 'Vatikanska 11', NULL, 'agent@gmail.com', 'https://example.com', '<p>Appetere fabellas ius te. Nonumes splendide deseruisse ea vis, alii velit vel eu. Eos ut scaevola platonem rationibus. Vis natum vivendo sententiae in, ea aperiam apeirian pri, in partem eleifend quo. Pro ex nobis utinam, nam et vidit numquam fastidii, ne per munere adolescens.</p>\r\n\r\n<p>Ipsum volumus pertinax mea ut, eu erat tacimates nam. Tibique copiosae verterem mea no, eam ex melius option, soluta timeam et his. Sit simul gubergren reformidans id, amet minimum nominavi eos ea. Et augue dicta vix. Mea ne utamur referrentur.</p>\r\n\r\n<p>Te soleat legendos molestiae cum. Tale sanctus invidunt cu per, quo at modo recteque elaboraret. Ex mazim homero per. Eu nec exerci doctus, cu mei oblique copiosae. Consul diceret usu ne.</p>\r\n\r\n<p>Usu ad solet diceret, usu at appetere percipit appellantur, te est primis audire gloriatur. Scripta noluisse no mel, vis ne decore ridens labitur. Stet erant saepe eu mea. An mel dolore salutandi abhorreant. An quo aliquip maluisset, mea quaeque indoctum in, pro augue veritus praesent te.</p>\r\n\r\n<p>Vim et alterum ornatus vivendum, ut mea solum repudiare. His etiam delenit tibique no, ad harum omnes scribentur qui, ne wisi detracto his. Ei movet accusam pri. Ex vel diam quas urbanitas, ne has velit affert habemus. At quis nonumy disputando nec, falli scaevola vel ea. Omittantur concludaturque nam eu, ex est vocent virtute.</p>', NULL, 'uploads/custom-images/property-thumb-2021-10-18-08-56-02-8036.png', 'uploads/custom-images/listing-banner-2021-10-18-08-56-03-7016.jpg', 1, 10, 0, 3, 1, 0, 3, 150, '<iframe src=\"https://www.google.com/maps/embed?pb=!1m18!1m12!1m3!1d105820.98061571886!2d-117.98881174982824!3d34.020632860346275!2m3!1f0!2f0!3f0!3m2!1i1024!2i768!4f13.1!3m3!1m2!1s0x80c2c75ddc27da13%3A0xe22fdf6f254608f4!2sLos%20Angeles%2C%20CA%2C%20USA!5e0!3m2!1sen!2sbd!4v1634525800182!5m2!1sen!2sbd\" width=\"600\" height=\"450\" style=\"border:0;\" allowfullscreen=\"\" loading=\"lazy\"></iframe>', 20, 'Monthly', '', 0, 0, 0, 0, 1, 'Black glass house', NULL, 'Black glass house', '2021-09-25 06:34:31', '2023-10-25 11:10:24'),
(18, '78576751', 0, 0, 2, 3, 1, 0, 1, 'Stay Greenwich Village', 'stay-greenwich-village', 16, 'Washington, Indiana', '123-343-4444', 'client@gmail.com', 'https://example.com', '<p>Te soleat legendos molestiae cum. Tale sanctus invidunt cu per, quo at modo recteque elaboraret. Ex mazim homero per. Eu nec exerci doctus, cu mei oblique copiosae. Consul diceret usu ne.</p>\r\n\r\n<p>Usu ad solet diceret, usu at appetere percipit appellantur, te est primis audire gloriatur. Scripta noluisse no mel, vis ne decore ridens labitur. Stet erant saepe eu mea. An mel dolore salutandi abhorreant. An quo aliquip maluisset, mea quaeque indoctum in, pro augue veritus praesent te.</p>\r\n\r\n<p>Sit vivendum eleifend adipiscing ea. Modus legere suscipiantur an vel, melius patrioque est cu, eum at audire probatus repudiandae. Ei tempor definitiones eam, sea dico omnium ne. Eam ad ubique tincidunt elaboraret, malis aperiri sit et. Ut quo vero inimicus. Sed at munere fuisset noluisse, eleifend senserit an vix.</p>\r\n\r\n<p>Sint dignissim consectetuer nec et, per ad probatus referrentur, vel cu consequat sententiae. Ad duis fugit dictas mea, et cum stet oratio cetero. Ne pri omittam fastidii. No per harum dicant neglegentur, sea ei esse volumus adolescens. Nulla argumentum at pri, vel apeirian principes in. An dicam dicant consul mea, ne per option appetere argumentum, vim legere senserit et.</p>\r\n\r\n<p>In vim natum soleat nostro, pri in eloquentiam contentiones. Eu sit sapientem reprehendunt, omnis aliquid eu eos. No quot illum veniam est, ne pro iudico saperet mnesarchum. Ea pri nostro disputando contentiones, eu nec menandri qualisque, vis ex equidem invidunt. Et accusam detracto splendide per, congue meliore id sea. Has eu aeterno patrioque expetendis, mel ei dissentiet reformidans.</p>\r\n\r\n<p>Ut qui eligendi urbanitas. Assum periculis te mel, libris quidam te sit. Qui nisl nemore eleifend id, in illud ullum sea. Ut nusquam sapientem comprehensam ius. His molestie complectitur ex.</p>', NULL, 'uploads/custom-images/property-thumb-2021-10-18-09-12-37-4861.jpg', 'uploads/custom-images/listing-banner-2021-10-18-09-10-38-8381.jpg', 3, 9, 3, 3, 3, 1, 1, 63.58, '<iframe src=\"https://www.google.com/maps/embed?pb=!1m18!1m12!1m3!1d105820.98061571886!2d-117.98881174982824!3d34.020632860346275!2m3!1f0!2f0!3f0!3m2!1i1024!2i768!4f13.1!3m3!1m2!1s0x80c2c75ddc27da13%3A0xe22fdf6f254608f4!2sLos%20Angeles%2C%20CA%2C%20USA!5e0!3m2!1sen!2sbd!4v1634525800182!5m2!1sen!2sbd\" width=\"600\" height=\"450\" style=\"border:0;\" allowfullscreen=\"\" loading=\"lazy\"></iframe>', 60, 'Daily', 'G6KBwzjbs7w', 0, 0, 0, 0, 1, 'Stay Greenwich Village', NULL, 'Stay Greenwich Village', '2021-09-26 10:43:49', '2022-11-07 05:33:18'),
(21, '9712656', 1, 4, 0, 3, 2, 0, 1, 'Vezer Family Vineyard', 'httplocalhostwebsolutionusrealestate_2script_contentmain_files', 15, '20 Brown Hills West Stephaniaton', '123-343-4444', 'admin@gmail.com', 'https://example.com', '<p>Te soleat legendos molestiae cum. Tale sanctus invidunt cu per, quo at modo recteque elaboraret. Ex mazim homero per. Eu nec exerci doctus, cu mei oblique copiosae. Consul diceret usu ne.</p>\r\n\r\n<p>Usu ad solet diceret, usu at appetere percipit appellantur, te est primis audire gloriatur. Scripta noluisse no mel, vis ne decore ridens labitur. Stet erant saepe eu mea. An mel dolore salutandi abhorreant. An quo aliquip maluisset, mea quaeque indoctum in, pro augue veritus praesent te.</p>\r\n\r\n<p>Vim exerci sadipscing in, est simul recteque ei, dictas repudiandae comprehensam cu usu. Te melius veritus tibique pri. Sea nonumy euismod deserunt te. Ad ius nullam malorum assueverit.</p>\r\n\r\n<p>Ipsum volumus pertinax mea ut, eu erat tacimates nam. Tibique copiosae verterem mea no, eam ex melius option, soluta timeam et his. Sit simul gubergren reformidans id, amet minimum nominavi eos ea. Et augue dicta vix. Mea ne utamur referrentur.</p>\r\n\r\n<p>Per ex vero nonumy. Ius eu doming nominavi mediocrem, aliquid efficiantur no vim, sanctus admodum mnesarchum ad pro. No sea invidunt partiendo. No postea numquam ocurreret duo, unum abhorreant cu nam, fugit fastidii percipitur nam id.</p>\r\n\r\n<p>In vim natum soleat nostro, pri in eloquentiam contentiones. Eu sit sapientem reprehendunt, omnis aliquid eu eos. No quot illum veniam est, ne pro iudico saperet mnesarchum. Ea pri nostro disputando contentiones, eu nec menandri qualisque, vis ex equidem invidunt. Et accusam detracto splendide per, congue meliore id sea. Has eu aeterno patrioque expetendis, mel ei dissentiet reformidans.</p>', NULL, 'uploads/custom-images/property-thumb-2021-10-12-09-46-30-4037.jpg', 'uploads/custom-images/listing-banner-2021-10-12-09-46-31-3403.jpg', 25, 30, 25, 5, 5, 10, 7, 630, '<iframe src=\"https://www.google.com/maps/embed?pb=!1m18!1m12!1m3!1d52921.92125018989!2d-118.00293421085884!3d34.00229109486106!2m3!1f0!2f0!3f0!3m2!1i1024!2i768!4f13.1!3m3!1m2!1s0x80c2d5d428c37789%3A0xe3df22dfc0a25528!2sHacienda%20Heights%2C%20CA%2C%20USA!5e0!3m2!1sen!2sbd!4v1634520209371!5m2!1sen!2sbd\" width=\"600\" height=\"450\" style=\"border:0;\" allowfullscreen=\"\" loading=\"lazy\"></iframe>', 650, 'Daily', 'SMKPKGW083c', 1, 0, 1, 1, 1, '1745 T Street Southeast', NULL, '1745 T Street Southeast', '2021-10-10 05:35:12', '2023-10-18 09:35:22'),
(22, '1212546', 1, 4, 0, 1, 1, 0, 2, 'Vineyards Everhart Cellars', 'hart-2-hart-vineyards-everhart-cellars', 40, 'Manchester', '125-547-869', 'agent@gmail.com', 'https://example.com', '<p>Id est maiorum volutpat, ad nominavi suscipit suscipiantur vix. Ut ius veri aperiam reprehendunt. Ut per unum sapientem consequuntur, usu ut quot scripta. Sea te nisl expetenda, ad quo congue argumentum, sit quis simul accusam cu. Usu ei perfecto repudiare tincidunt, ut quas malis erant vim. An mel vidit iudicabit.</p>\r\n\r\n<p>Per ex vero nonumy. Ius eu doming nominavi mediocrem, aliquid efficiantur no vim, sanctus admodum mnesarchum ad pro. No sea invidunt partiendo. No postea numquam ocurreret duo, unum abhorreant cu nam, fugit fastidii percipitur nam id.</p>\r\n\r\n<p>Sit vivendum eleifend adipiscing ea. Modus legere suscipiantur an vel, melius patrioque est cu, eum at audire probatus repudiandae. Ei tempor definitiones eam, sea dico omnium ne. Eam ad ubique tincidunt elaboraret, malis aperiri sit et. Ut quo vero inimicus. Sed at munere fuisset noluisse, eleifend senserit an vix.</p>\r\n\r\n<p>Te soleat legendos molestiae cum. Tale sanctus invidunt cu per, quo at modo recteque elaboraret. Ex mazim homero per. Eu nec exerci doctus, cu mei oblique copiosae. Consul diceret usu ne.</p>\r\n\r\n<p>Usu ad solet diceret, usu at appetere percipit appellantur, te est primis audire gloriatur. Scripta noluisse no mel, vis ne decore ridens labitur. Stet erant saepe eu mea. An mel dolore salutandi abhorreant. An quo aliquip maluisset, mea quaeque indoctum in, pro augue veritus praesent te.</p>\r\n\r\n<p>Vim exerci sadipscing in, est simul recteque ei, dictas repudiandae comprehensam cu usu. Te melius veritus tibique pri. Sea nonumy euismod deserunt te. Ad ius nullam malorum assueverit.<br />\r\n&nbsp;</p>\r\n\r\n<p>&nbsp;</p>', NULL, 'uploads/custom-images/property-thumb-2021-10-12-09-42-04-5671.jpg', 'uploads/custom-images/listing-banner-2021-10-12-09-42-05-6044.png', 33, 20, 15, 10, 4, 5, 5, 1000, '<iframe src=\"https://www.google.com/maps/embed?pb=!1m18!1m12!1m3!1d105787.7267718059!2d-117.98274035089183!3d34.04729643070238!2m3!1f0!2f0!3f0!3m2!1i1024!2i768!4f13.1!3m3!1m2!1s0x80c329c466d70ea9%3A0xe45ef44baa0981ea!2sWest%20Covina%2C%20CA%2C%20USA!5e0!3m2!1sen!2sbd!4v1634519909601!5m2!1sen!2sbd\" width=\"600\" height=\"450\" style=\"border:0;\" allowfullscreen=\"\" loading=\"lazy\"></iframe>', 300, 'Monthly', 'G6KBwzjbs7w', 1, 0, 1, 1, 1, '8502 Madrone Avenue', NULL, '8502 Madrone Avenue', '2021-10-10 06:53:01', '2022-10-29 05:16:53'),
(23, '78541978', 0, 0, 2, 3, 4, 0, 2, 'Ozalj apartment', 'ozalj-apartment', 11, 'Zeleni put 21', '112-223-443', 'client@gmail.com', 'https://listkhoj.com/', '<p>Ut qui eligendi urbanitas. Assum periculis te mel, libris quidam te sit. Qui nisl nemore eleifend id, in illud ullum sea. Ut nusquam sapientem comprehensam ius. His molestie complectitur ex.</p>\r\n\r\n<p>Ei usu malis aeque efficiantur. Mazim dolor denique duo ad, augue ornatus sententiae vel at, duo id sumo vulputate. His legimus assueverit ut, commune maluisset deterruisset id mel. Oblique volumus eos ut, quo autem posidonium definitiones cu. Cu usu lorem consul concludaturque, pro ea fuisset consectetuer. Ex aeterno forensibus has, dicta propriae est ei, ex alterum apeirian quo.</p>\r\n\r\n<p>Nec in rebum primis causae. Affert iisque ex pri, vis utinam vivendo definitionem ad, nostrum omnesque per et. Omnium antiopam cotidieque cu sit. Id pri placerat voluptatum, vero dicunt dissentiunt eum et, adhuc iisque vis no. Eu suavitate contentiones definitionem mel, ex vide insolens ocurreret eam. Et dico blandit mea. Sea tollit vidisse mandamus te, qui movet efficiendi ex.</p>\r\n\r\n<p>Appetere fabellas ius te. Nonumes splendide deseruisse ea vis, alii velit vel eu. Eos ut scaevola platonem rationibus. Vis natum vivendo sententiae in, ea aperiam apeirian pri, in partem eleifend quo. Pro ex nobis utinam, nam et vidit numquam fastidii, ne per munere adolescens.</p>\r\n\r\n<p>Ipsum volumus pertinax mea ut, eu erat tacimates nam. Tibique copiosae verterem mea no, eam ex melius option, soluta timeam et his. Sit simul gubergren reformidans id, amet minimum nominavi eos ea. Et augue dicta vix. Mea ne utamur referrentur.</p>', NULL, 'uploads/custom-images/property-thumb-2021-10-12-10-03-44-5145.jpg', 'uploads/custom-images/listing-banner-2021-10-12-10-03-51-6785.jpg', 45, 65, 4, 5, 6, 4, 3, 44, '<iframe src=\"https://www.google.com/maps/embed?pb=!1m18!1m12!1m3!1d105820.98061571886!2d-117.98881174982824!3d34.020632860346275!2m3!1f0!2f0!3f0!3m2!1i1024!2i768!4f13.1!3m3!1m2!1s0x80c2c75ddc27da13%3A0xe22fdf6f254608f4!2sLos%20Angeles%2C%20CA%2C%20USA!5e0!3m2!1sen!2sbd!4v1634525800182!5m2!1sen!2sbd\" width=\"600\" height=\"450\" style=\"border:0;\" allowfullscreen=\"\" loading=\"lazy\"></iframe>', 500, 'Yearly', '', 0, 0, 0, 0, 1, 'Ozalj apartment', NULL, 'Ozalj apartment', '2021-10-11 09:45:46', '2023-10-26 05:08:54'),
(24, '1542112565', 1, 4, 0, 1, 4, 0, 1, '1508 Massachusetts Avenue', '1508-massachusetts-avenue-southeast', 14, '95 South Park Avenue, New York, USA', NULL, 'agent@gmail.com', 'https://example.com', '<p>Te soleat legendos molestiae cum. Tale sanctus invidunt cu per, quo at modo recteque elaboraret. Ex mazim homero per. Eu nec exerci doctus, cu mei oblique copiosae. Consul diceret usu ne.</p>\r\n\r\n<p>Usu ad solet diceret, usu at appetere percipit appellantur, te est primis audire gloriatur. Scripta noluisse no mel, vis ne decore ridens labitur. Stet erant saepe eu mea. An mel dolore salutandi abhorreant. An quo aliquip maluisset, mea quaeque indoctum in, pro augue veritus praesent te.</p>\r\n\r\n<p>Vim exerci sadipscing in, est simul recteque ei, dictas repudiandae comprehensam cu usu. Te melius veritus tibique pri. Sea nonumy euismod deserunt te. Ad ius nullam malorum assueverit.</p>\r\n\r\n<p>Sit vivendum eleifend adipiscing ea. Modus legere suscipiantur an vel, melius patrioque est cu, eum at audire probatus repudiandae. Ei tempor definitiones eam, sea dico omnium ne. Eam ad ubique tincidunt elaboraret, malis aperiri sit et. Ut quo vero inimicus. Sed at munere fuisset noluisse, eleifend senserit an vix.</p>\r\n\r\n<p>Sint dignissim consectetuer nec et, per ad probatus referrentur, vel cu consequat sententiae. Ad duis fugit dictas mea, et cum stet oratio cetero. Ne pri omittam fastidii. No per harum dicant neglegentur, sea ei esse volumus adolescens. Nulla argumentum at pri, vel apeirian principes in. An dicam dicant consul mea, ne per option appetere argumentum, vim legere senserit et.</p>\r\n\r\n<p>Id est maiorum volutpat, ad nominavi suscipit suscipiantur vix. Ut ius veri aperiam reprehendunt. Ut per unum sapientem consequuntur, usu ut quot scripta. Sea te nisl expetenda, ad quo congue argumentum, sit quis simul accusam cu. Usu ei perfecto repudiare tincidunt, ut quas malis erant vim. An mel vidit iudicabit.</p>', 'property-file-2021-10-18-07-13-36-4836.pdf', 'uploads/custom-images/property-thumb-2021-10-18-07-15-13-3410.jpg', 'uploads/custom-images/listing-banner-2021-10-18-07-13-36-5087.jpg', 33, 10, 5, 3, 4, 3, 5, 630, '<iframe src=\"https://www.google.com/maps/embed?pb=!1m18!1m12!1m3!1d299257.1409710053!2d-118.38318481374871!3d34.03475018656413!2m3!1f0!2f0!3f0!3m2!1i1024!2i768!4f13.1!3m3!1m2!1s0x80c2c75ddc27da13%3A0xe22fdf6f254608f4!2sLos%20Angeles%2C%20CA%2C%20USA!5e0!3m2!1sen!2sbd!4v1634519784016!5m2!1sen!2sbd\" width=\"600\" height=\"450\" style=\"border:0;\" allowfullscreen=\"\" loading=\"lazy\"></iframe>', 650, 'Daily', 'G6KBwzjbs7w', 0, 0, 1, 1, 1, '1508 Massachusetts Avenue Southeast', NULL, '1508 Massachusetts Avenue Southeast', '2021-10-12 04:44:02', '2022-11-07 08:58:09'),
(26, '781267565', 0, 0, 27, 1, 5, 0, 1, 'Luxury Gymnasium  Club', 'luxury-gymnasium-club', 23, 'San Diego', '123-343-4444', 'agent@thesky9.com', 'https://example.com', '<p>Lorem ipsum dolor sit amet, nibh saperet te pri, at nam diceret disputationi. Quo an consul impedit, usu possim evertitur dissentiet ei, ridens minimum nominavi et vix. An per mutat adipisci. Ut pericula dissentias sed, est ea modus gloriatur. Aliquip persius has cu, oportere adversarium mei an, justo fabulas in vix.</p>\r\n\r\n<p>Ut qui eligendi urbanitas. Assum periculis te mel, libris quidam te sit. Qui nisl nemore eleifend id, in illud ullum sea. Ut nusquam sapientem comprehensam ius. His molestie complectitur ex.</p>\r\n\r\n<p>Ei usu malis aeque efficiantur. Mazim dolor denique duo ad, augue ornatus sententiae vel at, duo id sumo vulputate. His legimus assueverit ut, commune maluisset deterruisset id mel. Oblique volumus eos ut, quo autem posidonium definitiones cu. Cu usu lorem consul concludaturque, pro ea fuisset consectetuer. Ex aeterno forensibus has, dicta propriae est ei, ex alterum apeirian quo.</p>\r\n\r\n<p>Appetere fabellas ius te. Nonumes splendide deseruisse ea vis, alii velit vel eu. Eos ut scaevola platonem rationibus. Vis natum vivendo sententiae in, ea aperiam apeirian pri, in partem eleifend quo. Pro ex nobis utinam, nam et vidit numquam fastidii, ne per munere adolescens.</p>\r\n\r\n<p>Ipsum volumus pertinax mea ut, eu erat tacimates nam. Tibique copiosae verterem mea no, eam ex melius option, soluta timeam et his. Sit simul gubergren reformidans id, amet minimum nominavi eos ea. Et augue dicta vix. Mea ne utamur referrentur.</p>\r\n\r\n<p>Per ex vero nonumy. Ius eu doming nominavi mediocrem, aliquid efficiantur no vim, sanctus admodum mnesarchum ad pro. No sea invidunt partiendo. No postea numquam ocurreret duo, unum abhorreant cu nam, fugit fastidii percipitur nam id.</p>\r\n\r\n<p>&nbsp;</p>', 'property-file-2021-10-18-08-42-44-4052.pdf', 'uploads/custom-images/property-thumb-2021-10-18-08-42-44-2751.jpg', 'uploads/custom-images/listing-banner-2021-10-18-01-02-40-8902.jpg', 45, 50, 45, 15, 5, 10, 4, 600, '<iframe src=\"https://www.google.com/maps/embed?pb=!1m18!1m12!1m3!1d62920.48427569165!2d-117.94932048380569!3d34.02204554042307!2m3!1f0!2f0!3f0!3m2!1i1024!2i768!4f13.1!3m3!1m2!1s0x80c2d5ff0cf28975%3A0x24ea9c3aea7b766c!2sPacific%20Palms%20Resort!5e0!3m2!1sen!2sbd!4v1634520695036!5m2!1sen!2sbd\" width=\"600\" height=\"450\" style=\"border:0;\" allowfullscreen=\"\" loading=\"lazy\"></iframe>', 250, 'Daily', 'SMKPKGW083c', 0, 0, 0, 0, 1, 'Luxury Gymnasium  Club', '2023-10-31', 'Luxury Gymnasium  Club', '2021-10-18 02:42:50', '2023-10-31 06:13:37'),
(27, '26183473', 1, 4, 0, 3, 1, 0, 2, 'Luxury Modern Design', '3d-rendering-luxury-modern-design', 6, 'Newcastle', '123-343-4444', 'user@gmail.com', NULL, '<p>Lorem ipsum dolor sit amet, nibh saperet te pri, at nam diceret disputationi. Quo an consul impedit, usu possim evertitur dissentiet ei, ridens minimum nominavi et vix. An per mutat adipisci. Ut pericula dissentias sed, est ea modus gloriatur. Aliquip persius has cu, oportere adversarium mei an, justo fabulas in vix.</p>\r\n\r\n<p>Nec in rebum primis causae. Affert iisque ex pri, vis utinam vivendo definitionem ad, nostrum omnesque per et. Omnium antiopam cotidieque cu sit. Id pri placerat voluptatum, vero dicunt dissentiunt eum et, adhuc iisque vis no. Eu suavitate contentiones definitionem mel, ex vide insolens ocurreret eam. Et dico blandit mea. Sea tollit vidisse mandamus te, qui movet efficiendi ex.</p>\r\n\r\n<p>Ut qui eligendi urbanitas. Assum periculis te mel, libris quidam te sit. Qui nisl nemore eleifend id, in illud ullum sea. Ut nusquam sapientem comprehensam ius. His molestie complectitur ex.</p>\r\n\r\n<p>Ei usu malis aeque efficiantur. Mazim dolor denique duo ad, augue ornatus sententiae vel at, duo id sumo vulputate. His legimus assueverit ut, commune maluisset deterruisset id mel. Oblique volumus eos ut, quo autem posidonium definitiones cu. Cu usu lorem consul concludaturque, pro ea fuisset consectetuer. Ex aeterno forensibus has, dicta propriae est ei, ex alterum apeirian quo.</p>\r\n\r\n<p>In vim natum soleat nostro, pri in eloquentiam contentiones. Eu sit sapientem reprehendunt, omnis aliquid eu eos. No quot illum veniam est, ne pro iudico saperet mnesarchum. Ea pri nostro disputando contentiones, eu nec menandri qualisque, vis ex equidem invidunt. Et accusam detracto splendide per, congue meliore id sea. Has eu aeterno patrioque expetendis, mel ei dissentiet reformidans.</p>\r\n\r\n<p>Vim exerci sadipscing in, est simul recteque ei, dictas repudiandae comprehensam cu usu. Te melius veritus tibique pri. Sea nonumy euismod deserunt te. Ad ius nullam malorum assueverit.</p>', NULL, 'uploads/custom-images/property-thumb-2021-10-19-08-46-38-8523.jpg', 'uploads/custom-images/listing-banner-2021-10-19-08-46-44-1494.jpg', 12, 23, 12, 11, 3, 4, 2, 452, '<iframe src=\"https://www.google.com/maps/embed?pb=!1m18!1m12!1m3!1d4945541.406433895!2d-6.812930082618514!3d52.75357023711754!2m3!1f0!2f0!3f0!3m2!1i1024!2i768!4f13.1!3m3!1m2!1s0x47d0a98a6c1ed5df%3A0xf4e19525332d8ea8!2sEngland%2C%20UK!5e0!3m2!1sen!2sbd!4v1634611529164!5m2!1sen!2sbd\" width=\"600\" height=\"450\" style=\"border:0;\" allowfullscreen=\"\" loading=\"lazy\"></iframe>', 120, 'Monthly', 'SMKPKGW083c', 1, 0, 1, 1, 1, '3d Rendering Luxury Modern Design', NULL, '3d Rendering Luxury Modern Design', '2021-10-19 02:46:46', '2022-03-08 08:12:12'),
(28, '845215645', 1, 4, 0, 3, 1, 0, 1, 'Winery and Tasting Room', 'j-dusi-wines-winery-and-tasting-room', 5, 'Newport', '635-897-412', 'user@gmail.com', 'https://example.com', '<p>Appetere fabellas ius te. Nonumes splendide deseruisse ea vis, alii velit vel eu. Eos ut scaevola platonem rationibus. Vis natum vivendo sententiae in, ea aperiam apeirian pri, in partem eleifend quo. Pro ex nobis utinam, nam et vidit numquam fastidii, ne per munere adolescens.</p>\r\n\r\n<p>Ipsum volumus pertinax mea ut, eu erat tacimates nam. Tibique copiosae verterem mea no, eam ex melius option, soluta timeam et his. Sit simul gubergren reformidans id, amet minimum nominavi eos ea. Et augue dicta vix. Mea ne utamur referrentur.</p>\r\n\r\n<p>Per ex vero nonumy. Ius eu doming nominavi mediocrem, aliquid efficiantur no vim, sanctus admodum mnesarchum ad pro. No sea invidunt partiendo. No postea numquam ocurreret duo, unum abhorreant cu nam, fugit fastidii percipitur nam id.</p>\r\n\r\n<p>Nec in rebum primis causae. Affert iisque ex pri, vis utinam vivendo definitionem ad, nostrum omnesque per et. Omnium antiopam cotidieque cu sit. Id pri placerat voluptatum, vero dicunt dissentiunt eum et, adhuc iisque vis no. Eu suavitate contentiones definitionem mel, ex vide insolens ocurreret eam. Et dico blandit mea. Sea tollit vidisse mandamus te, qui movet efficiendi ex.</p>\r\n\r\n<p>Lorem ipsum dolor sit amet, nibh saperet te pri, at nam diceret disputationi. Quo an consul impedit, usu possim evertitur dissentiet ei, ridens minimum nominavi et vix. An per mutat adipisci. Ut pericula dissentias sed, est ea modus gloriatur. Aliquip persius has cu, oportere adversarium mei an, justo fabulas in vix.</p>', NULL, 'uploads/custom-images/property-thumb-2021-10-19-08-51-35-9353.jpg', 'uploads/custom-images/listing-banner-2021-10-19-08-51-47-3886.jpg', 41, 21, 12, 4, 2, 1, 1, 14784, '<iframe src=\"https://www.google.com/maps/embed?pb=!1m18!1m12!1m3!1d4945541.406433895!2d-6.812930082618514!3d52.75357023711754!2m3!1f0!2f0!3f0!3m2!1i1024!2i768!4f13.1!3m3!1m2!1s0x47d0a98a6c1ed5df%3A0xf4e19525332d8ea8!2sEngland%2C%20UK!5e0!3m2!1sen!2sbd!4v1634611529164!5m2!1sen!2sbd\" width=\"600\" height=\"450\" style=\"border:0;\" allowfullscreen=\"\" loading=\"lazy\"></iframe>', 1200, 'Daily', '', 0, 0, 1, 1, 1, 'Trendy House Interior', NULL, 'Trendy House Interior', '2021-10-19 02:51:53', '2022-03-13 05:59:33'),
(29, '984522154', 1, 4, 0, 1, 1, 0, 2, 'Leisure Beautiful Health', 'leisure-beautiful-health-garden-landscape', 32, 'Newport', NULL, 'user@gmail.com', NULL, '<p>Id est maiorum volutpat, ad nominavi suscipit suscipiantur vix. Ut ius veri aperiam reprehendunt. Ut per unum sapientem consequuntur, usu ut quot scripta. Sea te nisl expetenda, ad quo congue argumentum, sit quis simul accusam cu. Usu ei perfecto repudiare tincidunt, ut quas malis erant vim. An mel vidit iudicabit.</p>\r\n\r\n<p>Appetere fabellas ius te. Nonumes splendide deseruisse ea vis, alii velit vel eu. Eos ut scaevola platonem rationibus. Vis natum vivendo sententiae in, ea aperiam apeirian pri, in partem eleifend quo. Pro ex nobis utinam, nam et vidit numquam fastidii, ne per munere adolescens.</p>\r\n\r\n<p>In vim natum soleat nostro, pri in eloquentiam contentiones. Eu sit sapientem reprehendunt, omnis aliquid eu eos. No quot illum veniam est, ne pro iudico saperet mnesarchum. Ea pri nostro disputando contentiones, eu nec menandri qualisque, vis ex equidem invidunt. Et accusam detracto splendide per, congue meliore id sea. Has eu aeterno patrioque expetendis, mel ei dissentiet reformidans.</p>\r\n\r\n<p>Meliore inimicus duo ut, tation veritus elaboraret eam cu. Cum in alii agam aliquip, aperiam salutandi et per. Ex vis summo probatus ocurreret, ex assum sententiae pri, blandit sensibus moderatius ei eos. Vix nobis phaedrum neglegentur et.</p>\r\n\r\n<p>Vim exerci sadipscing in, est simul recteque ei, dictas repudiandae comprehensam cu usu. Te melius veritus tibique pri. Sea nonumy euismod deserunt te. Ad ius nullam malorum assueverit.</p>\r\n\r\n<p>Vim et alterum ornatus vivendum, ut mea solum repudiare. His etiam delenit tibique no, ad harum omnes scribentur qui, ne wisi detracto his. Ei movet accusam pri. Ex vel diam quas urbanitas, ne has velit affert habemus. At quis nonumy disputando nec, falli scaevola vel ea. Omittantur concludaturque nam eu, ex est vocent virtute.</p>', NULL, 'uploads/custom-images/property-thumb-2021-10-19-08-54-56-9589.jpg', 'uploads/custom-images/listing-banner-2021-10-19-08-54-59-5852.jpg', 12, 32, 12, 21, 5, 5, 3, 480, '<iframe src=\"https://www.google.com/maps/embed?pb=!1m18!1m12!1m3!1d4945541.406433895!2d-6.812930082618514!3d52.75357023711754!2m3!1f0!2f0!3f0!3m2!1i1024!2i768!4f13.1!3m3!1m2!1s0x47d0a98a6c1ed5df%3A0xf4e19525332d8ea8!2sEngland%2C%20UK!5e0!3m2!1sen!2sbd!4v1634611529164!5m2!1sen!2sbd\" width=\"600\" height=\"450\" style=\"border:0;\" allowfullscreen=\"\" loading=\"lazy\"></iframe>', 200, 'Yearly', '', 0, 0, 1, 1, 1, 'Leisure Beautiful Health Garden Landscape', NULL, 'Leisure Beautiful Health Garden Landscape', '2021-10-19 02:55:01', '2022-06-30 10:32:57'),
(30, '894545453', 1, 4, 0, 3, 4, 0, 1, 'Outdoor Swimming Pool', 'outdoor-swimming-pool', 15, 'Long Beach', NULL, 'client@gmail.com', 'https://example.com', '<p>Ut qui eligendi urbanitas. Assum periculis te mel, libris quidam te sit. Qui nisl nemore eleifend id, in illud ullum sea. Ut nusquam sapientem comprehensam ius. His molestie complectitur ex.</p>\r\n\r\n<p>Ei usu malis aeque efficiantur. Mazim dolor denique duo ad, augue ornatus sententiae vel at, duo id sumo vulputate. His legimus assueverit ut, commune maluisset deterruisset id mel. Oblique volumus eos ut, quo autem posidonium definitiones cu. Cu usu lorem consul concludaturque, pro ea fuisset consectetuer. Ex aeterno forensibus has, dicta propriae est ei, ex alterum apeirian quo.</p>\r\n\r\n<p>Pri tempor appareat no, eruditi repudiandae vix at. Eos at brute omnesque voluptaria, facer putent intellegam eu pri. Mei debitis ullamcorper eu, at quo idque mundi. Vis in suas porro consequat, nec ad dolor adversarium, ut praesent cotidieque sit. Veniam civibus omittantur duo ut, te his alterum complectitur. Mea omnis oratio impedit ne.</p>\r\n\r\n<p>Id est maiorum volutpat, ad nominavi suscipit suscipiantur vix. Ut ius veri aperiam reprehendunt. Ut per unum sapientem consequuntur, usu ut quot scripta. Sea te nisl expetenda, ad quo congue argumentum, sit quis simul accusam cu. Usu ei perfecto repudiare tincidunt, ut quas malis erant vim. An mel vidit iudicabit.</p>\r\n\r\n<p>Appetere fabellas ius te. Nonumes splendide deseruisse ea vis, alii velit vel eu. Eos ut scaevola platonem rationibus. Vis natum vivendo sententiae in, ea aperiam apeirian pri, in partem eleifend quo. Pro ex nobis utinam, nam et vidit numquam fastidii, ne per munere adolescens.</p>', NULL, 'uploads/custom-images/property-thumb-2021-10-19-08-58-21-6848.jpg', 'uploads/custom-images/listing-banner-2021-10-19-08-58-25-7947.jpg', 10, 10, 15, 12, 2, 5, 1, 800, '<iframe src=\"https://www.google.com/maps/embed?pb=!1m18!1m12!1m3!1d4945541.406433895!2d-6.812930082618514!3d52.75357023711754!2m3!1f0!2f0!3f0!3m2!1i1024!2i768!4f13.1!3m3!1m2!1s0x47d0a98a6c1ed5df%3A0xf4e19525332d8ea8!2sEngland%2C%20UK!5e0!3m2!1sen!2sbd!4v1634611529164!5m2!1sen!2sbd\" width=\"600\" height=\"450\" style=\"border:0;\" allowfullscreen=\"\" loading=\"lazy\"></iframe>', 1300, 'Daily', 'SMKPKGW083c', 0, 0, 1, 1, 1, 'Outdoor Swimming Pool', NULL, 'Outdoor Swimming Pool', '2021-10-19 02:58:27', '2022-11-02 09:03:05'),
(31, '45417565', 1, 4, 0, 3, 1, 0, 1, 'Indoor Swimming Pool', 'indoor-swimming-pool', 23, 'Lynwood', NULL, 'user@gmail.com', 'https://example.com', '<p>Nec in rebum primis causae. Affert iisque ex pri, vis utinam vivendo definitionem ad, nostrum omnesque per et. Omnium antiopam cotidieque cu sit. Id pri placerat voluptatum, vero dicunt dissentiunt eum et, adhuc iisque vis no. Eu suavitate contentiones definitionem mel, ex vide insolens ocurreret eam. Et dico blandit mea. Sea tollit vidisse mandamus te, qui movet efficiendi ex.</p>\r\n\r\n<p>Doming aliquid te pro. Mei et quodsi ornatus praesent, summo debet vis eu, dolor soleat nostrud sea eu. Cu altera possim sanctus est. Ea iriure repudiandae per, no eam legendos consectetuer. Mel at justo doming voluptatum. Mel mentitum fabellas deserunt no, et duo amet unum appetere.</p>\r\n\r\n<p>Ut qui eligendi urbanitas. Assum periculis te mel, libris quidam te sit. Qui nisl nemore eleifend id, in illud ullum sea. Ut nusquam sapientem comprehensam ius. His molestie complectitur ex.</p>\r\n\r\n<p>Ei usu malis aeque efficiantur. Mazim dolor denique duo ad, augue ornatus sententiae vel at, duo id sumo vulputate. His legimus assueverit ut, commune maluisset deterruisset id mel. Oblique volumus eos ut, quo autem posidonium definitiones cu. Cu usu lorem consul concludaturque, pro ea fuisset consectetuer. Ex aeterno forensibus has, dicta propriae est ei, ex alterum apeirian quo.</p>\r\n\r\n<p>Pri tempor appareat no, eruditi repudiandae vix at. Eos at brute omnesque voluptaria, facer putent intellegam eu pri. Mei debitis ullamcorper eu, at quo idque mundi. Vis in suas porro consequat, nec ad dolor adversarium, ut praesent cotidieque sit. Veniam civibus omittantur duo ut, te his alterum complectitur. Mea omnis oratio impedit ne.</p>', NULL, 'uploads/custom-images/property-thumb-2021-10-19-09-02-00-9708.jpg', 'uploads/custom-images/listing-banner-2021-10-19-09-02-04-4070.jpg', 5, 3, 1, 2, 1, 1, 1, 750, '<iframe src=\"https://www.google.com/maps/embed?pb=!1m18!1m12!1m3!1d4945541.406433895!2d-6.812930082618514!3d52.75357023711754!2m3!1f0!2f0!3f0!3m2!1i1024!2i768!4f13.1!3m3!1m2!1s0x47d0a98a6c1ed5df%3A0xf4e19525332d8ea8!2sEngland%2C%20UK!5e0!3m2!1sen!2sbd!4v1634611529164!5m2!1sen!2sbd\" width=\"600\" height=\"450\" style=\"border:0;\" allowfullscreen=\"\" loading=\"lazy\"></iframe>', 300, 'Daily', 'G6KBwzjbs7w', 1, 0, 1, 1, 1, 'Indoor Swimming Pool', NULL, 'Indoor Swimming Pool', '2021-10-19 03:02:08', '2023-04-04 05:11:04'),
(32, '811175656', 1, 4, 0, 1, 4, 0, 1, 'Library Road-6854', 'library-road6854', 49, 'Long Beach', '123-343-4444', 'user@gmail.com', 'https://example.com', '<p>Per ex vero nonumy. Ius eu doming nominavi mediocrem, aliquid efficiantur no vim, sanctus admodum mnesarchum ad pro. No sea invidunt partiendo. No postea numquam ocurreret duo, unum abhorreant cu nam, fugit fastidii percipitur nam id.</p>\r\n\r\n<p>Appetere fabellas ius te. Nonumes splendide deseruisse ea vis, alii velit vel eu. Eos ut scaevola platonem rationibus. Vis natum vivendo sententiae in, ea aperiam apeirian pri, in partem eleifend quo. Pro ex nobis utinam, nam et vidit numquam fastidii, ne per munere adolescens.</p>\r\n\r\n<p>Ipsum volumus pertinax mea ut, eu erat tacimates nam. Tibique copiosae verterem mea no, eam ex melius option, soluta timeam et his. Sit simul gubergren reformidans id, amet minimum nominavi eos ea. Et augue dicta vix. Mea ne utamur referrentur.</p>\r\n\r\n<p>Sint dignissim consectetuer nec et, per ad probatus referrentur, vel cu consequat sententiae. Ad duis fugit dictas mea, et cum stet oratio cetero. Ne pri omittam fastidii. No per harum dicant neglegentur, sea ei esse volumus adolescens. Nulla argumentum at pri, vel apeirian principes in. An dicam dicant consul mea, ne per option appetere argumentum, vim legere senserit et.</p>\r\n\r\n<p>Te soleat legendos molestiae cum. Tale sanctus invidunt cu per, quo at modo recteque elaboraret. Ex mazim homero per. Eu nec exerci doctus, cu mei oblique copiosae. Consul diceret usu ne.</p>\r\n\r\n<p>Usu ad solet diceret, usu at appetere percipit appellantur, te est primis audire gloriatur. Scripta noluisse no mel, vis ne decore ridens labitur. Stet erant saepe eu mea. An mel dolore salutandi abhorreant. An quo aliquip maluisset, mea quaeque indoctum in, pro augue veritus praesent te.</p>\r\n\r\n<p>Vim exerci sadipscing in, est simul recteque ei, dictas repudiandae comprehensam cu usu. Te melius veritus tibique pri. Sea nonumy euismod deserunt te. Ad ius nullam malorum assueverit.</p>\r\n\r\n<p>Lorem ipsum dolor sit amet, nibh saperet te pri, at nam diceret disputationi. Quo an consul impedit, usu possim evertitur dissentiet ei, ridens minimum nominavi et vix. An per mutat adipisci. Ut pericula dissentias sed, est ea modus gloriatur. Aliquip persius has cu, oportere adversarium mei an, justo fabulas in vix.</p>', NULL, 'uploads/custom-images/property-thumb-2021-10-19-09-05-30-3037.jpg', 'uploads/custom-images/listing-banner-2021-10-19-09-05-33-7577.jpg', 33, 33, 15, 30, 5, 4, 4, 400, '<iframe src=\"https://www.google.com/maps/embed?pb=!1m18!1m12!1m3!1d4945541.406433895!2d-6.812930082618514!3d52.75357023711754!2m3!1f0!2f0!3f0!3m2!1i1024!2i768!4f13.1!3m3!1m2!1s0x47d0a98a6c1ed5df%3A0xf4e19525332d8ea8!2sEngland%2C%20UK!5e0!3m2!1sen!2sbd!4v1634611529164!5m2!1sen!2sbd\" width=\"600\" height=\"450\" style=\"border:0;\" allowfullscreen=\"\" loading=\"lazy\"></iframe>', 300, 'Daily', NULL, 1, 0, 1, 1, 1, 'Library Road-6854', NULL, 'Library Road-6854', '2021-10-19 03:05:36', '2023-10-26 05:04:48');

-- --------------------------------------------------------

--
-- Table structure for table `property_aminities`
--

CREATE TABLE IF NOT EXISTS `property_aminities` (
  `id` bigint UNSIGNED NOT NULL AUTO_INCREMENT,
  `property_id` int NOT NULL,
  `aminity_id` int NOT NULL,
  `status` tinyint NOT NULL DEFAULT '1',
  `created_at` timestamp NULL DEFAULT NULL,
  `updated_at` timestamp NULL DEFAULT NULL,
  PRIMARY KEY (`id`)
) ENGINE=InnoDB AUTO_INCREMENT=1570 DEFAULT CHARSET=utf8mb4 COLLATE=utf8mb4_unicode_ci;

--
-- Dumping data for table `property_aminities`
--

INSERT INTO `property_aminities` (`id`, `property_id`, `aminity_id`, `status`, `created_at`, `updated_at`) VALUES
(13, 5, 3, 1, '2021-09-09 09:04:22', '2021-09-09 09:04:22'),
(14, 5, 5, 1, '2021-09-09 09:04:22', '2021-09-09 09:04:22'),
(15, 5, 6, 1, '2021-09-09 09:04:22', '2021-09-09 09:04:22'),
(16, 5, 7, 1, '2021-09-09 09:04:22', '2021-09-09 09:04:22'),
(20, 6, 5, 1, '2021-09-11 02:18:16', '2021-09-11 02:18:16'),
(21, 6, 6, 1, '2021-09-11 02:18:16', '2021-09-11 02:18:16'),
(22, 6, 7, 1, '2021-09-11 02:18:16', '2021-09-11 02:18:16'),
(27, 7, 1, 1, '2021-09-11 02:18:46', '2021-09-11 02:18:46'),
(28, 7, 2, 1, '2021-09-11 02:18:46', '2021-09-11 02:18:46'),
(29, 7, 3, 1, '2021-09-11 02:18:46', '2021-09-11 02:18:46'),
(30, 7, 4, 1, '2021-09-11 02:18:46', '2021-09-11 02:18:46'),
(1337, 31, 1, 1, '2022-03-08 08:07:34', '2022-03-08 08:07:34'),
(1338, 31, 2, 1, '2022-03-08 08:07:34', '2022-03-08 08:07:34'),
(1339, 31, 3, 1, '2022-03-08 08:07:34', '2022-03-08 08:07:34'),
(1340, 31, 4, 1, '2022-03-08 08:07:34', '2022-03-08 08:07:34'),
(1341, 31, 5, 1, '2022-03-08 08:07:34', '2022-03-08 08:07:34'),
(1342, 31, 6, 1, '2022-03-08 08:07:34', '2022-03-08 08:07:34'),
(1343, 31, 7, 1, '2022-03-08 08:07:34', '2022-03-08 08:07:34'),
(1344, 31, 15, 1, '2022-03-08 08:07:34', '2022-03-08 08:07:34'),
(1345, 30, 1, 1, '2022-03-08 08:08:13', '2022-03-08 08:08:13'),
(1346, 30, 2, 1, '2022-03-08 08:08:13', '2022-03-08 08:08:13'),
(1347, 30, 4, 1, '2022-03-08 08:08:13', '2022-03-08 08:08:13'),
(1348, 30, 5, 1, '2022-03-08 08:08:13', '2022-03-08 08:08:13'),
(1349, 30, 6, 1, '2022-03-08 08:08:13', '2022-03-08 08:08:13'),
(1350, 30, 7, 1, '2022-03-08 08:08:13', '2022-03-08 08:08:13'),
(1351, 30, 16, 1, '2022-03-08 08:08:13', '2022-03-08 08:08:13'),
(1352, 29, 1, 1, '2022-03-08 08:08:59', '2022-03-08 08:08:59'),
(1353, 29, 2, 1, '2022-03-08 08:08:59', '2022-03-08 08:08:59'),
(1354, 29, 3, 1, '2022-03-08 08:08:59', '2022-03-08 08:08:59'),
(1355, 29, 4, 1, '2022-03-08 08:08:59', '2022-03-08 08:08:59'),
(1356, 29, 6, 1, '2022-03-08 08:08:59', '2022-03-08 08:08:59'),
(1357, 29, 7, 1, '2022-03-08 08:08:59', '2022-03-08 08:08:59'),
(1358, 29, 14, 1, '2022-03-08 08:08:59', '2022-03-08 08:08:59'),
(1366, 27, 2, 1, '2022-03-08 08:11:57', '2022-03-08 08:11:57'),
(1367, 27, 3, 1, '2022-03-08 08:11:57', '2022-03-08 08:11:57'),
(1368, 27, 4, 1, '2022-03-08 08:11:57', '2022-03-08 08:11:57'),
(1369, 27, 5, 1, '2022-03-08 08:11:57', '2022-03-08 08:11:57'),
(1370, 27, 7, 1, '2022-03-08 08:11:57', '2022-03-08 08:11:57'),
(1371, 24, 1, 1, '2022-03-08 08:14:23', '2022-03-08 08:14:23'),
(1372, 24, 2, 1, '2022-03-08 08:14:23', '2022-03-08 08:14:23'),
(1373, 24, 3, 1, '2022-03-08 08:14:23', '2022-03-08 08:14:23'),
(1374, 24, 5, 1, '2022-03-08 08:14:23', '2022-03-08 08:14:23'),
(1375, 24, 6, 1, '2022-03-08 08:14:23', '2022-03-08 08:14:23'),
(1376, 24, 15, 1, '2022-03-08 08:14:23', '2022-03-08 08:14:23'),
(1405, 12, 1, 1, '2022-03-08 08:18:25', '2022-03-08 08:18:25'),
(1406, 12, 2, 1, '2022-03-08 08:18:25', '2022-03-08 08:18:25'),
(1407, 12, 3, 1, '2022-03-08 08:18:25', '2022-03-08 08:18:25'),
(1408, 12, 4, 1, '2022-03-08 08:18:25', '2022-03-08 08:18:25'),
(1409, 12, 5, 1, '2022-03-08 08:18:25', '2022-03-08 08:18:25'),
(1410, 12, 6, 1, '2022-03-08 08:18:25', '2022-03-08 08:18:25'),
(1411, 12, 7, 1, '2022-03-08 08:18:25', '2022-03-08 08:18:25'),
(1412, 12, 16, 1, '2022-03-08 08:18:25', '2022-03-08 08:18:25'),
(1413, 9, 1, 1, '2022-03-08 08:20:13', '2022-03-08 08:20:13'),
(1414, 9, 2, 1, '2022-03-08 08:20:13', '2022-03-08 08:20:13'),
(1415, 9, 3, 1, '2022-03-08 08:20:13', '2022-03-08 08:20:13'),
(1416, 9, 4, 1, '2022-03-08 08:20:13', '2022-03-08 08:20:13'),
(1417, 9, 6, 1, '2022-03-08 08:20:13', '2022-03-08 08:20:13'),
(1418, 9, 14, 1, '2022-03-08 08:20:13', '2022-03-08 08:20:13'),
(1419, 11, 2, 1, '2022-03-08 08:21:07', '2022-03-08 08:21:07'),
(1420, 11, 3, 1, '2022-03-08 08:21:07', '2022-03-08 08:21:07'),
(1421, 11, 4, 1, '2022-03-08 08:21:07', '2022-03-08 08:21:07'),
(1422, 11, 5, 1, '2022-03-08 08:21:07', '2022-03-08 08:21:07'),
(1423, 11, 6, 1, '2022-03-08 08:21:07', '2022-03-08 08:21:07'),
(1424, 11, 16, 1, '2022-03-08 08:21:07', '2022-03-08 08:21:07'),
(1456, 21, 2, 1, '2022-03-13 05:58:06', '2022-03-13 05:58:06'),
(1457, 21, 3, 1, '2022-03-13 05:58:06', '2022-03-13 05:58:06'),
(1458, 21, 4, 1, '2022-03-13 05:58:06', '2022-03-13 05:58:06'),
(1459, 21, 5, 1, '2022-03-13 05:58:06', '2022-03-13 05:58:06'),
(1460, 21, 6, 1, '2022-03-13 05:58:06', '2022-03-13 05:58:06'),
(1461, 21, 7, 1, '2022-03-13 05:58:06', '2022-03-13 05:58:06'),
(1462, 22, 2, 1, '2022-03-13 05:58:50', '2022-03-13 05:58:50'),
(1463, 22, 3, 1, '2022-03-13 05:58:50', '2022-03-13 05:58:50'),
(1464, 22, 4, 1, '2022-03-13 05:58:50', '2022-03-13 05:58:50'),
(1465, 22, 6, 1, '2022-03-13 05:58:51', '2022-03-13 05:58:51'),
(1466, 22, 14, 1, '2022-03-13 05:58:51', '2022-03-13 05:58:51'),
(1467, 22, 15, 1, '2022-03-13 05:58:51', '2022-03-13 05:58:51'),
(1468, 28, 2, 1, '2022-03-13 05:59:33', '2022-03-13 05:59:33'),
(1469, 28, 3, 1, '2022-03-13 05:59:33', '2022-03-13 05:59:33'),
(1470, 28, 4, 1, '2022-03-13 05:59:33', '2022-03-13 05:59:33'),
(1471, 28, 5, 1, '2022-03-13 05:59:33', '2022-03-13 05:59:33'),
(1472, 28, 6, 1, '2022-03-13 05:59:33', '2022-03-13 05:59:33'),
(1473, 28, 7, 1, '2022-03-13 05:59:33', '2022-03-13 05:59:33'),
(1474, 28, 15, 1, '2022-03-13 05:59:33', '2022-03-13 05:59:33'),
(1511, 18, 2, 1, '2022-10-26 04:37:13', '2022-10-26 04:37:13'),
(1512, 18, 3, 1, '2022-10-26 04:37:13', '2022-10-26 04:37:13'),
(1513, 18, 5, 1, '2022-10-26 04:37:13', '2022-10-26 04:37:13'),
(1514, 18, 6, 1, '2022-10-26 04:37:13', '2022-10-26 04:37:13'),
(1515, 18, 14, 1, '2022-10-26 04:37:13', '2022-10-26 04:37:13'),
(1516, 17, 1, 1, '2022-10-27 05:29:27', '2022-10-27 05:29:27'),
(1517, 17, 4, 1, '2022-10-27 05:29:27', '2022-10-27 05:29:27'),
(1518, 17, 5, 1, '2022-10-27 05:29:27', '2022-10-27 05:29:27'),
(1519, 17, 7, 1, '2022-10-27 05:29:28', '2022-10-27 05:29:28'),
(1520, 17, 14, 1, '2022-10-27 05:29:28', '2022-10-27 05:29:28'),
(1521, 26, 1, 1, '2022-11-02 07:12:34', '2022-11-02 07:12:34'),
(1522, 26, 2, 1, '2022-11-02 07:12:34', '2022-11-02 07:12:34'),
(1523, 26, 3, 1, '2022-11-02 07:12:34', '2022-11-02 07:12:34'),
(1524, 26, 4, 1, '2022-11-02 07:12:34', '2022-11-02 07:12:34'),
(1525, 26, 7, 1, '2022-11-02 07:12:34', '2022-11-02 07:12:34'),
(1526, 26, 14, 1, '2022-11-02 07:12:34', '2022-11-02 07:12:34'),
(1546, 32, 2, 1, '2022-11-05 04:46:46', '2022-11-05 04:46:46'),
(1547, 32, 4, 1, '2022-11-05 04:46:46', '2022-11-05 04:46:46'),
(1548, 32, 5, 1, '2022-11-05 04:46:46', '2022-11-05 04:46:46'),
(1549, 32, 6, 1, '2022-11-05 04:46:46', '2022-11-05 04:46:46'),
(1550, 32, 7, 1, '2022-11-05 04:46:46', '2022-11-05 04:46:46'),
(1551, 32, 14, 1, '2022-11-05 04:46:46', '2022-11-05 04:46:46'),
(1552, 32, 15, 1, '2022-11-05 04:46:46', '2022-11-05 04:46:46'),
(1553, 32, 16, 1, '2022-11-05 04:46:46', '2022-11-05 04:46:46'),
(1562, 23, 2, 1, '2022-11-05 10:06:57', '2022-11-05 10:06:57'),
(1563, 23, 3, 1, '2022-11-05 10:06:57', '2022-11-05 10:06:57'),
(1564, 23, 4, 1, '2022-11-05 10:06:57', '2022-11-05 10:06:57'),
(1565, 23, 5, 1, '2022-11-05 10:06:57', '2022-11-05 10:06:57'),
(1566, 23, 6, 1, '2022-11-05 10:06:57', '2022-11-05 10:06:57'),
(1567, 23, 7, 1, '2022-11-05 10:06:57', '2022-11-05 10:06:57'),
(1568, 23, 14, 1, '2022-11-05 10:06:57', '2022-11-05 10:06:57'),
(1569, 23, 15, 1, '2022-11-05 10:06:57', '2022-11-05 10:06:57');

-- --------------------------------------------------------

--
-- Table structure for table `property_images`
--

CREATE TABLE IF NOT EXISTS `property_images` (
  `id` bigint UNSIGNED NOT NULL AUTO_INCREMENT,
  `property_id` int NOT NULL,
  `image` varchar(255) CHARACTER SET utf8mb4 COLLATE utf8mb4_unicode_ci NOT NULL,
  `created_at` timestamp NULL DEFAULT NULL,
  `updated_at` timestamp NULL DEFAULT NULL,
  PRIMARY KEY (`id`)
) ENGINE=InnoDB AUTO_INCREMENT=149 DEFAULT CHARSET=utf8mb4 COLLATE=utf8mb4_unicode_ci;

--
-- Dumping data for table `property_images`
--

INSERT INTO `property_images` (`id`, `property_id`, `image`, `created_at`, `updated_at`) VALUES
(10, 5, 'uploads/custom-images/listing-sm-2021-09-09-03-04-28-3717.jpg', '2021-09-09 09:04:30', '2021-09-09 09:04:30'),
(12, 7, 'uploads/custom-images/listing-sm-2021-09-11-08-18-46-3194.jpg', '2021-09-11 02:18:50', '2021-09-11 02:18:50'),
(13, 7, 'uploads/custom-images/listing-sm-2021-09-11-08-18-50-4090.jpg', '2021-09-11 02:18:56', '2021-09-11 02:18:56'),
(14, 7, 'uploads/custom-images/listing-sm-2021-09-11-08-18-56-5793.jpg', '2021-09-11 02:18:59', '2021-09-11 02:18:59'),
(40, 12, 'uploads/custom-images/property-slide-2021-09-22-12-42-08-4491.jpg', '2021-09-22 06:42:08', '2021-09-22 06:42:08'),
(41, 12, 'uploads/custom-images/property-slide-2021-09-22-12-42-09-7900.jpg', '2021-09-22 06:42:09', '2021-09-22 06:42:09'),
(76, 22, 'uploads/custom-images/property-slide-2021-10-12-09-42-05-6976.jpg', '2021-10-12 03:42:06', '2021-10-12 03:42:06'),
(77, 22, 'uploads/custom-images/property-slide-2021-10-12-09-42-06-6375.jpg', '2021-10-12 03:42:06', '2021-10-12 03:42:06'),
(78, 22, 'uploads/custom-images/property-slide-2021-10-12-09-42-06-2694.jpg', '2021-10-12 03:42:06', '2021-10-12 03:42:06'),
(80, 21, 'uploads/custom-images/property-slide-2021-10-12-09-46-31-9227.jpg', '2021-10-12 03:46:32', '2021-10-12 03:46:32'),
(81, 21, 'uploads/custom-images/property-slide-2021-10-12-09-46-32-7319.png', '2021-10-12 03:46:32', '2021-10-12 03:46:32'),
(82, 21, 'uploads/custom-images/property-slide-2021-10-12-09-46-32-9309.png', '2021-10-12 03:46:33', '2021-10-12 03:46:33'),
(83, 11, 'uploads/custom-images/property-slide-2021-10-12-09-50-12-2797.jpg', '2021-10-12 03:50:12', '2021-10-12 03:50:12'),
(84, 11, 'uploads/custom-images/property-slide-2021-10-12-09-50-12-7389.jpg', '2021-10-12 03:50:12', '2021-10-12 03:50:12'),
(85, 11, 'uploads/custom-images/property-slide-2021-10-12-09-50-12-7959.png', '2021-10-12 03:50:13', '2021-10-12 03:50:13'),
(86, 9, 'uploads/custom-images/property-slide-2021-10-12-09-54-10-4404.jpg', '2021-10-12 03:54:10', '2021-10-12 03:54:10'),
(87, 9, 'uploads/custom-images/property-slide-2021-10-12-09-54-10-5433.jpg', '2021-10-12 03:54:11', '2021-10-12 03:54:11'),
(88, 9, 'uploads/custom-images/property-slide-2021-10-12-09-54-11-2561.jpg', '2021-10-12 03:54:11', '2021-10-12 03:54:11'),
(91, 23, 'uploads/custom-images/property-slide-2021-10-12-10-04-02-9116.jpg', '2021-10-12 04:04:03', '2021-10-12 04:04:03'),
(98, 24, 'uploads/custom-images/property-slide-2021-10-18-07-13-39-8674.jpg', '2021-10-18 01:13:46', '2021-10-18 01:13:46'),
(99, 24, 'uploads/custom-images/property-slide-2021-10-18-07-13-46-5352.jpg', '2021-10-18 01:13:49', '2021-10-18 01:13:49'),
(100, 24, 'uploads/custom-images/property-slide-2021-10-18-07-13-49-9076.jpg', '2021-10-18 01:13:51', '2021-10-18 01:13:51'),
(101, 26, 'uploads/custom-images/property-slide-2021-10-18-08-42-50-8510.jpg', '2021-10-18 02:42:53', '2021-10-18 02:42:53'),
(102, 26, 'uploads/custom-images/property-slide-2021-10-18-08-42-53-2644.jpg', '2021-10-18 02:42:56', '2021-10-18 02:42:56'),
(103, 26, 'uploads/custom-images/property-slide-2021-10-18-08-42-56-3659.jpg', '2021-10-18 02:43:00', '2021-10-18 02:43:00'),
(104, 17, 'uploads/custom-images/property-slide-2021-10-18-08-56-04-1967.png', '2021-10-18 02:56:04', '2021-10-18 02:56:04'),
(105, 17, 'uploads/custom-images/property-slide-2021-10-18-08-56-04-7319.jpg', '2021-10-18 02:56:05', '2021-10-18 02:56:05'),
(110, 18, 'uploads/custom-images/property-slide-2021-10-18-09-10-44-3492.jpg', '2021-10-18 03:10:47', '2021-10-18 03:10:47'),
(111, 18, 'uploads/custom-images/property-slide-2021-10-18-09-10-47-6508.jpg', '2021-10-18 03:10:48', '2021-10-18 03:10:48'),
(112, 18, 'uploads/custom-images/property-slide-2021-10-18-09-10-48-3399.jpg', '2021-10-18 03:10:51', '2021-10-18 03:10:51'),
(113, 27, 'uploads/custom-images/property-slide-2021-10-19-08-46-46-2725.jpg', '2021-10-19 02:46:52', '2021-10-19 02:46:52'),
(114, 27, 'uploads/custom-images/property-slide-2021-10-19-08-46-52-4488.jpg', '2021-10-19 02:46:57', '2021-10-19 02:46:57'),
(115, 27, 'uploads/custom-images/property-slide-2021-10-19-08-46-57-4205.jpg', '2021-10-19 02:47:03', '2021-10-19 02:47:03'),
(116, 28, 'uploads/custom-images/property-slide-2021-10-19-08-51-53-4005.jpg', '2021-10-19 02:51:56', '2021-10-19 02:51:56'),
(117, 28, 'uploads/custom-images/property-slide-2021-10-19-08-51-56-2036.jpg', '2021-10-19 02:51:59', '2021-10-19 02:51:59'),
(118, 28, 'uploads/custom-images/property-slide-2021-10-19-08-51-59-3815.jpg', '2021-10-19 02:52:03', '2021-10-19 02:52:03'),
(119, 29, 'uploads/custom-images/property-slide-2021-10-19-08-55-01-4123.jpg', '2021-10-19 02:55:04', '2021-10-19 02:55:04'),
(120, 29, 'uploads/custom-images/property-slide-2021-10-19-08-55-04-7657.jpg', '2021-10-19 02:55:09', '2021-10-19 02:55:09'),
(121, 29, 'uploads/custom-images/property-slide-2021-10-19-08-55-09-1672.jpg', '2021-10-19 02:55:14', '2021-10-19 02:55:14'),
(122, 30, 'uploads/custom-images/property-slide-2021-10-19-08-58-27-9374.jpg', '2021-10-19 02:58:31', '2021-10-19 02:58:31'),
(123, 30, 'uploads/custom-images/property-slide-2021-10-19-08-58-31-4422.jpg', '2021-10-19 02:58:34', '2021-10-19 02:58:34'),
(124, 30, 'uploads/custom-images/property-slide-2021-10-19-08-58-34-1802.jpg', '2021-10-19 02:58:37', '2021-10-19 02:58:37'),
(125, 31, 'uploads/custom-images/property-slide-2021-10-19-09-02-08-5947.jpg', '2021-10-19 03:02:11', '2021-10-19 03:02:11'),
(126, 31, 'uploads/custom-images/property-slide-2021-10-19-09-02-11-4606.jpg', '2021-10-19 03:02:14', '2021-10-19 03:02:14'),
(128, 32, 'uploads/custom-images/property-slide-2021-10-19-09-05-41-8160.jpg', '2021-10-19 03:05:46', '2021-10-19 03:05:46'),
(140, 23, 'uploads/custom-images/property-slide-2022-02-28-02-31-01-9308.jpg', '2022-02-28 08:31:03', '2022-02-28 08:31:03'),
(141, 23, 'uploads/custom-images/property-slide-2022-02-28-02-31-03-7971.jpg', '2022-02-28 08:31:05', '2022-02-28 08:31:05'),
(147, 32, 'uploads/custom-images/property-slide-2022-11-05-10-46-46-7555.jpg', '2022-11-05 04:46:46', '2022-11-05 04:46:46'),
(148, 32, 'uploads/custom-images/property-slide-2022-11-05-10-46-46-9209.jpg', '2022-11-05 04:46:46', '2022-11-05 04:46:46');

-- --------------------------------------------------------

--
-- Table structure for table `property_nearest_locations`
--

CREATE TABLE IF NOT EXISTS `property_nearest_locations` (
  `id` bigint UNSIGNED NOT NULL AUTO_INCREMENT,
  `property_id` int NOT NULL,
  `nearest_location_id` int NOT NULL,
  `distance` varchar(255) CHARACTER SET utf8mb4 COLLATE utf8mb4_unicode_ci NOT NULL,
  `created_at` timestamp NULL DEFAULT NULL,
  `updated_at` timestamp NULL DEFAULT NULL,
  PRIMARY KEY (`id`)
) ENGINE=InnoDB AUTO_INCREMENT=506 DEFAULT CHARSET=utf8mb4 COLLATE=utf8mb4_unicode_ci;

--
-- Dumping data for table `property_nearest_locations`
--

INSERT INTO `property_nearest_locations` (`id`, `property_id`, `nearest_location_id`, `distance`, `created_at`, `updated_at`) VALUES
(86, 13, 3, '66', '2021-09-25 02:58:14', '2021-09-25 02:58:14'),
(87, 13, 8, '1.5', '2021-09-25 02:58:14', '2021-09-25 02:58:14'),
(129, 19, 3, '1.5', '2021-09-27 17:10:00', '2021-09-27 17:10:00'),
(415, 27, 2, '1', '2022-03-08 08:11:57', '2022-03-08 08:11:57'),
(416, 27, 11, '.5', '2022-03-08 08:11:57', '2022-03-08 08:11:57'),
(417, 27, 6, '2', '2022-03-08 08:11:57', '2022-03-08 08:11:57'),
(418, 27, 4, '1.2', '2022-03-08 08:11:57', '2022-03-08 08:11:57'),
(419, 24, 2, '1.5', '2022-03-08 08:14:23', '2022-03-08 08:14:23'),
(420, 24, 4, '5', '2022-03-08 08:14:23', '2022-03-08 08:14:23'),
(421, 24, 8, '3', '2022-03-08 08:14:23', '2022-03-08 08:14:23'),
(433, 12, 10, '1', '2022-03-08 08:18:25', '2022-03-08 08:18:25'),
(434, 12, 7, '2', '2022-03-08 08:18:25', '2022-03-08 08:18:25'),
(435, 9, 8, '3', '2022-03-08 08:20:13', '2022-03-08 08:20:13'),
(436, 9, 4, '2', '2022-03-08 08:20:13', '2022-03-08 08:20:13'),
(437, 9, 5, '.5', '2022-03-08 08:20:13', '2022-03-08 08:20:13'),
(438, 9, 6, '1.5', '2022-03-08 08:20:13', '2022-03-08 08:20:13'),
(439, 11, 7, '4', '2022-03-08 08:21:07', '2022-03-08 08:21:07'),
(440, 11, 3, '6', '2022-03-08 08:21:07', '2022-03-08 08:21:07'),
(455, 21, 3, '2', '2022-03-13 05:58:06', '2022-03-13 05:58:06'),
(456, 21, 4, '1', '2022-03-13 05:58:06', '2022-03-13 05:58:06'),
(457, 21, 8, '.9', '2022-03-13 05:58:06', '2022-03-13 05:58:06'),
(458, 22, 4, '1.5', '2022-03-13 05:58:52', '2022-03-13 05:58:52'),
(459, 22, 11, '0.3', '2022-03-13 05:58:52', '2022-03-13 05:58:52'),
(460, 22, 5, '0.8', '2022-03-13 05:58:52', '2022-03-13 05:58:52'),
(461, 22, 3, '1.5', '2022-03-13 05:58:53', '2022-03-13 05:58:53'),
(462, 28, 2, '.3', '2022-03-13 05:59:33', '2022-03-13 05:59:33'),
(463, 28, 3, '.5', '2022-03-13 05:59:34', '2022-03-13 05:59:34'),
(464, 28, 8, '2', '2022-03-13 05:59:34', '2022-03-13 05:59:34'),
(481, 18, 3, '6', '2022-10-26 04:37:13', '2022-10-26 04:37:13'),
(482, 18, 2, '4', '2022-10-26 04:37:13', '2022-10-26 04:37:13'),
(483, 17, 7, '66', '2022-10-27 05:29:28', '2022-10-27 05:29:28'),
(484, 17, 1, '1', '2022-10-27 05:29:28', '2022-10-27 05:29:28'),
(485, 26, 2, '.3', '2022-11-02 07:12:34', '2022-11-02 07:12:34'),
(486, 26, 5, '.5', '2022-11-02 07:12:34', '2022-11-02 07:12:34'),
(487, 26, 10, '1', '2022-11-02 07:12:34', '2022-11-02 07:12:34'),
(501, 23, 3, '12', '2022-11-05 10:06:57', '2022-11-05 10:06:57'),
(502, 23, 5, '2', '2022-11-05 10:06:57', '2022-11-05 10:06:57'),
(503, 23, 6, '12', '2022-11-05 10:06:57', '2022-11-05 10:06:57'),
(504, 23, 11, '1', '2022-11-05 10:06:57', '2022-11-05 10:06:57'),
(505, 23, 10, '3', '2022-11-05 10:06:57', '2022-11-05 10:06:57');

-- --------------------------------------------------------

--
-- Table structure for table `property_purposes`
--

CREATE TABLE IF NOT EXISTS `property_purposes` (
  `id` bigint UNSIGNED NOT NULL AUTO_INCREMENT,
  `purpose` varchar(255) CHARACTER SET utf8mb4 COLLATE utf8mb4_unicode_ci NOT NULL,
  `custom_purpose` varchar(191) CHARACTER SET utf8mb4 COLLATE utf8mb4_unicode_ci NOT NULL,
  `slug` varchar(255) CHARACTER SET utf8mb4 COLLATE utf8mb4_unicode_ci NOT NULL,
  `status` tinyint NOT NULL,
  `created_at` timestamp NULL DEFAULT NULL,
  `updated_at` timestamp NULL DEFAULT NULL,
  PRIMARY KEY (`id`)
) ENGINE=InnoDB AUTO_INCREMENT=4 DEFAULT CHARSET=utf8mb4 COLLATE=utf8mb4_unicode_ci;

--
-- Dumping data for table `property_purposes`
--

INSERT INTO `property_purposes` (`id`, `purpose`, `custom_purpose`, `slug`, `status`, `created_at`, `updated_at`) VALUES
(1, 'For Sale', 'For Sale', 'for-sale', 1, '2021-09-07 08:15:28', '2022-10-24 12:23:21'),
(2, 'For Rent', 'For Rent', 'for-rent', 1, '2021-09-07 08:15:53', '2021-10-12 09:17:03');

-- --------------------------------------------------------

--
-- Table structure for table `property_purpose_translations`
--

CREATE TABLE IF NOT EXISTS `property_purpose_translations` (
  `id` bigint UNSIGNED NOT NULL AUTO_INCREMENT,
  `property_purpose_id` bigint UNSIGNED NOT NULL,
  `language_code` varchar(255) CHARACTER SET utf8mb4 COLLATE utf8mb4_unicode_ci NOT NULL,
  `custom_purpose` varchar(255) CHARACTER SET utf8mb4 COLLATE utf8mb4_unicode_ci DEFAULT NULL,
  `created_at` timestamp NULL DEFAULT NULL,
  `updated_at` timestamp NULL DEFAULT NULL,
  PRIMARY KEY (`id`)
) ENGINE=InnoDB AUTO_INCREMENT=7 DEFAULT CHARSET=utf8mb4 COLLATE=utf8mb4_unicode_ci;

--
-- Dumping data for table `property_purpose_translations`
--

INSERT INTO `property_purpose_translations` (`id`, `property_purpose_id`, `language_code`, `custom_purpose`, `created_at`, `updated_at`) VALUES
(1, 1, 'en', 'For Sale', '2023-10-25 04:00:19', '2023-10-25 04:00:19'),
(2, 2, 'en', 'For Rent', '2023-10-25 04:00:21', '2023-10-25 04:00:21'),
(3, 1, 'bn', 'বিক্রির জন্য', '2023-10-25 04:00:22', '2023-10-25 04:00:22'),
(4, 2, 'bn', 'ভাড়ার জন্য', '2023-10-25 04:00:25', '2023-10-25 04:00:26'),
(5, 1, 'ar', 'للبيع', '2023-10-31 05:58:28', '2023-10-31 05:58:29'),
(6, 2, 'ar', 'للإيجار', '2023-10-31 05:58:32', '2023-10-31 05:58:32');

-- --------------------------------------------------------

--
-- Table structure for table `property_reviews`
--

CREATE TABLE IF NOT EXISTS `property_reviews` (
  `id` bigint UNSIGNED NOT NULL AUTO_INCREMENT,
  `user_id` int NOT NULL,
  `property_id` int NOT NULL,
  `comment` text CHARACTER SET utf8mb4 COLLATE utf8mb4_unicode_ci NOT NULL,
  `service_rating` float NOT NULL,
  `location_rating` float NOT NULL,
  `money_rating` float NOT NULL,
  `clean_rating` float NOT NULL,
  `avarage_rating` float NOT NULL,
  `status` tinyint NOT NULL,
  `created_at` timestamp NULL DEFAULT NULL,
  `updated_at` timestamp NULL DEFAULT NULL,
  PRIMARY KEY (`id`)
) ENGINE=InnoDB AUTO_INCREMENT=28 DEFAULT CHARSET=utf8mb4 COLLATE=utf8mb4_unicode_ci;

--
-- Dumping data for table `property_reviews`
--

INSERT INTO `property_reviews` (`id`, `user_id`, `property_id`, `comment`, `service_rating`, `location_rating`, `money_rating`, `clean_rating`, `avarage_rating`, `status`, `created_at`, `updated_at`) VALUES
(12, 2, 12, 'Lorem ipsum dolor sit amet, qui assum oblique praesent te. Quo ei erant essent scaevola, est ut clita dolorem, ei est mazim fuisset scribentur', 4, 3, 4, 5, 4, 1, '2021-09-27 14:38:46', '2021-10-11 06:27:33'),
(13, 23, 12, 'Lorem ipsum dolor sit amet, qui assum oblique praesent te. Quo ei erant essent scaevola, est ut clita dolorem, ei est mazim fuisset scribentur', 3, 5, 5, 5, 4.5, 1, '2021-09-27 14:41:27', '2021-09-27 15:13:55'),
(16, 23, 17, 'Lorem ipsum dolor sit amet, qui assum oblique praesent te. Quo ei erant essent scaevola, est ut clita dolorem, ei est mazim fuisset scribentur', 4, 5, 4, 5, 4.5, 1, '2021-09-27 14:42:06', '2021-09-27 15:13:47'),
(18, 24, 9, 'Lorem ipsum dolor sit amet, an labores explicari qui, eu nostrum copiosae argumentum has. Latine propriae quo no, unum ridens expetenda id sit, at usu eius eligendi singulis.', 3, 2, 3, 5, 3.25, 1, '2021-09-27 14:44:28', '2021-09-27 15:13:44'),
(19, 24, 11, 'Lorem ipsum dolor sit amet, qui assum oblique praesent te. Quo ei erant essent scaevola, est ut clita dolorem, ei est mazim fuisset scribentur. Mel ut decore salutandi intellegam. Labitur epicurei vis cu, in mei rationibus conse', 2, 2, 4, 2, 2.5, 1, '2021-09-27 14:45:25', '2021-09-27 15:13:43'),
(20, 24, 12, 'Lorem ipsum dolor sit amet, qui assum oblique praesent te. Quo ei erant essent scaevola, est ut clita dolorem, ei est mazim fuisset scribentur', 3, 4, 2, 2, 2.75, 1, '2021-09-27 14:45:59', '2021-09-29 12:39:15'),
(26, 2, 26, 'Consetetur definitionem cu mea, usu legere minimum ne. Pro epicurei constituam ne, atqui lucilius indoctum nam id', 5, 5, 5, 4, 4.75, 0, '2022-11-02 09:30:47', '2022-11-02 09:30:47'),
(27, 49, 12, 'Veniam civibus omittantur duo ut, te his alterum complectitur. Mea omnis oratio impedit ne.', 5, 5, 5, 5, 5, 1, '2022-11-07 09:21:36', '2022-11-07 09:22:29');

-- --------------------------------------------------------

--
-- Table structure for table `property_translations`
--

CREATE TABLE IF NOT EXISTS `property_translations` (
  `id` bigint UNSIGNED NOT NULL AUTO_INCREMENT,
  `property_id` bigint UNSIGNED NOT NULL,
  `language_code` varchar(255) CHARACTER SET utf8mb4 COLLATE utf8mb4_unicode_ci NOT NULL,
  `title` text CHARACTER SET utf8mb4 COLLATE utf8mb4_unicode_ci,
  `description` text CHARACTER SET utf8mb4 COLLATE utf8mb4_unicode_ci,
  `created_at` timestamp NULL DEFAULT NULL,
  `updated_at` timestamp NULL DEFAULT NULL,
  PRIMARY KEY (`id`)
) ENGINE=InnoDB AUTO_INCREMENT=40 DEFAULT CHARSET=utf8mb4 COLLATE=utf8mb4_unicode_ci;

--
-- Dumping data for table `property_translations`
--

INSERT INTO `property_translations` (`id`, `property_id`, `language_code`, `title`, `description`, `created_at`, `updated_at`) VALUES
(1, 32, 'en', 'Library Road-6854', '<p>Per ex vero nonumy. Ius eu doming nominavi mediocrem, aliquid efficiantur no vim, sanctus admodum mnesarchum ad pro. No sea invidunt partiendo. No postea numquam ocurreret duo, unum abhorreant cu nam, fugit fastidii percipitur nam id.</p>\r\n\r\n<p>Appetere fabellas ius te. Nonumes splendide deseruisse ea vis, alii velit vel eu. Eos ut scaevola platonem rationibus. Vis natum vivendo sententiae in, ea aperiam apeirian pri, in partem eleifend quo. Pro ex nobis utinam, nam et vidit numquam fastidii, ne per munere adolescens.</p>\r\n\r\n<p>Ipsum volumus pertinax mea ut, eu erat tacimates nam. Tibique copiosae verterem mea no, eam ex melius option, soluta timeam et his. Sit simul gubergren reformidans id, amet minimum nominavi eos ea. Et augue dicta vix. Mea ne utamur referrentur.</p>\r\n\r\n<p>Sint dignissim consectetuer nec et, per ad probatus referrentur, vel cu consequat sententiae. Ad duis fugit dictas mea, et cum stet oratio cetero. Ne pri omittam fastidii. No per harum dicant neglegentur, sea ei esse volumus adolescens. Nulla argumentum at pri, vel apeirian principes in. An dicam dicant consul mea, ne per option appetere argumentum, vim legere senserit et.</p>\r\n\r\n<p>Te soleat legendos molestiae cum. Tale sanctus invidunt cu per, quo at modo recteque elaboraret. Ex mazim homero per. Eu nec exerci doctus, cu mei oblique copiosae. Consul diceret usu ne.</p>\r\n\r\n<p>Usu ad solet diceret, usu at appetere percipit appellantur, te est primis audire gloriatur. Scripta noluisse no mel, vis ne decore ridens labitur. Stet erant saepe eu mea. An mel dolore salutandi abhorreant. An quo aliquip maluisset, mea quaeque indoctum in, pro augue veritus praesent te.</p>\r\n\r\n<p>Vim exerci sadipscing in, est simul recteque ei, dictas repudiandae comprehensam cu usu. Te melius veritus tibique pri. Sea nonumy euismod deserunt te. Ad ius nullam malorum assueverit.</p>\r\n\r\n<p>Lorem ipsum dolor sit amet, nibh saperet te pri, at nam diceret disputationi. Quo an consul impedit, usu possim evertitur dissentiet ei, ridens minimum nominavi et vix. An per mutat adipisci. Ut pericula dissentias sed, est ea modus gloriatur. Aliquip persius has cu, oportere adversarium mei an, justo fabulas in vix.</p>', '2023-10-25 04:26:39', '2023-10-25 04:26:39'),
(2, 31, 'en', 'Indoor Swimming Pool', '<p>Nec in rebum primis causae. Affert iisque ex pri, vis utinam vivendo definitionem ad, nostrum omnesque per et. Omnium antiopam cotidieque cu sit. Id pri placerat voluptatum, vero dicunt dissentiunt eum et, adhuc iisque vis no. Eu suavitate contentiones definitionem mel, ex vide insolens ocurreret eam. Et dico blandit mea. Sea tollit vidisse mandamus te, qui movet efficiendi ex.</p>\r\n\r\n<p>Doming aliquid te pro. Mei et quodsi ornatus praesent, summo debet vis eu, dolor soleat nostrud sea eu. Cu altera possim sanctus est. Ea iriure repudiandae per, no eam legendos consectetuer. Mel at justo doming voluptatum. Mel mentitum fabellas deserunt no, et duo amet unum appetere.</p>\r\n\r\n<p>Ut qui eligendi urbanitas. Assum periculis te mel, libris quidam te sit. Qui nisl nemore eleifend id, in illud ullum sea. Ut nusquam sapientem comprehensam ius. His molestie complectitur ex.</p>\r\n\r\n<p>Ei usu malis aeque efficiantur. Mazim dolor denique duo ad, augue ornatus sententiae vel at, duo id sumo vulputate. His legimus assueverit ut, commune maluisset deterruisset id mel. Oblique volumus eos ut, quo autem posidonium definitiones cu. Cu usu lorem consul concludaturque, pro ea fuisset consectetuer. Ex aeterno forensibus has, dicta propriae est ei, ex alterum apeirian quo.</p>\r\n\r\n<p>Pri tempor appareat no, eruditi repudiandae vix at. Eos at brute omnesque voluptaria, facer putent intellegam eu pri. Mei debitis ullamcorper eu, at quo idque mundi. Vis in suas porro consequat, nec ad dolor adversarium, ut praesent cotidieque sit. Veniam civibus omittantur duo ut, te his alterum complectitur. Mea omnis oratio impedit ne.</p>', '2023-10-25 04:26:42', '2023-10-25 04:26:42'),
(3, 26, 'en', 'Luxury Gymnasium  Club', '<p>Lorem ipsum dolor sit amet, nibh saperet te pri, at nam diceret disputationi. Quo an consul impedit, usu possim evertitur dissentiet ei, ridens minimum nominavi et vix. An per mutat adipisci. Ut pericula dissentias sed, est ea modus gloriatur. Aliquip persius has cu, oportere adversarium mei an, justo fabulas in vix.</p>\r\n\r\n<p>Ut qui eligendi urbanitas. Assum periculis te mel, libris quidam te sit. Qui nisl nemore eleifend id, in illud ullum sea. Ut nusquam sapientem comprehensam ius. His molestie complectitur ex.</p>\r\n\r\n<p>Ei usu malis aeque efficiantur. Mazim dolor denique duo ad, augue ornatus sententiae vel at, duo id sumo vulputate. His legimus assueverit ut, commune maluisset deterruisset id mel. Oblique volumus eos ut, quo autem posidonium definitiones cu. Cu usu lorem consul concludaturque, pro ea fuisset consectetuer. Ex aeterno forensibus has, dicta propriae est ei, ex alterum apeirian quo.</p>\r\n\r\n<p>Appetere fabellas ius te. Nonumes splendide deseruisse ea vis, alii velit vel eu. Eos ut scaevola platonem rationibus. Vis natum vivendo sententiae in, ea aperiam apeirian pri, in partem eleifend quo. Pro ex nobis utinam, nam et vidit numquam fastidii, ne per munere adolescens.</p>\r\n\r\n<p>Ipsum volumus pertinax mea ut, eu erat tacimates nam. Tibique copiosae verterem mea no, eam ex melius option, soluta timeam et his. Sit simul gubergren reformidans id, amet minimum nominavi eos ea. Et augue dicta vix. Mea ne utamur referrentur.</p>\r\n\r\n<p>Per ex vero nonumy. Ius eu doming nominavi mediocrem, aliquid efficiantur no vim, sanctus admodum mnesarchum ad pro. No sea invidunt partiendo. No postea numquam ocurreret duo, unum abhorreant cu nam, fugit fastidii percipitur nam id.</p>\r\n\r\n<p>&nbsp;</p>', '2023-10-25 04:30:42', '2023-10-25 04:30:42'),
(4, 23, 'en', 'Ozalj apartment', '<p>Ut qui eligendi urbanitas. Assum periculis te mel, libris quidam te sit. Qui nisl nemore eleifend id, in illud ullum sea. Ut nusquam sapientem comprehensam ius. His molestie complectitur ex.</p>\r\n\r\n<p>Ei usu malis aeque efficiantur. Mazim dolor denique duo ad, augue ornatus sententiae vel at, duo id sumo vulputate. His legimus assueverit ut, commune maluisset deterruisset id mel. Oblique volumus eos ut, quo autem posidonium definitiones cu. Cu usu lorem consul concludaturque, pro ea fuisset consectetuer. Ex aeterno forensibus has, dicta propriae est ei, ex alterum apeirian quo.</p>\r\n\r\n<p>Nec in rebum primis causae. Affert iisque ex pri, vis utinam vivendo definitionem ad, nostrum omnesque per et. Omnium antiopam cotidieque cu sit. Id pri placerat voluptatum, vero dicunt dissentiunt eum et, adhuc iisque vis no. Eu suavitate contentiones definitionem mel, ex vide insolens ocurreret eam. Et dico blandit mea. Sea tollit vidisse mandamus te, qui movet efficiendi ex.</p>\r\n\r\n<p>Appetere fabellas ius te. Nonumes splendide deseruisse ea vis, alii velit vel eu. Eos ut scaevola platonem rationibus. Vis natum vivendo sententiae in, ea aperiam apeirian pri, in partem eleifend quo. Pro ex nobis utinam, nam et vidit numquam fastidii, ne per munere adolescens.</p>\r\n\r\n<p>Ipsum volumus pertinax mea ut, eu erat tacimates nam. Tibique copiosae verterem mea no, eam ex melius option, soluta timeam et his. Sit simul gubergren reformidans id, amet minimum nominavi eos ea. Et augue dicta vix. Mea ne utamur referrentur.</p>', '2023-10-25 04:30:45', '2023-10-25 04:30:45'),
(5, 18, 'en', 'Stay Greenwich Village', '<p>Te soleat legendos molestiae cum. Tale sanctus invidunt cu per, quo at modo recteque elaboraret. Ex mazim homero per. Eu nec exerci doctus, cu mei oblique copiosae. Consul diceret usu ne.</p>\r\n\r\n<p>Usu ad solet diceret, usu at appetere percipit appellantur, te est primis audire gloriatur. Scripta noluisse no mel, vis ne decore ridens labitur. Stet erant saepe eu mea. An mel dolore salutandi abhorreant. An quo aliquip maluisset, mea quaeque indoctum in, pro augue veritus praesent te.</p>\r\n\r\n<p>Sit vivendum eleifend adipiscing ea. Modus legere suscipiantur an vel, melius patrioque est cu, eum at audire probatus repudiandae. Ei tempor definitiones eam, sea dico omnium ne. Eam ad ubique tincidunt elaboraret, malis aperiri sit et. Ut quo vero inimicus. Sed at munere fuisset noluisse, eleifend senserit an vix.</p>\r\n\r\n<p>Sint dignissim consectetuer nec et, per ad probatus referrentur, vel cu consequat sententiae. Ad duis fugit dictas mea, et cum stet oratio cetero. Ne pri omittam fastidii. No per harum dicant neglegentur, sea ei esse volumus adolescens. Nulla argumentum at pri, vel apeirian principes in. An dicam dicant consul mea, ne per option appetere argumentum, vim legere senserit et.</p>\r\n\r\n<p>In vim natum soleat nostro, pri in eloquentiam contentiones. Eu sit sapientem reprehendunt, omnis aliquid eu eos. No quot illum veniam est, ne pro iudico saperet mnesarchum. Ea pri nostro disputando contentiones, eu nec menandri qualisque, vis ex equidem invidunt. Et accusam detracto splendide per, congue meliore id sea. Has eu aeterno patrioque expetendis, mel ei dissentiet reformidans.</p>\r\n\r\n<p>Ut qui eligendi urbanitas. Assum periculis te mel, libris quidam te sit. Qui nisl nemore eleifend id, in illud ullum sea. Ut nusquam sapientem comprehensam ius. His molestie complectitur ex.</p>', '2023-10-25 04:30:47', '2023-10-25 04:30:47'),
(6, 17, 'en', 'Black glass house', '<p>Appetere fabellas ius te. Nonumes splendide deseruisse ea vis, alii velit vel eu. Eos ut scaevola platonem rationibus. Vis natum vivendo sententiae in, ea aperiam apeirian pri, in partem eleifend quo. Pro ex nobis utinam, nam et vidit numquam fastidii, ne per munere adolescens.</p>\r\n\r\n<p>Ipsum volumus pertinax mea ut, eu erat tacimates nam. Tibique copiosae verterem mea no, eam ex melius option, soluta timeam et his. Sit simul gubergren reformidans id, amet minimum nominavi eos ea. Et augue dicta vix. Mea ne utamur referrentur.</p>\r\n\r\n<p>Te soleat legendos molestiae cum. Tale sanctus invidunt cu per, quo at modo recteque elaboraret. Ex mazim homero per. Eu nec exerci doctus, cu mei oblique copiosae. Consul diceret usu ne.</p>\r\n\r\n<p>Usu ad solet diceret, usu at appetere percipit appellantur, te est primis audire gloriatur. Scripta noluisse no mel, vis ne decore ridens labitur. Stet erant saepe eu mea. An mel dolore salutandi abhorreant. An quo aliquip maluisset, mea quaeque indoctum in, pro augue veritus praesent te.</p>\r\n\r\n<p>Vim et alterum ornatus vivendum, ut mea solum repudiare. His etiam delenit tibique no, ad harum omnes scribentur qui, ne wisi detracto his. Ei movet accusam pri. Ex vel diam quas urbanitas, ne has velit affert habemus. At quis nonumy disputando nec, falli scaevola vel ea. Omittantur concludaturque nam eu, ex est vocent virtute.</p>', '2023-10-25 04:30:48', '2023-10-25 04:30:48'),
(7, 32, 'bn', 'লাইব্রেরি রোড-6854', NULL, '2023-10-25 04:38:59', '2023-10-25 04:39:00'),
(8, 26, 'bn', 'বিলাসবহুল জিমনেসিয়াম ক্লাব', NULL, '2023-10-25 04:42:19', '2023-10-25 04:42:20'),
(9, 31, 'bn', 'অন্তরঙ্গন সুইমিং পুল', NULL, '2023-10-25 04:43:06', '2023-10-25 04:43:07'),
(10, 30, 'bn', 'আউটডোর সুইমিং পুল', NULL, '2023-10-25 04:43:13', '2023-10-25 04:43:13'),
(11, 23, 'bn', 'ওজালজ অ্যাপার্টমেন্ট', NULL, '2023-10-25 04:43:19', '2023-10-25 04:43:19'),
(12, 29, 'bn', 'অবসর সুন্দর স্বাস্থ্য', NULL, '2023-10-31 05:54:00', '2023-10-31 05:54:06'),
(13, 28, 'bn', 'ওয়াইনারি এবং টেস্টিং রুম', NULL, '2023-10-31 05:54:16', '2023-10-31 05:54:20'),
(14, 27, 'bn', 'বিলাসবহুল আধুনিক ডিজাইন', NULL, '2023-10-31 05:54:17', '2023-10-31 05:54:20'),
(15, 24, 'bn', '1508 ম্যাসাচুসেটস অ্যাভিনিউ', NULL, '2023-10-31 05:54:18', '2023-10-31 05:54:24'),
(16, 22, 'bn', 'দ্রাক্ষাক্ষেত্র Everhart Cellars', NULL, '2023-10-31 05:54:19', '2023-10-31 05:54:22'),
(17, 21, 'bn', 'ভেজার পারিবারিক দ্রাক্ষাক্ষেত্র', NULL, '2023-10-31 05:54:21', '2023-10-31 05:54:25'),
(18, 12, 'bn', '3015 গ্র্যান্ড অ্যাভিনিউ', NULL, '2023-10-31 05:54:21', '2023-10-31 05:54:25'),
(19, 32, 'ar', 'طريق المكتبة-6854', NULL, '2023-10-31 05:55:31', '2023-10-31 05:55:31'),
(20, 31, 'ar', 'حوض سباحة داخلي', NULL, '2023-10-31 05:55:34', '2023-10-31 05:55:35'),
(21, 29, 'ar', 'وقت الفراغ الصحة الجميلة', NULL, '2023-10-31 05:55:37', '2023-10-31 05:55:38'),
(22, 28, 'ar', 'غرفة النبيذ والتذوق', NULL, '2023-10-31 05:55:38', '2023-10-31 05:55:38'),
(23, 27, 'ar', 'تصميم عصري فاخر', NULL, '2023-10-31 05:55:38', '2023-10-31 05:55:39'),
(24, 24, 'ar', '1508 شارع ماساتشوستس', NULL, '2023-10-31 05:55:42', '2023-10-31 05:55:43'),
(25, 22, 'ar', 'أقبية كروم العنب إيفرهارت', NULL, '2023-10-31 05:55:43', '2023-10-31 05:55:43'),
(26, 21, 'ar', 'كرم عائلة فيزر', NULL, '2023-10-31 05:55:43', '2023-10-31 05:55:44'),
(27, 12, 'ar', '3015 جراند أفينيو', NULL, '2023-10-31 05:55:44', '2023-10-31 05:55:44'),
(28, 11, 'ar', 'منتجع سايبروك بوينت', NULL, '2023-10-31 05:55:51', '2023-10-31 05:55:52'),
(29, 11, 'bn', 'Saybrook পয়েন্ট রিসোর্ট', NULL, '2023-10-31 05:55:56', '2023-10-31 05:55:56'),
(30, 9, 'ar', '2811 مكان البطارية شمال غرب', NULL, '2023-10-31 05:56:01', '2023-10-31 05:56:02'),
(31, 9, 'bn', '2811 ব্যাটারি প্লেস উত্তর-পশ্চিম', NULL, '2023-10-31 05:56:02', '2023-10-31 05:56:02'),
(32, 26, 'ar', 'نادي رياضي فاخر', NULL, '2023-10-31 05:56:33', '2023-10-31 05:56:34'),
(33, 23, 'ar', 'شقة أوزالج', NULL, '2023-10-31 05:56:34', '2023-10-31 05:56:34'),
(34, 17, 'ar', 'بيت زجاجي أسود', NULL, '2023-10-31 05:56:37', '2023-10-31 05:56:38'),
(35, 18, 'ar', 'البقاء في قرية غرينتش', NULL, '2023-10-31 05:56:41', '2023-10-31 05:56:42'),
(36, 30, 'ar', 'حمام سباحة خارجي', NULL, '2023-10-31 05:57:20', '2023-10-31 05:57:20'),
(37, 17, 'bn', 'কালো কাঁচের ঘর', NULL, '2023-10-31 05:57:53', '2023-10-31 05:57:54'),
(38, 18, 'bn', 'গ্রিনউইচ গ্রামে থাকুন', NULL, '2023-10-31 05:57:54', '2023-10-31 05:57:54'),
(39, 12, 'en', '3015 Grand Avenue', '<p>Nec in rebum primis causae. Affert iisque ex pri, vis utinam vivendo definitionem ad, nostrum omnesque per et. Omnium antiopam cotidieque cu sit. Id pri placerat voluptatum, vero dicunt dissentiunt eum et, adhuc iisque vis no. Eu suavitate contentiones definitionem mel, ex vide insolens ocurreret eam. Et dico blandit mea. Sea tollit vidisse mandamus te, qui movet efficiendi ex.</p>\r\n\r\n<p>Doming aliquid te pro. Mei et quodsi ornatus praesent, summo debet vis eu, dolor soleat nostrud sea eu. Cu altera possim sanctus est. Ea iriure repudiandae per, no eam legendos consectetuer. Mel at justo doming voluptatum. Mel mentitum fabellas deserunt no, et duo amet unum appetere.</p>\r\n\r\n<p>Consetetur definitionem cu mea, usu legere minimum ne. Pro epicurei constituam ne, atqui lucilius indoctum nam id. Eu timeam volumus vel, eos te movet complectitur, te causae saperet eam. Minimum probatus vim te, eu eum ancillae mentitum comprehensam. Tantas decore adipisci vix no.</p>\r\n\r\n<p>Ut qui eligendi urbanitas. Assum periculis te mel, libris quidam te sit. Qui nisl nemore eleifend id, in illud ullum sea. Ut nusquam sapientem comprehensam ius. His molestie complectitur ex.Pri tempor appareat no, eruditi repudiandae vix at. Eos at brute omnesque voluptaria, facer putent intellegam eu pri. Mei debitis ullamcorper eu, at quo idque mundi. Vis in suas porro consequat, nec ad dolor adversarium, ut praesent cotidieque sit. Veniam civibus omittantur duo ut, te his alterum complectitur. Mea omnis oratio impedit ne.<br />\r\n&nbsp;</p>', '2023-10-31 06:10:18', '2023-10-31 06:10:18');

-- --------------------------------------------------------

--
-- Table structure for table `property_types`
--

CREATE TABLE IF NOT EXISTS `property_types` (
  `id` bigint UNSIGNED NOT NULL AUTO_INCREMENT,
  `type` varchar(255) CHARACTER SET utf8mb4 COLLATE utf8mb4_unicode_ci NOT NULL,
  `slug` varchar(255) CHARACTER SET utf8mb4 COLLATE utf8mb4_unicode_ci NOT NULL,
  `status` tinyint NOT NULL,
  `created_at` timestamp NULL DEFAULT NULL,
  `updated_at` timestamp NULL DEFAULT NULL,
  PRIMARY KEY (`id`)
) ENGINE=InnoDB AUTO_INCREMENT=21 DEFAULT CHARSET=utf8mb4 COLLATE=utf8mb4_unicode_ci;

--
-- Dumping data for table `property_types`
--

INSERT INTO `property_types` (`id`, `type`, `slug`, `status`, `created_at`, `updated_at`) VALUES
(1, 'House and Garden', 'house-and-garden', 1, '2021-09-09 08:46:05', '2022-11-05 11:50:06'),
(3, 'Hotel And Resort', 'hotel-and-resort', 1, NULL, '2021-09-09 08:55:29'),
(4, 'Business', 'business', 1, NULL, '2021-09-09 08:56:38'),
(5, 'Restaurant', 'restaurant', 1, NULL, '2021-09-09 08:56:49'),
(7, 'Event and Club', 'event-and-club', 1, NULL, '2021-09-09 08:57:04'),
(8, 'Education', 'education', 1, NULL, '2021-09-09 08:57:09'),
(9, 'Housing', 'housing', 1, NULL, '2021-09-09 08:57:19');

-- --------------------------------------------------------

--
-- Table structure for table `property_type_translations`
--

CREATE TABLE IF NOT EXISTS `property_type_translations` (
  `id` bigint UNSIGNED NOT NULL AUTO_INCREMENT,
  `property_type_id` bigint UNSIGNED NOT NULL,
  `language_code` varchar(255) CHARACTER SET utf8mb4 COLLATE utf8mb4_unicode_ci NOT NULL,
  `type` varchar(255) CHARACTER SET utf8mb4 COLLATE utf8mb4_unicode_ci DEFAULT NULL,
  `created_at` timestamp NULL DEFAULT NULL,
  `updated_at` timestamp NULL DEFAULT NULL,
  PRIMARY KEY (`id`)
) ENGINE=InnoDB AUTO_INCREMENT=16 DEFAULT CHARSET=utf8mb4 COLLATE=utf8mb4_unicode_ci;

--
-- Dumping data for table `property_type_translations`
--

INSERT INTO `property_type_translations` (`id`, `property_type_id`, `language_code`, `type`, `created_at`, `updated_at`) VALUES
(1, 1, 'en', 'House and Garden', '2023-10-24 09:56:40', '2023-10-24 09:56:40'),
(2, 1, 'bn', 'বাড়ি এবং বাগান', '2023-10-24 09:56:41', '2023-10-24 09:56:42'),
(3, 3, 'bn', 'হোটেল এবং রিসোর্ট', '2023-10-24 09:56:45', '2023-10-24 09:56:46'),
(4, 4, 'bn', 'ব্যবসা', '2023-10-24 09:56:49', '2023-10-24 09:56:50'),
(5, 5, 'bn', 'রেঁস্তোরা', '2023-10-24 09:56:53', '2023-10-24 09:56:53'),
(6, 7, 'bn', 'ইভেন্ট এবং ক্লাব', '2023-10-24 09:56:56', '2023-10-24 09:56:57'),
(7, 8, 'bn', 'শিক্ষা', '2023-10-24 09:57:01', '2023-10-24 09:57:01'),
(8, 9, 'bn', 'হাউজিং', '2023-10-24 09:57:36', '2023-10-24 09:57:37'),
(9, 4, 'ar', 'عمل', '2023-10-31 05:58:08', '2023-10-31 05:58:09'),
(10, 5, 'ar', 'مطعم', '2023-10-31 05:58:09', '2023-10-31 05:58:09'),
(11, 7, 'ar', 'الحدث والنادي', '2023-10-31 05:58:09', '2023-10-31 05:58:10'),
(12, 8, 'ar', 'تعليم', '2023-10-31 05:58:10', '2023-10-31 05:58:11'),
(13, 9, 'ar', 'السكن', '2023-10-31 05:58:11', '2023-10-31 05:58:11'),
(14, 3, 'ar', 'فندق ومنتجع', '2023-10-31 05:58:15', '2023-10-31 05:58:16'),
(15, 1, 'ar', 'المنزل والحديقة', '2023-10-31 05:58:21', '2023-10-31 05:58:21');

-- --------------------------------------------------------

--
-- Table structure for table `question_comments`
--

CREATE TABLE IF NOT EXISTS `question_comments` (
  `id` bigint UNSIGNED NOT NULL AUTO_INCREMENT,
  `user_id` int NOT NULL,
  `question_id` int NOT NULL,
  `comment` text CHARACTER SET utf8mb4 COLLATE utf8mb4_unicode_ci NOT NULL,
  `created_at` timestamp NULL DEFAULT NULL,
  `updated_at` timestamp NULL DEFAULT NULL,
  PRIMARY KEY (`id`)
) ENGINE=InnoDB AUTO_INCREMENT=5 DEFAULT CHARSET=utf8mb4 COLLATE=utf8mb4_unicode_ci;

--
-- Dumping data for table `question_comments`
--

INSERT INTO `question_comments` (`id`, `user_id`, `question_id`, `comment`, `created_at`, `updated_at`) VALUES
(1, 23, 1, 'Lorem ipsum dolor sit amet consectetur adipisicing elit. Doloremque officiis adipisci blanditiis, aut labore architecto, sunt laboriosam commodi ducimus officia quos repellat quidem.', '2023-01-04 10:58:33', NULL),
(2, 2, 3, 'Lorem ipsum dolor sit amet consectetur adipisicing elit. Doloremque officiis adipisci blanditiis, aut labore architecto, sunt laboriosam commodi ducimus officia quos repellat quidem.', '2023-01-04 10:58:33', NULL),
(3, 49, 1, 'Doloremque officiis adipisci blanditiis, aut labore architecto, sunt laboriosam commodi ducimus officia quos repellat quidem.Lorem ipsum dolor sit amet consectetur adipisicing elit. Doloremque officiis adipisci blanditiis, aut labore architecto, sunt laboriosam commodi ducimus officia quos repellat quidem.', '2023-01-08 10:14:58', '2023-01-08 10:14:58'),
(4, 49, 1, 'Lorem ipsum dolor sit amet consectetur adipisicing elit. Doloremque officiis adipisci blanditiis, aut labore architecto, sunt laboriosam commodi ducimus officia quos repellat quidem.', '2023-01-08 10:15:26', '2023-01-08 10:15:26');

-- --------------------------------------------------------

--
-- Table structure for table `question_likes`
--

CREATE TABLE IF NOT EXISTS `question_likes` (
  `id` bigint UNSIGNED NOT NULL AUTO_INCREMENT,
  `user_id` int NOT NULL,
  `question_id` int NOT NULL,
  `created_at` timestamp NULL DEFAULT NULL,
  `updated_at` timestamp NULL DEFAULT NULL,
  PRIMARY KEY (`id`)
) ENGINE=InnoDB AUTO_INCREMENT=20 DEFAULT CHARSET=utf8mb4 COLLATE=utf8mb4_unicode_ci;

--
-- Dumping data for table `question_likes`
--

INSERT INTO `question_likes` (`id`, `user_id`, `question_id`, `created_at`, `updated_at`) VALUES
(1, 23, 1, NULL, NULL),
(2, 2, 1, NULL, NULL),
(3, 2, 3, NULL, NULL),
(4, 24, 3, NULL, NULL),
(18, 49, 1, '2023-01-08 10:06:03', '2023-01-08 10:06:03'),
(19, 49, 3, '2023-01-08 12:40:09', '2023-01-08 12:40:09');

-- --------------------------------------------------------

--
-- Table structure for table `seo_settings`
--

CREATE TABLE IF NOT EXISTS `seo_settings` (
  `id` bigint UNSIGNED NOT NULL AUTO_INCREMENT,
  `page_name` text CHARACTER SET utf8mb4 COLLATE utf8mb4_unicode_ci,
  `seo_title` text CHARACTER SET utf8mb4 COLLATE utf8mb4_unicode_ci,
  `seo_description` text CHARACTER SET utf8mb4 COLLATE utf8mb4_unicode_ci,
  `created_at` timestamp NULL DEFAULT NULL,
  `updated_at` timestamp NULL DEFAULT NULL,
  PRIMARY KEY (`id`)
) ENGINE=InnoDB AUTO_INCREMENT=11 DEFAULT CHARSET=utf8mb4 COLLATE=utf8mb4_unicode_ci;

--
-- Dumping data for table `seo_settings`
--

INSERT INTO `seo_settings` (`id`, `page_name`, `seo_title`, `seo_description`, `created_at`, `updated_at`) VALUES
(1, 'Home Page', 'Home Page', 'test seo_description', NULL, '2022-09-24 06:19:28'),
(2, 'About Us', 'About Us - Ecommerce', 'About Us', NULL, '2022-02-07 02:39:59'),
(3, 'Contact Us', 'Contact Us - Ecommerce', 'Contact Us', NULL, '2022-01-12 02:21:46'),
(5, 'Our Agent', 'Our Agent', 'Seller Page', NULL, '2022-02-07 02:40:16'),
(6, 'Blog', 'Blog - Ecommerce', 'Blog', NULL, '2022-02-07 02:40:23'),
(8, 'Pricing Plan', 'Pricing Plan', 'Flash Deal', NULL, '2022-02-07 02:40:43'),
(9, 'Property Page', 'Property Page', 'Shop Page', NULL, '2022-02-07 02:40:50'),
(10, 'Career Page', 'Career Page', 'Career Page', NULL, '2022-02-07 02:40:50');

-- --------------------------------------------------------

--
-- Table structure for table `services`
--

CREATE TABLE IF NOT EXISTS `services` (
  `id` bigint UNSIGNED NOT NULL AUTO_INCREMENT,
  `title` varchar(255) CHARACTER SET utf8mb4 COLLATE utf8mb4_unicode_ci NOT NULL,
  `icon` varchar(255) CHARACTER SET utf8mb4 COLLATE utf8mb4_unicode_ci NOT NULL,
  `description` text CHARACTER SET utf8mb4 COLLATE utf8mb4_unicode_ci NOT NULL,
  `status` tinyint NOT NULL,
  `created_at` timestamp NULL DEFAULT NULL,
  `updated_at` timestamp NULL DEFAULT NULL,
  PRIMARY KEY (`id`)
) ENGINE=InnoDB AUTO_INCREMENT=6 DEFAULT CHARSET=utf8mb4 COLLATE=utf8mb4_unicode_ci;

--
-- Dumping data for table `services`
--

INSERT INTO `services` (`id`, `title`, `icon`, `description`, `status`, `created_at`, `updated_at`) VALUES
(1, 'Free Shipping', 'fas fa-shipping-fast', 'Lorem ipsum dolor sit amet, qui assum oblique praesent te. Quo ei erant essent scaevola.', 1, '2022-09-20 08:07:40', '2022-11-01 06:22:33'),
(2, 'Return Policy', 'fas fa-chevron-circle-left', 'Pri tempor appareat no, eruditi repudiandae vix at. Eos at brute omnesque voluptaria.', 1, '2022-09-20 08:08:44', '2022-11-01 06:22:47'),
(3, 'Secured Payment', 'fab fa-cc-amazon-pay', 'Ei usu malis aeque efficiantur. Mazim dolor denique duo ad, augue ornatus sententiae vel', 1, '2022-09-20 08:09:50', '2022-11-01 06:23:20'),
(4, 'Best Quality', 'fas fa-check-circle', 'Consetetur definitionem cu mea, usu legere minimum ne. Pro epicurei constituam ne.', 1, '2022-09-20 08:10:27', '2022-11-01 06:23:13');

-- --------------------------------------------------------

--
-- Table structure for table `service_translations`
--

CREATE TABLE IF NOT EXISTS `service_translations` (
  `id` bigint UNSIGNED NOT NULL AUTO_INCREMENT,
  `service_id` bigint UNSIGNED NOT NULL,
  `language_code` varchar(255) CHARACTER SET utf8mb4 COLLATE utf8mb4_unicode_ci NOT NULL,
  `title` varchar(255) CHARACTER SET utf8mb4 COLLATE utf8mb4_unicode_ci DEFAULT NULL,
  `description` varchar(255) CHARACTER SET utf8mb4 COLLATE utf8mb4_unicode_ci DEFAULT NULL,
  `created_at` timestamp NULL DEFAULT NULL,
  `updated_at` timestamp NULL DEFAULT NULL,
  PRIMARY KEY (`id`)
) ENGINE=InnoDB AUTO_INCREMENT=13 DEFAULT CHARSET=utf8mb4 COLLATE=utf8mb4_unicode_ci;

--
-- Dumping data for table `service_translations`
--

INSERT INTO `service_translations` (`id`, `service_id`, `language_code`, `title`, `description`, `created_at`, `updated_at`) VALUES
(1, 1, 'en', 'Free Shipping', 'Lorem ipsum dolor sit amet, qui assum oblique praesent te. Quo ei erant essent scaevola.', '2023-10-23 05:24:32', '2023-10-23 05:24:32'),
(2, 1, 'bn', 'বিনামূল্যে পরিবহন', 'এমন একজন গ্রাহক থাকা খুবই গুরুত্বপূর্ণ যে আপনাকে একটি সাইড ডিশ উপহার দেয়। যেখানে তারা তার জন্য ছিল scaevolas.', '2023-10-23 05:24:34', '2023-10-23 05:24:36'),
(3, 2, 'en', 'Return Policy', 'Pri tempor appareat no, eruditi repudiandae vix at. Eos at brute omnesque voluptaria.', '2023-10-23 05:24:41', '2023-10-23 05:24:41'),
(4, 2, 'bn', 'প্রত্যাবর্তন নীতিমালা', 'প্রথমে মনে হয় না, কিন্তু বিদ্বানদের প্রত্যাখ্যান করা যায় না। কিন্তু তারা নৃশংস এবং সমস্ত আনন্দ।', '2023-10-23 05:24:43', '2023-10-23 05:24:43'),
(5, 3, 'en', 'Secured Payment', 'Ei usu malis aeque efficiantur. Mazim dolor denique duo ad, augue ornatus sententiae vel', '2023-10-23 05:24:47', '2023-10-23 05:24:47'),
(6, 3, 'bn', 'নিরাপদ পেমেন্ট', 'তার কাছে মন্দ ব্যবহার সমানভাবে প্রভাবিত হতে পারে। পরিশেষে, মজিম যন্ত্রণা দুই টু, উপদেশ সাজানো বাক্য বা', '2023-10-23 05:24:49', '2023-10-23 05:24:50'),
(7, 4, 'en', 'Best Quality', 'Consetetur definitionem cu mea, usu legere minimum ne. Pro epicurei constituam ne.', '2023-10-23 05:24:53', '2023-10-23 05:24:53'),
(8, 4, 'bn', 'খুবই ভালো', 'সংজ্ঞাটা আমার দিয়েই মিটে যাক, অন্তত চর্চা দিয়ে পড়ি না। এপিকিউরিয়ানদের জন্য, আমাকে না করার সিদ্ধান্ত নিতে দিন।', '2023-10-23 05:24:55', '2023-10-23 05:24:55'),
(9, 1, 'ar', 'ًالشحن مجانا', 'من المهم جدًا أن يكون لديك عميل يقدم لك طبقًا جانبيًا. حيث كانوا بالنسبة له كان scaevolas.', '2023-10-31 06:00:48', '2023-10-31 06:00:49'),
(10, 2, 'ar', 'سياسة العائدات', 'في البداية يبدو الأمر لا، ولكن من الصعب رفض المتعلمين. لكنهم وحشيون وكل الملذات.', '2023-10-31 06:00:49', '2023-10-31 06:00:50'),
(11, 3, 'ar', 'الدفع المضمون', 'بالنسبة له قد يتم تنفيذ استخدام الشرور على قدم المساواة. وأخيرا، مزيم الم اثنين إلى، جملة مزخرفة أو', '2023-10-31 06:00:53', '2023-10-31 06:00:54'),
(12, 4, 'ar', 'أفضل جودة', 'دع التعريف يتم تسويته معي، وليس القراءة على الأقل مع الممارسة. بالنسبة للأبيقوريين، اسمحوا لي أن أقرر ألا أفعل ذلك.', '2023-10-31 06:00:54', '2023-10-31 06:00:54');

-- --------------------------------------------------------

--
-- Table structure for table `settings`
--

CREATE TABLE IF NOT EXISTS `settings` (
  `id` bigint UNSIGNED NOT NULL AUTO_INCREMENT,
  `maintenance_mode` int NOT NULL DEFAULT '0',
  `logo` varchar(255) CHARACTER SET utf8mb4 COLLATE utf8mb4_unicode_ci DEFAULT NULL,
  `footer_logo` varchar(255) CHARACTER SET utf8mb4 COLLATE utf8mb4_unicode_ci DEFAULT NULL,
  `favicon` varchar(255) CHARACTER SET utf8mb4 COLLATE utf8mb4_unicode_ci DEFAULT NULL,
  `contact_email` varchar(191) CHARACTER SET utf8mb4 COLLATE utf8mb4_unicode_ci DEFAULT NULL,
  `enable_save_contact_message` int NOT NULL DEFAULT '1',
  `text_direction` varchar(255) CHARACTER SET utf8mb4 COLLATE utf8mb4_unicode_ci NOT NULL DEFAULT 'LTR',
  `timezone` varchar(255) CHARACTER SET utf8mb4 COLLATE utf8mb4_unicode_ci DEFAULT NULL,
  `sidebar_lg_header` varchar(255) CHARACTER SET utf8mb4 COLLATE utf8mb4_unicode_ci DEFAULT NULL,
  `sidebar_sm_header` varchar(255) CHARACTER SET utf8mb4 COLLATE utf8mb4_unicode_ci DEFAULT NULL,
  `topbar_phone` varchar(191) CHARACTER SET utf8mb4 COLLATE utf8mb4_unicode_ci DEFAULT NULL,
  `topbar_email` varchar(191) CHARACTER SET utf8mb4 COLLATE utf8mb4_unicode_ci NOT NULL,
  `currency_name` varchar(191) CHARACTER SET utf8mb4 COLLATE utf8mb4_unicode_ci DEFAULT NULL,
  `currency_icon` varchar(191) CHARACTER SET utf8mb4 COLLATE utf8mb4_unicode_ci DEFAULT NULL,
  `currency_rate` double NOT NULL DEFAULT '1',
  `theme_one` varchar(191) CHARACTER SET utf8mb4 COLLATE utf8mb4_unicode_ci NOT NULL,
  `theme_two` varchar(191) CHARACTER SET utf8mb4 COLLATE utf8mb4_unicode_ci NOT NULL,
  `pre_notification_day` int NOT NULL DEFAULT '5',
  `version` varchar(255) CHARACTER SET utf8mb4 COLLATE utf8mb4_unicode_ci DEFAULT NULL,
  `created_at` timestamp NULL DEFAULT NULL,
  `updated_at` timestamp NULL DEFAULT NULL,
  PRIMARY KEY (`id`)
) ENGINE=InnoDB AUTO_INCREMENT=2 DEFAULT CHARSET=utf8mb4 COLLATE=utf8mb4_unicode_ci;

--
-- Dumping data for table `settings`
--

INSERT INTO `settings` (`id`, `maintenance_mode`, `logo`, `footer_logo`, `favicon`, `contact_email`, `enable_save_contact_message`, `text_direction`, `timezone`, `sidebar_lg_header`, `sidebar_sm_header`, `topbar_phone`, `topbar_email`, `currency_name`, `currency_icon`, `currency_rate`, `theme_one`, `theme_two`, `pre_notification_day`, `version`, `created_at`, `updated_at`) VALUES
(1, 1, 'uploads/website-images/logo-2022-11-01-02-09-12-2273.png', 'uploads/website-images/logo-2022-11-01-02-12-48-3151.png', 'uploads/website-images/favicon-2022-11-01-02-09-12-8936.png', 'contact.withus@gmail.com', 1, 'ltr', 'Asia/Dhaka', 'TopLand', 'TL', '+1347-430-9510', 'websolutionus1@gmail.com', 'USD', '$', 85.76, '#f02c2d', '#0a547a', 6, '3.1', NULL, '2023-10-30 23:52:59');

-- --------------------------------------------------------

--
-- Table structure for table `sliders`
--

CREATE TABLE IF NOT EXISTS `sliders` (
  `id` bigint UNSIGNED NOT NULL AUTO_INCREMENT,
  `title` text CHARACTER SET utf8mb4 COLLATE utf8mb4_unicode_ci,
  `image` varchar(255) CHARACTER SET utf8mb4 COLLATE utf8mb4_unicode_ci DEFAULT NULL,
  `status` int NOT NULL DEFAULT '0',
  `serial` int NOT NULL DEFAULT '0',
  `created_at` timestamp NULL DEFAULT NULL,
  `updated_at` timestamp NULL DEFAULT NULL,
  PRIMARY KEY (`id`)
) ENGINE=InnoDB AUTO_INCREMENT=5 DEFAULT CHARSET=utf8mb4 COLLATE=utf8mb4_unicode_ci;

--
-- Dumping data for table `sliders`
--

INSERT INTO `sliders` (`id`, `title`, `image`, `status`, `serial`, `created_at`, `updated_at`) VALUES
(1, 'Trendy House Interior', 'uploads/custom-images/slider-2022-11-01-01-27-08-1117.jpg', 1, 1, '2022-09-20 03:55:57', '2022-11-01 07:27:08'),
(2, 'Luxury Gymnasium Club', 'uploads/custom-images/slider-2022-11-01-01-27-24-6062.jpg', 1, 2, '2022-09-20 03:57:41', '2022-11-01 07:27:25');

-- --------------------------------------------------------

--
-- Table structure for table `slider_translations`
--

CREATE TABLE IF NOT EXISTS `slider_translations` (
  `id` bigint UNSIGNED NOT NULL AUTO_INCREMENT,
  `slider_id` bigint UNSIGNED NOT NULL,
  `language_code` varchar(255) CHARACTER SET utf8mb4 COLLATE utf8mb4_unicode_ci NOT NULL,
  `title` text CHARACTER SET utf8mb4 COLLATE utf8mb4_unicode_ci,
  `created_at` timestamp NULL DEFAULT NULL,
  `updated_at` timestamp NULL DEFAULT NULL,
  PRIMARY KEY (`id`)
) ENGINE=InnoDB AUTO_INCREMENT=7 DEFAULT CHARSET=utf8mb4 COLLATE=utf8mb4_unicode_ci;

--
-- Dumping data for table `slider_translations`
--

INSERT INTO `slider_translations` (`id`, `slider_id`, `language_code`, `title`, `created_at`, `updated_at`) VALUES
(1, 1, 'en', 'Trendy House Interior', '2023-10-26 05:00:07', '2023-10-26 05:00:07'),
(2, 2, 'en', 'Luxury Gymnasium Club', '2023-10-26 05:00:09', '2023-10-26 05:00:09'),
(3, 1, 'ar', 'تصميم المنزل العصري', '2023-10-26 05:00:10', '2023-10-26 05:00:11'),
(4, 2, 'ar', 'نادي رياضي فاخر', '2023-10-26 05:00:14', '2023-10-26 05:00:14'),
(5, 1, 'bn', 'ট্রেন্ডি হাউস ইন্টেরিয়র', '2023-10-26 05:00:23', '2023-10-26 05:00:24'),
(6, 2, 'bn', 'বিলাসবহুল জিমনেসিয়াম ক্লাব', '2023-10-26 05:00:27', '2023-10-26 05:00:27');

-- --------------------------------------------------------

--
-- Table structure for table `tawk_chats`
--

CREATE TABLE IF NOT EXISTS `tawk_chats` (
  `id` bigint UNSIGNED NOT NULL AUTO_INCREMENT,
  `chat_link` varchar(255) CHARACTER SET utf8mb4 COLLATE utf8mb4_unicode_ci DEFAULT NULL,
  `status` int NOT NULL DEFAULT '1',
  `created_at` timestamp NULL DEFAULT NULL,
  `updated_at` timestamp NULL DEFAULT NULL,
  PRIMARY KEY (`id`)
) ENGINE=InnoDB AUTO_INCREMENT=2 DEFAULT CHARSET=utf8mb4 COLLATE=utf8mb4_unicode_ci;

--
-- Dumping data for table `tawk_chats`
--

INSERT INTO `tawk_chats` (`id`, `chat_link`, `status`, `created_at`, `updated_at`) VALUES
(1, 'https://embed.tawk.to/612dc781d6e7610a49b2d444/1ghqn6d6s', 1, NULL, '2022-11-14 09:24:18');

-- --------------------------------------------------------

--
-- Table structure for table `terms_and_conditions`
--

CREATE TABLE IF NOT EXISTS `terms_and_conditions` (
  `id` bigint UNSIGNED NOT NULL AUTO_INCREMENT,
  `terms_and_condition` longtext CHARACTER SET utf8mb4 COLLATE utf8mb4_unicode_ci,
  `privacy_policy` longtext CHARACTER SET utf8mb4 COLLATE utf8mb4_unicode_ci,
  `created_at` timestamp NULL DEFAULT NULL,
  `updated_at` timestamp NULL DEFAULT NULL,
  PRIMARY KEY (`id`)
) ENGINE=InnoDB AUTO_INCREMENT=2 DEFAULT CHARSET=utf8mb4 COLLATE=utf8mb4_unicode_ci;

--
-- Dumping data for table `terms_and_conditions`
--

INSERT INTO `terms_and_conditions` (`id`, `terms_and_condition`, `privacy_policy`, `created_at`, `updated_at`) VALUES
(1, '<p>Consetetur definitionem cu mea, usu legere minimum ne. Pro epicurei constituam ne, atqui lucilius indoctum nam id. Eu timeam volumus vel, eos te movet complectitur, te causae saperet eam. Minimum probatus vim te, eu eum ancillae mentitum comprehensam. Tantas decore adipisci vix no.</p>\r\n\r\n<p>Ut qui eligendi urbanitas. Assum periculis te mel, libris quidam te sit. Qui nisl nemore eleifend id, in illud ullum sea. Ut nusquam sapientem comprehensam ius. His molestie complectitur ex.</p>\r\n\r\n<p>Ei usu malis aeque efficiantur. Mazim dolor denique duo ad, augue ornatus sententiae vel at, duo id sumo vulputate. His legimus assueverit ut, commune maluisset deterruisset id mel. Oblique volumus eos ut, quo autem posidonium definitiones cu. Cu usu lorem consul concludaturque, pro ea fuisset consectetuer. Ex aeterno forensibus has, dicta propriae est ei, ex alterum apeirian quo.</p>\r\n\r\n<p>Pri tempor appareat no, eruditi repudiandae vix at. Eos at brute omnesque voluptaria, facer putent intellegam eu pri. Mei debitis ullamcorper eu, at quo idque mundi. Vis in suas porro consequat, nec ad dolor adversarium, ut praesent cotidieque sit. Veniam civibus omittantur duo ut, te his alterum complectitur. Mea omnis oratio impedit ne.</p>\r\n\r\n<p>In vim natum soleat nostro, pri in eloquentiam contentiones. Eu sit sapientem reprehendunt, omnis aliquid eu eos. No quot illum veniam est, ne pro iudico saperet mnesarchum. Ea pri nostro disputando contentiones, eu nec menandri qualisque, vis ex equidem invidunt. Et accusam detracto splendide per, congue meliore id sea. Has eu aeterno patrioque expetendis, mel ei dissentiet reformidans.</p>\r\n\r\n<p>Sint dignissim consectetuer nec et, per ad probatus referrentur, vel cu consequat sententiae. Ad duis fugit dictas mea, et cum stet oratio cetero. Ne pri omittam fastidii. No per harum dicant neglegentur, sea ei esse volumus adolescens. Nulla argumentum at pri, vel apeirian principes in. An dicam dicant consul mea, ne per option appetere argumentum, vim legere senserit et.</p>\r\n\r\n<p>Te soleat legendos molestiae cum. Tale sanctus invidunt cu per, quo at modo recteque elaboraret. Ex mazim homero per. Eu nec exerci doctus, cu mei oblique copiosae. Consul diceret usu ne.</p>\r\n\r\n<p>Usu ad solet diceret, usu at appetere percipit appellantur, te est primis audire gloriatur. Scripta noluisse no mel, vis ne decore ridens labitur. Stet erant saepe eu mea. An mel dolore salutandi abhorreant. An quo aliquip maluisset, mea quaeque indoctum in, pro augue veritus praesent te.</p>\r\n\r\n<p>Appetere fabellas ius te. Nonumes splendide deseruisse ea vis, alii velit vel eu. Eos ut scaevola platonem rationibus. Vis natum vivendo sententiae in, ea aperiam apeirian pri, in partem eleifend quo. Pro ex nobis utinam, nam et vidit numquam fastidii, ne per munere adolescens.</p>\r\n\r\n<p>Ipsum volumus pertinax mea ut, eu erat tacimates nam. Tibique copiosae verterem mea no, eam ex melius option, soluta timeam et his. Sit simul gubergren reformidans id, amet minimum nominavi eos ea. Et augue dicta vix. Mea ne utamur referrentur.</p>\r\n\r\n<p>Per ex vero nonumy. Ius eu doming nominavi mediocrem, aliquid efficiantur no vim, sanctus admodum mnesarchum ad pro. No sea invidunt partiendo. No postea numquam ocurreret duo, unum abhorreant cu nam, fugit fastidii percipitur nam id.</p>', '<p>Per ex vero nonumy. Ius eu doming nominavi mediocrem, aliquid efficiantur no vim, sanctus admodum mnesarchum ad pro. No sea invidunt partiendo. No postea numquam ocurreret duo, unum abhorreant cu nam, fugit fastidii percipitur nam id.</p>\r\n\r\n<p>Sit vivendum eleifend adipiscing ea. Modus legere suscipiantur an vel, melius patrioque est cu, eum at audire probatus repudiandae. Ei tempor definitiones eam, sea dico omnium ne. Eam ad ubique tincidunt elaboraret, malis aperiri sit et. Ut quo vero inimicus. Sed at munere fuisset noluisse, eleifend senserit an vix.</p>\r\n\r\n<p>Te soleat legendos molestiae cum. Tale sanctus invidunt cu per, quo at modo recteque elaboraret. Ex mazim homero per. Eu nec exerci doctus, cu mei oblique copiosae. Consul diceret usu ne.</p>\r\n\r\n<p>Usu ad solet diceret, usu at appetere percipit appellantur, te est primis audire gloriatur. Scripta noluisse no mel, vis ne decore ridens labitur. Stet erant saepe eu mea. An mel dolore salutandi abhorreant. An quo aliquip maluisset, mea quaeque indoctum in, pro augue veritus praesent te.</p>\r\n\r\n<p>Vim exerci sadipscing in, est simul recteque ei, dictas repudiandae comprehensam cu usu. Te melius veritus tibique pri. Sea nonumy euismod deserunt te. Ad ius nullam malorum assueverit.</p>\r\n\r\n<p>Vim et alterum ornatus vivendum, ut mea solum repudiare. His etiam delenit tibique no, ad harum omnes scribentur qui, ne wisi detracto his. Ei movet accusam pri. Ex vel diam quas urbanitas, ne has velit affert habemus. At quis nonumy disputando nec, falli scaevola vel ea. Omittantur concludaturque nam eu, ex est vocent virtute.</p>\r\n\r\n<p>In vim natum soleat nostro, pri in eloquentiam contentiones. Eu sit sapientem reprehendunt, omnis aliquid eu eos. No quot illum veniam est, ne pro iudico saperet mnesarchum. Ea pri nostro disputando contentiones, eu nec menandri qualisque, vis ex equidem invidunt. Et accusam detracto splendide per, congue meliore id sea. Has eu aeterno patrioque expetendis, mel ei dissentiet reformidans.</p>\r\n\r\n<p>Meliore inimicus duo ut, tation veritus elaboraret eam cu. Cum in alii agam aliquip, aperiam salutandi et per. Ex vis summo probatus ocurreret, ex assum sententiae pri, blandit sensibus moderatius ei eos. Vix nobis phaedrum neglegentur et.</p>', '2022-09-20 08:23:13', '2022-11-03 10:45:53');

-- --------------------------------------------------------

--
-- Table structure for table `terms_and_condition_translations`
--

CREATE TABLE IF NOT EXISTS `terms_and_condition_translations` (
  `id` bigint UNSIGNED NOT NULL AUTO_INCREMENT,
  `terms_and_condition_id` bigint UNSIGNED NOT NULL,
  `language_code` varchar(255) CHARACTER SET utf8mb4 COLLATE utf8mb4_unicode_ci NOT NULL,
  `terms_and_condition` longtext CHARACTER SET utf8mb4 COLLATE utf8mb4_unicode_ci,
  `privacy_policy` longtext CHARACTER SET utf8mb4 COLLATE utf8mb4_unicode_ci,
  `created_at` timestamp NULL DEFAULT NULL,
  `updated_at` timestamp NULL DEFAULT NULL,
  PRIMARY KEY (`id`)
) ENGINE=InnoDB AUTO_INCREMENT=4 DEFAULT CHARSET=utf8mb4 COLLATE=utf8mb4_unicode_ci;

--
-- Dumping data for table `terms_and_condition_translations`
--

INSERT INTO `terms_and_condition_translations` (`id`, `terms_and_condition_id`, `language_code`, `terms_and_condition`, `privacy_policy`, `created_at`, `updated_at`) VALUES
(1, 1, 'en', '<p>Consetetur definitionem cu mea, usu legere minimum ne. Pro epicurei constituam ne, atqui lucilius indoctum nam id. Eu timeam volumus vel, eos te movet complectitur, te causae saperet eam. Minimum probatus vim te, eu eum ancillae mentitum comprehensam. Tantas decore adipisci vix no.</p>\r\n\r\n<p>Ut qui eligendi urbanitas. Assum periculis te mel, libris quidam te sit. Qui nisl nemore eleifend id, in illud ullum sea. Ut nusquam sapientem comprehensam ius. His molestie complectitur ex.</p>\r\n\r\n<p>Ei usu malis aeque efficiantur. Mazim dolor denique duo ad, augue ornatus sententiae vel at, duo id sumo vulputate. His legimus assueverit ut, commune maluisset deterruisset id mel. Oblique volumus eos ut, quo autem posidonium definitiones cu. Cu usu lorem consul concludaturque, pro ea fuisset consectetuer. Ex aeterno forensibus has, dicta propriae est ei, ex alterum apeirian quo.</p>\r\n\r\n<p>Pri tempor appareat no, eruditi repudiandae vix at. Eos at brute omnesque voluptaria, facer putent intellegam eu pri. Mei debitis ullamcorper eu, at quo idque mundi. Vis in suas porro consequat, nec ad dolor adversarium, ut praesent cotidieque sit. Veniam civibus omittantur duo ut, te his alterum complectitur. Mea omnis oratio impedit ne.</p>\r\n\r\n<p>In vim natum soleat nostro, pri in eloquentiam contentiones. Eu sit sapientem reprehendunt, omnis aliquid eu eos. No quot illum veniam est, ne pro iudico saperet mnesarchum. Ea pri nostro disputando contentiones, eu nec menandri qualisque, vis ex equidem invidunt. Et accusam detracto splendide per, congue meliore id sea. Has eu aeterno patrioque expetendis, mel ei dissentiet reformidans.</p>\r\n\r\n<p>Sint dignissim consectetuer nec et, per ad probatus referrentur, vel cu consequat sententiae. Ad duis fugit dictas mea, et cum stet oratio cetero. Ne pri omittam fastidii. No per harum dicant neglegentur, sea ei esse volumus adolescens. Nulla argumentum at pri, vel apeirian principes in. An dicam dicant consul mea, ne per option appetere argumentum, vim legere senserit et.</p>\r\n\r\n<p>Te soleat legendos molestiae cum. Tale sanctus invidunt cu per, quo at modo recteque elaboraret. Ex mazim homero per. Eu nec exerci doctus, cu mei oblique copiosae. Consul diceret usu ne.</p>\r\n\r\n<p>Usu ad solet diceret, usu at appetere percipit appellantur, te est primis audire gloriatur. Scripta noluisse no mel, vis ne decore ridens labitur. Stet erant saepe eu mea. An mel dolore salutandi abhorreant. An quo aliquip maluisset, mea quaeque indoctum in, pro augue veritus praesent te.</p>\r\n\r\n<p>Appetere fabellas ius te. Nonumes splendide deseruisse ea vis, alii velit vel eu. Eos ut scaevola platonem rationibus. Vis natum vivendo sententiae in, ea aperiam apeirian pri, in partem eleifend quo. Pro ex nobis utinam, nam et vidit numquam fastidii, ne per munere adolescens.</p>\r\n\r\n<p>Ipsum volumus pertinax mea ut, eu erat tacimates nam. Tibique copiosae verterem mea no, eam ex melius option, soluta timeam et his. Sit simul gubergren reformidans id, amet minimum nominavi eos ea. Et augue dicta vix. Mea ne utamur referrentur.</p>\r\n\r\n<p>Per ex vero nonumy. Ius eu doming nominavi mediocrem, aliquid efficiantur no vim, sanctus admodum mnesarchum ad pro. No sea invidunt partiendo. No postea numquam ocurreret duo, unum abhorreant cu nam, fugit fastidii percipitur nam id.</p>', '<p>Per ex vero nonumy. Ius eu doming nominavi mediocrem, aliquid efficiantur no vim, sanctus admodum mnesarchum ad pro. No sea invidunt partiendo. No postea numquam ocurreret duo, unum abhorreant cu nam, fugit fastidii percipitur nam id.</p>\r\n\r\n<p>Sit vivendum eleifend adipiscing ea. Modus legere suscipiantur an vel, melius patrioque est cu, eum at audire probatus repudiandae. Ei tempor definitiones eam, sea dico omnium ne. Eam ad ubique tincidunt elaboraret, malis aperiri sit et. Ut quo vero inimicus. Sed at munere fuisset noluisse, eleifend senserit an vix.</p>\r\n\r\n<p>Te soleat legendos molestiae cum. Tale sanctus invidunt cu per, quo at modo recteque elaboraret. Ex mazim homero per. Eu nec exerci doctus, cu mei oblique copiosae. Consul diceret usu ne.</p>\r\n\r\n<p>Usu ad solet diceret, usu at appetere percipit appellantur, te est primis audire gloriatur. Scripta noluisse no mel, vis ne decore ridens labitur. Stet erant saepe eu mea. An mel dolore salutandi abhorreant. An quo aliquip maluisset, mea quaeque indoctum in, pro augue veritus praesent te.</p>\r\n\r\n<p>Vim exerci sadipscing in, est simul recteque ei, dictas repudiandae comprehensam cu usu. Te melius veritus tibique pri. Sea nonumy euismod deserunt te. Ad ius nullam malorum assueverit.</p>\r\n\r\n<p>Vim et alterum ornatus vivendum, ut mea solum repudiare. His etiam delenit tibique no, ad harum omnes scribentur qui, ne wisi detracto his. Ei movet accusam pri. Ex vel diam quas urbanitas, ne has velit affert habemus. At quis nonumy disputando nec, falli scaevola vel ea. Omittantur concludaturque nam eu, ex est vocent virtute.</p>\r\n\r\n<p>In vim natum soleat nostro, pri in eloquentiam contentiones. Eu sit sapientem reprehendunt, omnis aliquid eu eos. No quot illum veniam est, ne pro iudico saperet mnesarchum. Ea pri nostro disputando contentiones, eu nec menandri qualisque, vis ex equidem invidunt. Et accusam detracto splendide per, congue meliore id sea. Has eu aeterno patrioque expetendis, mel ei dissentiet reformidans.</p>\r\n\r\n<p>Meliore inimicus duo ut, tation veritus elaboraret eam cu. Cum in alii agam aliquip, aperiam salutandi et per. Ex vis summo probatus ocurreret, ex assum sententiae pri, blandit sensibus moderatius ei eos. Vix nobis phaedrum neglegentur et.</p>', '2023-10-22 05:41:21', '2023-10-22 06:11:11'),
(2, 1, 'bn', '<p>Consetetur definitionem cu mea, usu legere minimum ne. Pro epicurei constituam ne, atqui lucilius indoctum nam id. Eu timeam volumus vel, eos te movet complectitur, te causae saperet eam. Minimum probatus vim te, eu eum ancillae mentitum comprehensam. Tantas decore adipisci vix no.</p><p>Ut qui eligendi urbanitas. Assum periculis te mel, libris quidam te sit. Qui nisl nemore eleifend id, in illud ullum sea. Ut nusquam sapientem comprehensam ius. His molestie complectitur ex.</p><p>Ei usu malis aeque efficiantur. Mazim dolor denique duo ad, augue ornatus sententiae vel at, duo id sumo vulputate. His legimus assueverit ut, commune maluisset deterruisset id mel. Oblique volumus eos ut, quo autem posidonium definitiones cu. Cu usu lorem consul concludaturque, pro ea fuisset consectetuer. Ex aeterno forensibus has, dicta propriae est ei, ex alterum apeirian quo.</p><p>Pri tempor appareat no, eruditi repudiandae vix at. Eos at brute omnesque voluptaria, facer putent intellegam eu pri. Mei debitis ullamcorper eu, at quo idque mundi. Vis in suas porro consequat, nec ad dolor adversarium, ut praesent cotidieque sit. Veniam civibus omittantur duo ut, te his alterum complectitur. Mea omnis oratio impedit ne.</p><p>In vim natum soleat nostro, pri in eloquentiam contentiones. Eu sit sapientem reprehendunt, omnis aliquid eu eos. No quot illum veniam est, ne pro iudico saperet mnesarchum. Ea pri nostro disputando contentiones, eu nec menandri qualisque, vis ex equidem invidunt. Et accusam detracto splendide per, congue meliore id sea. Has eu aeterno patrioque expetendis, mel ei dissentiet reformidans.</p><p>Sint dignissim consectetuer nec et, per ad probatus referrentur, vel cu consequat sententiae. Ad duis fugit dictas mea, et cum stet oratio cetero. Ne pri omittam fastidii. No per harum dicant neglegentur, sea ei esse volumus adolescens. Nulla argumentum at pri, vel apeirian principes in. An dicam dicant consul mea, ne per option appetere argumentum, vim legere senserit et.</p><p>Te soleat legendos molestiae cum. Tale sanctus invidunt cu per, quo at modo recteque elaboraret. Ex mazim homero per. Eu nec exerci doctus, cu mei oblique copiosae. Consul diceret usu ne.</p><p>Usu ad solet diceret, usu at appetere percipit appellantur, te est primis audire gloriatur. Scripta noluisse no mel, vis ne decore ridens labitur. Stet erant saepe eu mea. An mel dolore salutandi abhorreant. An quo aliquip maluisset, mea quaeque indoctum in, pro augue veritus praesent te.</p><p>Appetere fabellas ius te. Nonumes splendide deseruisse ea vis, alii velit vel eu. Eos ut scaevola platonem rationibus. Vis natum vivendo sententiae in, ea aperiam apeirian pri, in partem eleifend quo. Pro ex nobis utinam, nam et vidit numquam fastidii, ne per munere adolescens.</p><p>Ipsum volumus pertinax mea ut, eu erat tacimates nam. Tibique copiosae verterem mea no, eam ex melius option, soluta timeam et his. Sit simul gubergren reformidans id, amet minimum nominavi eos ea. Et augue dicta vix. Mea ne utamur referrentur.</p><p>Per ex vero nonumy. Ius eu doming nominavi mediocrem, aliquid efficiantur no vim, sanctus admodum mnesarchum ad pro. No sea invidunt partiendo. No postea numquam ocurreret duo, unum abhorreant cu nam, fugit fastidii percipitur nam id.</p>', '<p>প্রাইভেসি পলিসি</p>', '2023-10-22 05:41:26', '2023-10-22 06:11:22'),
(3, 1, 'ar', NULL, NULL, '2023-10-31 06:03:20', '2023-10-31 06:03:20');

-- --------------------------------------------------------

--
-- Table structure for table `testimonials`
--

CREATE TABLE IF NOT EXISTS `testimonials` (
  `id` bigint UNSIGNED NOT NULL AUTO_INCREMENT,
  `name` varchar(255) CHARACTER SET utf8mb4 COLLATE utf8mb4_unicode_ci NOT NULL,
  `designation` varchar(255) CHARACTER SET utf8mb4 COLLATE utf8mb4_unicode_ci NOT NULL,
  `image` varchar(255) CHARACTER SET utf8mb4 COLLATE utf8mb4_unicode_ci NOT NULL,
  `comment` text CHARACTER SET utf8mb4 COLLATE utf8mb4_unicode_ci NOT NULL,
  `status` int NOT NULL,
  `created_at` timestamp NULL DEFAULT NULL,
  `updated_at` timestamp NULL DEFAULT NULL,
  PRIMARY KEY (`id`)
) ENGINE=InnoDB AUTO_INCREMENT=8 DEFAULT CHARSET=utf8mb4 COLLATE=utf8mb4_unicode_ci;

--
-- Dumping data for table `testimonials`
--

INSERT INTO `testimonials` (`id`, `name`, `designation`, `image`, `comment`, `status`, `created_at`, `updated_at`) VALUES
(2, 'John Doe', 'CEO', 'uploads/custom-images/john-doe-20221102033423.png', 'As a digital marketing agency our team works day in and day out on websites of all kinds. Some of the most common errors we see are websites not optimized for SEO because of old, boring, or out of date website themes or designs.', 1, NULL, '2022-11-02 09:34:23'),
(3, 'Michael', 'CEO', 'uploads/custom-images/michael-20221102033501.png', 'Almost every imaginable design is possible and customizations are allowed on every level. Some features could make use of better controls. If you know how to operate your mouse, then you are all set to use this pagebuilder.', 1, '2022-07-31 10:57:20', '2022-11-02 09:35:01'),
(5, 'James Robert', 'CEO', 'uploads/custom-images/james-robert-20221107104238.jpg', 'It is a long established fact that a reader will be distracted by the readable content of a page when looking at its layout. The point of using Lorem Ipsum is that it has a more-or-less normal distribution of letters, as opposed to using \'Content here, content here\', making it look like readable English', 1, '2022-09-25 09:12:27', '2022-11-07 04:42:38'),
(6, 'Mary 	Patricia', 'CEO', 'uploads/custom-images/mary-patricia-20221107104010.jpg', 'It is a long established fact that a reader will be distracted by the readable content of a page when looking at its layout. The point of using Lorem Ipsum is that it has a more-or-less normal distribution of letters, as opposed to using \'Content here, content here\', making it look like readable English', 1, '2022-09-25 09:13:48', '2022-11-07 04:40:10');

-- --------------------------------------------------------

--
-- Table structure for table `testimonial_translations`
--

CREATE TABLE IF NOT EXISTS `testimonial_translations` (
  `id` bigint UNSIGNED NOT NULL AUTO_INCREMENT,
  `testimonial_id` bigint UNSIGNED NOT NULL,
  `language_code` varchar(255) CHARACTER SET utf8mb4 COLLATE utf8mb4_unicode_ci NOT NULL,
  `name` varchar(255) CHARACTER SET utf8mb4 COLLATE utf8mb4_unicode_ci DEFAULT NULL,
  `designation` varchar(255) CHARACTER SET utf8mb4 COLLATE utf8mb4_unicode_ci DEFAULT NULL,
  `comment` text CHARACTER SET utf8mb4 COLLATE utf8mb4_unicode_ci,
  `created_at` timestamp NULL DEFAULT NULL,
  `updated_at` timestamp NULL DEFAULT NULL,
  PRIMARY KEY (`id`)
) ENGINE=InnoDB AUTO_INCREMENT=10 DEFAULT CHARSET=utf8mb4 COLLATE=utf8mb4_unicode_ci;

--
-- Dumping data for table `testimonial_translations`
--

INSERT INTO `testimonial_translations` (`id`, `testimonial_id`, `language_code`, `name`, `designation`, `comment`, `created_at`, `updated_at`) VALUES
(1, 2, 'en', 'John Doe', 'CEO', 'As a digital marketing agency our team works day in and day out on websites of all kinds. Some of the most common errors we see are websites not optimized for SEO because of old, boring, or out of date website themes or designs.', '2023-10-23 09:42:49', '2023-10-23 09:42:49'),
(2, 2, 'bn', 'জন ডো', 'সিইও', 'একটি ডিজিটাল মার্কেটিং এজেন্সি হিসেবে আমাদের দল সব ধরনের ওয়েবসাইটে দিন দিন কাজ করে। কিছু সাধারণ ত্রুটি আমরা দেখতে পাই যেগুলি পুরানো, বিরক্তিকর, বা পুরানো ওয়েবসাইট থিম বা ডিজাইনের কারণে SEO এর জন্য অপ্টিমাইজ করা হয়নি।', '2023-10-23 09:43:00', '2023-10-23 09:43:01'),
(3, 3, 'bn', 'মাইকেল', 'সিইও', 'প্রায় প্রতিটি কল্পনাযোগ্য নকশা সম্ভব এবং প্রতিটি স্তরে কাস্টমাইজেশন অনুমোদিত। কিছু বৈশিষ্ট্য আরও ভাল নিয়ন্ত্রণ ব্যবহার করতে পারে। আপনি যদি জানেন কিভাবে আপনার মাউস অপারেট করতে হয়, তাহলে আপনি এই পেজ বিল্ডার ব্যবহার করার জন্য প্রস্তুত।', '2023-10-23 09:43:05', '2023-10-23 09:43:06'),
(4, 5, 'bn', 'জেমস রবার্ট', 'সিইও', 'এটি একটি দীর্ঘ প্রতিষ্ঠিত সত্য যে একটি পাঠক একটি পৃষ্ঠার পাঠযোগ্য বিষয়বস্তু দ্বারা বিভ্রান্ত হবে যখন এটির বিন্যাসটি দেখবে। Lorem Ipsum ব্যবহার করার বিষয় হল যে এটিতে \'কন্টেন্ট এখানে, এখানে বিষয়বস্তু\' ব্যবহার করার বিপরীতে অক্ষরগুলির একটি কম-বেশি স্বাভাবিক বন্টন রয়েছে, এটিকে পঠনযোগ্য ইংরেজির মতো দেখায়', '2023-10-23 09:43:13', '2023-10-23 09:43:13'),
(5, 6, 'bn', 'মেরি প্যাট্রিসিয়া', 'সিইও', 'এটি একটি দীর্ঘ প্রতিষ্ঠিত সত্য যে একটি পাঠক একটি পৃষ্ঠার পাঠযোগ্য বিষয়বস্তু দ্বারা বিভ্রান্ত হবে যখন এটির বিন্যাসটি দেখবে। Lorem Ipsum ব্যবহার করার বিষয় হল যে এটিতে \'কন্টেন্ট এখানে, এখানে কন্টেন্ট\' ব্যবহার করার বিপরীতে অক্ষরগুলির একটি কম-বেশি স্বাভাবিক বন্টন রয়েছে, এটিকে পঠনযোগ্য ইংরেজির মতো দেখায়', '2023-10-23 09:43:16', '2023-10-23 09:43:17'),
(6, 2, 'ar', 'فلان الفلاني', 'المدير التنفيذي', 'باعتبارنا وكالة تسويق رقمي، يعمل فريقنا يومًا بعد يوم على مواقع الويب بجميع أنواعها. بعض الأخطاء الأكثر شيوعًا التي نراها هي مواقع الويب غير المُحسّنة لتحسين محركات البحث بسبب سمات أو تصميمات مواقع الويب القديمة أو المملة أو القديمة.', '2023-10-31 06:01:22', '2023-10-31 06:01:22'),
(7, 3, 'ar', 'ميخائيل', 'المدير التنفيذي', 'أصبح كل تصميم يمكن تخيله تقريبًا ممكنًا، كما يُسمح بالتخصيصات على كل المستويات. يمكن لبعض الميزات الاستفادة من عناصر تحكم أفضل. إذا كنت تعرف كيفية تشغيل الماوس، فأنت جاهز تمامًا لاستخدام أداة إنشاء الصفحات هذه.', '2023-10-31 06:01:22', '2023-10-31 06:01:23'),
(8, 5, 'ar', 'جيمس روبرت', 'المدير التنفيذي', 'إنها حقيقة مثبتة منذ زمن طويل أن المحتوى المقروء للصفحة سوف يشتت انتباه القارئ عند النظر إلى تخطيطها. المغزى من استخدام لوريم إيبسوم هو أنه يحتوي على توزيع طبيعي إلى حدٍ ما للأحرف، بدلاً من استخدام \"المحتوى هنا، المحتوى هنا\"، مما يجعله يبدو وكأنه إنجليزي قابل للقراءة', '2023-10-31 06:01:23', '2023-10-31 06:01:24'),
(9, 6, 'ar', 'ماري باتريشيا', 'المدير التنفيذي', 'إنها حقيقة مثبتة منذ زمن طويل أن المحتوى المقروء للصفحة سوف يشتت انتباه القارئ عند النظر إلى تخطيطها. المغزى من استخدام لوريم إيبسوم هو أنه يحتوي على توزيع طبيعي إلى حدٍ ما للأحرف، بدلاً من استخدام \"المحتوى هنا، المحتوى هنا\"، مما يجعله يبدو وكأنه إنجليزي قابل للقراءة', '2023-10-31 06:01:23', '2023-10-31 06:01:24');

-- --------------------------------------------------------

--
-- Table structure for table `wishlists`
--

CREATE TABLE IF NOT EXISTS `wishlists` (
  `id` bigint UNSIGNED NOT NULL AUTO_INCREMENT,
  `user_id` int NOT NULL,
  `property_id` int NOT NULL,
  `created_at` timestamp NULL DEFAULT NULL,
  `updated_at` timestamp NULL DEFAULT NULL,
  PRIMARY KEY (`id`)
) ENGINE=InnoDB AUTO_INCREMENT=5 DEFAULT CHARSET=utf8mb4 COLLATE=utf8mb4_unicode_ci;

--
-- Dumping data for table `wishlists`
--

INSERT INTO `wishlists` (`id`, `user_id`, `property_id`, `created_at`, `updated_at`) VALUES
(1, 2, 12, '2022-11-02 08:52:47', '2022-11-02 08:52:47'),
(2, 2, 30, '2022-11-02 08:56:38', '2022-11-02 08:56:38'),
(4, 49, 32, '2023-10-26 05:04:31', '2023-10-26 05:04:31');

-- --------------------------------------------------------

--
-- Table structure for table `withdraw_methods`
--

CREATE TABLE IF NOT EXISTS `withdraw_methods` (
  `id` bigint UNSIGNED NOT NULL AUTO_INCREMENT,
  `name` varchar(255) CHARACTER SET utf8mb4 COLLATE utf8mb4_unicode_ci NOT NULL,
  `min_amount` double NOT NULL DEFAULT '0',
  `max_amount` double NOT NULL DEFAULT '0',
  `withdraw_charge` double NOT NULL DEFAULT '0',
  `description` text CHARACTER SET utf8mb4 COLLATE utf8mb4_unicode_ci,
  `status` int NOT NULL DEFAULT '1',
  `created_at` timestamp NULL DEFAULT NULL,
  `updated_at` timestamp NULL DEFAULT NULL,
  PRIMARY KEY (`id`)
) ENGINE=InnoDB DEFAULT CHARSET=utf8mb4 COLLATE=utf8mb4_unicode_ci;
COMMIT;

